-- https://www.phpmyadmin.net/
--

START TRANSACTION;



--
-- Database: `swiftnet`
--

-- --------------------------------------------------------

--
-- Table structure for table `failed_jobs`
--

CREATE TABLE `failed_jobs` (
  `id` bigint(20) UNSIGNED NOT NULL,
  `uuid` varchar(255) NOT NULL,
  `connection` text NOT NULL,
  `queue` text NOT NULL,
  `payload` longtext NOT NULL,
  `exception` longtext NOT NULL,
  `failed_at` timestamp NOT NULL DEFAULT current_timestamp()
) ENGINE=InnoDB DEFAULT CHARSET=utf8mb4 COLLATE=utf8mb4_unicode_ci;

-- --------------------------------------------------------

--
-- Table structure for table `ips`
--

CREATE TABLE `ips` (
  `id` bigint(20) UNSIGNED NOT NULL,
  `address` varchar(255) NOT NULL,
  `phone` varchar(255) NOT NULL,
  `created_at` timestamp NULL DEFAULT NULL,
  `updated_at` timestamp NULL DEFAULT NULL,
  `deleted_at` timestamp NULL DEFAULT NULL
) ENGINE=InnoDB DEFAULT CHARSET=utf8mb4 COLLATE=utf8mb4_unicode_ci;

-- --------------------------------------------------------

--
-- Table structure for table `logins`
--

CREATE TABLE `logins` (
  `id` bigint(20) UNSIGNED NOT NULL,
  `username` varchar(255) NOT NULL,
  `mac` varchar(255) NOT NULL,
  `address` varchar(255) NOT NULL,
  `created_at` timestamp NULL DEFAULT NULL,
  `updated_at` timestamp NULL DEFAULT NULL,
  `deleted_at` timestamp NULL DEFAULT NULL
) ENGINE=InnoDB DEFAULT CHARSET=utf8mb4 COLLATE=utf8mb4_unicode_ci;

-- --------------------------------------------------------

--
-- Table structure for table `messages`
--

CREATE TABLE `messages` (
  `id` bigint(20) UNSIGNED NOT NULL,
  `username` varchar(255) NOT NULL,
  `phone` varchar(255) NOT NULL,
  `email` varchar(255) NOT NULL,
  `status` varchar(44) DEFAULT NULL,
  `message` varchar(255) NOT NULL,
  `type` varchar(255) NOT NULL,
  `created_at` timestamp NULL DEFAULT NULL,
  `updated_at` timestamp NULL DEFAULT NULL,
  `deleted_at` timestamp NULL DEFAULT NULL
) ENGINE=InnoDB DEFAULT CHARSET=utf8mb4 COLLATE=utf8mb4_unicode_ci;

--
-- Dumping data for table `messages`
--

INSERT INTO `messages` (`id`, `username`, `phone`, `email`, `status`, `message`, `type`, `created_at`, `updated_at`, `deleted_at`) VALUES
(1, '', '0701000000', '', '1', 'test', '', NULL, '2023-10-18 17:48:46', '2023-10-18 17:48:46');

-- --------------------------------------------------------

--
-- Table structure for table `migrations`
--

CREATE TABLE `migrations` (
  `id` int(10) UNSIGNED NOT NULL,
  `migration` varchar(255) NOT NULL,
  `batch` int(11) NOT NULL
) ENGINE=InnoDB DEFAULT CHARSET=utf8mb4 COLLATE=utf8mb4_unicode_ci;

--
-- Dumping data for table `migrations`
--

INSERT INTO `migrations` (`id`, `migration`, `batch`) VALUES
(1, '2014_10_12_000000_create_users_table', 1),
(2, '2014_10_12_100000_create_password_resets_table', 1),
(3, '2019_08_19_000000_create_failed_jobs_table', 1),
(4, '2019_12_14_000001_create_personal_access_tokens_table', 1),
(5, '2020_05_21_100000_create_teams_table', 1),
(6, '2020_05_21_200000_create_team_user_table', 1),
(7, '2020_11_28_111829_create_sessions_table', 1),
(8, '2020_11_30_135658_create_payments_table', 1),
(9, '2020_11_30_140225_create_payment_clicks_table', 1),
(10, '2020_11_30_140418_create_ips_table', 1),
(11, '2020_11_30_160520_create_messages_table', 1),
(12, '2020_12_02_032604_create_packages_table', 1),
(13, '2020_12_02_032908_create_pppoe_packages_table', 1),
(14, '2021_06_14_230650_create_trials_table', 1),
(15, '2021_06_15_132816_create_logins_table', 1),
(16, '2023_10_13_174704_create_subscriptions_table', 1),
(17, '2023_10_14_175043_create_settings_table', 1),
(18, '2023_10_14_193151_add_size_and_unit', 1),
(19, '2023_10_14_200956_add_size_type', 1),
(20, '2023_10_14_201202_add_upload_speed', 1),
(21, '2023_10_14_213219_add_soft_deletes', 1),
(22, '2023_10_18_201717_create_sms_table', 2),
(23, '2023_11_29_130219_add_location', 3),
(24, '2023_11_29_131312_create_regions_table', 3),
(25, '2023_11_29_182454_create_tickets_table', 3),
(26, '2023_12_03_075733_create_wallets_table', 4);

-- --------------------------------------------------------

--
-- Table structure for table `packages`
--

CREATE TABLE `packages` (
  `id` bigint(20) UNSIGNED NOT NULL,
  `name` varchar(255) NOT NULL,
  `speed` varchar(255) DEFAULT NULL,
  `devices` varchar(255) DEFAULT NULL,
  `price` varchar(255) NOT NULL,
  `time` varchar(255) DEFAULT NULL,
  `description` varchar(1000) DEFAULT NULL,
  `status` varchar(255) NOT NULL DEFAULT '1',
  `created_at` timestamp NULL DEFAULT NULL,
  `updated_at` timestamp NULL DEFAULT NULL,
  `size` varchar(255) DEFAULT NULL,
  `unit` varchar(255) DEFAULT NULL,
  `type` varchar(255) NOT NULL,
  `local_address` varchar(500) DEFAULT NULL,
  `rate_limit` varchar(500) DEFAULT NULL,
  `remote_address` varchar(500) DEFAULT NULL,
  `upload_speed` varchar(255) DEFAULT NULL,
  `download_speed` varchar(255) DEFAULT NULL,
  `deleted_at` timestamp NULL DEFAULT NULL
) ENGINE=InnoDB DEFAULT CHARSET=utf8mb4 COLLATE=utf8mb4_unicode_ci;

--
-- Dumping data for table `packages`
--

INSERT INTO `packages` (`id`, `name`, `speed`, `devices`, `price`, `time`, `description`, `status`, `created_at`, `updated_at`, `size`, `unit`, `type`, `local_address`, `rate_limit`, `remote_address`, `upload_speed`, `download_speed`, `deleted_at`) VALUES
(35, '5 Mbps profile', NULL, NULL, '1500', NULL, NULL, '1', '2023-12-02 17:05:01', '2023-12-02 17:05:01', NULL, NULL, 'ppoe', '10.10.0.1', '5200k/5200k 7500k/7500k 5400k/5400k 30/30 8', 'PPPoE-Pool-1', NULL, NULL, NULL),
(37, '8 Mbps profile', NULL, NULL, '2000', NULL, NULL, '1', '2023-12-02 17:05:01', '2023-12-02 17:05:01', NULL, NULL, 'ppoe', '10.10.0.1', '8300k/8300k 10500k/10500k 8400k/8400k 30/30 8', 'PPPoE-Pool-1', NULL, NULL, NULL),
(38, '10 Mbps profile', NULL, NULL, '2500', NULL, NULL, '1', '2023-12-02 17:05:01', '2023-12-02 17:05:01', NULL, NULL, 'ppoe', '10.10.0.1', '10500k/10500k 15500k/15500k 10600k/10600k 30/30 8', 'PPPoE-Pool-2', NULL, NULL, NULL),
(40, '15 Mbps profile', NULL, NULL, '3000', NULL, NULL, '1', '2023-12-02 17:05:01', '2023-12-02 17:05:01', NULL, NULL, 'ppoe', '10.10.0.1', '15000k/15000k 19500k/19500k 15600k/15600k 30/30 8', 'PPPoE-Pool-2', NULL, NULL, NULL),
(41, '20 Mbps profile', NULL, NULL, '3500', NULL, NULL, '1', '2023-12-02 17:05:01', '2023-12-02 17:05:01', NULL, NULL, 'ppoe', '10.10.0.1', '20000k/20000k 25500k/25500k 20600k/20600k 30/30 8', 'PPPoE-Pool-2', NULL, NULL, NULL),
(42, '30 Mbps profile', NULL, NULL, '4000', NULL, NULL, '1', '2023-12-02 17:05:01', '2023-12-02 17:05:01', NULL, NULL, 'ppoe', '10.10.0.1', '30000k/30000k 35500k/35500k 30600k/30600k 30/30 8', 'PPPoE-Pool-2', NULL, NULL, NULL),
(50, 'name', NULL, NULL, 'price', NULL, NULL, '1', '2023-12-02 17:05:01', '2023-12-02 17:15:10', NULL, NULL, 'ppoe', 'local_address', 'rate_limit', 'remote_address', NULL, NULL, '2023-12-02 17:15:10'),
(51, '3 Mbps profile', NULL, NULL, '0', NULL, NULL, '1', '2023-12-02 17:05:01', '2023-12-02 17:05:01', NULL, NULL, 'ppoe', '10.10.0.1', '2200k/2200k 2800k/2800k 2300k/2300k 30/30 8', 'PPPoE-Pool-1', NULL, NULL, NULL),
(53, '7 Mbps profile', NULL, NULL, '2000', NULL, NULL, '1', '2023-12-02 17:05:01', '2023-12-02 17:05:01', NULL, NULL, 'ppoe', '10.10.0.1', '7500k/7500k 8500k/8500k 7600k/7600k 30/30 8', 'PPPoE-Pool-1', NULL, NULL, NULL),
(56, '13 Mbps profile', NULL, NULL, '3000', NULL, NULL, '1', '2023-12-02 17:05:01', '2023-12-02 17:05:01', NULL, NULL, 'ppoe', '10.10.0.1', '13500k/13500k 17500k/17500k 13600k/13600k 30/30 8', 'PPPoE-Pool-2', NULL, NULL, NULL),
(60, '40 Mbps profile', NULL, NULL, '0', NULL, NULL, '1', '2023-12-02 17:05:01', '2023-12-02 17:05:01', NULL, NULL, 'ppoe', '10.10.0.1', '48500k/48500k 55500k/55500k 48600k/48600k 30/30 8', 'PPPoE-Pool-2', NULL, NULL, NULL),
(61, '50 Mbps profile', NULL, NULL, '0', NULL, NULL, '1', '2023-12-02 17:05:01', '2023-12-02 17:05:01', NULL, NULL, 'ppoe', '10.10.0.1', '49000k/49000k', 'PPPoE-Pool-2', NULL, NULL, NULL),
(62, '100 Mbps profile', NULL, NULL, '0', NULL, NULL, '1', '2023-12-02 17:05:01', '2023-12-02 17:05:01', NULL, NULL, 'ppoe', '10.10.0.1', '50000k/50000k', 'PPPoE-Pool-2', NULL, NULL, NULL),
(63, 'Blocked', NULL, NULL, '0', NULL, NULL, '1', '2023-12-02 17:05:01', '2023-12-02 17:05:01', NULL, NULL, 'ppoe', '10.10.0.1', '128k/128k', 'PPPoE-Pool-2', NULL, NULL, NULL),
(64, 'Jack', NULL, NULL, '0', NULL, NULL, '1', '2023-12-02 17:05:01', '2023-12-02 17:05:01', NULL, NULL, 'ppoe', '10.10.0.1', '60000k/60000k', 'PPPoE-Pool-2', NULL, NULL, NULL),
(65, 'Profile1', NULL, NULL, '0', NULL, NULL, '1', '2023-12-02 17:05:01', '2023-12-02 17:05:01', NULL, NULL, 'ppoe', '10.10.0.1', '40500k/40500k', 'PPPoE-Pool-2', NULL, NULL, NULL),
(66, 'Test r', NULL, NULL, '500', NULL, NULL, '1', '2023-12-02 17:12:36', '2023-12-02 17:14:49', NULL, NULL, 'ppoe', '10.10.0.1', '200k/200k', 'PPPoE-Pool-1', NULL, NULL, '2023-12-02 17:14:49');

-- --------------------------------------------------------

--
-- Table structure for table `password_resets`
--

CREATE TABLE `password_resets` (
  `email` varchar(255) NOT NULL,
  `token` varchar(255) NOT NULL,
  `created_at` timestamp NULL DEFAULT NULL
) ENGINE=InnoDB DEFAULT CHARSET=utf8mb4 COLLATE=utf8mb4_unicode_ci;

-- --------------------------------------------------------

--
-- Table structure for table `payments`
--

CREATE TABLE `payments` (
  `id` bigint(20) UNSIGNED NOT NULL,
  `phone` varchar(255) NOT NULL,
  `receipt_number` varchar(255) NOT NULL,
  `amount` double NOT NULL,
  `type` varchar(255) NOT NULL,
  `channel` varchar(500) DEFAULT NULL,
  `status` int(50) DEFAULT NULL,
  `created_at` timestamp NULL DEFAULT NULL,
  `updated_at` timestamp NULL DEFAULT NULL,
  `deleted_at` timestamp NULL DEFAULT NULL
) ENGINE=InnoDB DEFAULT CHARSET=utf8mb4 COLLATE=utf8mb4_unicode_ci;

--
-- Dumping data for table `payments`
--

INSERT INTO `payments` (`id`, `phone`, `receipt_number`, `amount`, `type`, `channel`, `status`, `created_at`, `updated_at`, `deleted_at`) VALUES
(1, '0721941300', 'XYRYTY0KH67G', 50, 'hotspot', NULL, NULL, '2023-10-17 19:43:05', '2023-10-17 16:57:00', NULL),
(4, '0745812850', 'dfgfd56e5', 2000, 'bank', NULL, 1, '2023-12-06 15:33:26', '2023-12-06 15:33:26', NULL),
(5, '0711675033', '456456DFGFG', 2000, 'bank', NULL, 0, '2023-12-06 15:34:32', '2023-12-06 15:34:32', NULL);

-- --------------------------------------------------------

--
-- Table structure for table `payment_clicks`
--

CREATE TABLE `payment_clicks` (
  `id` bigint(20) UNSIGNED NOT NULL,
  `phone` varchar(255) NOT NULL,
  `package` varchar(255) NOT NULL,
  `amount` double NOT NULL,
  `type` varchar(255) NOT NULL,
  `created_at` timestamp NULL DEFAULT NULL,
  `updated_at` timestamp NULL DEFAULT NULL,
  `deleted_at` timestamp NULL DEFAULT NULL
) ENGINE=InnoDB DEFAULT CHARSET=utf8mb4 COLLATE=utf8mb4_unicode_ci;

-- --------------------------------------------------------

--
-- Table structure for table `personal_access_tokens`
--

CREATE TABLE `personal_access_tokens` (
  `id` bigint(20) UNSIGNED NOT NULL,
  `tokenable_type` varchar(255) NOT NULL,
  `tokenable_id` bigint(20) UNSIGNED NOT NULL,
  `name` varchar(255) NOT NULL,
  `token` varchar(64) NOT NULL,
  `abilities` text DEFAULT NULL,
  `last_used_at` timestamp NULL DEFAULT NULL,
  `created_at` timestamp NULL DEFAULT NULL,
  `updated_at` timestamp NULL DEFAULT NULL
) ENGINE=InnoDB DEFAULT CHARSET=utf8mb4 COLLATE=utf8mb4_unicode_ci;

-- --------------------------------------------------------

--
-- Table structure for table `pppoe_packages`
--

CREATE TABLE `pppoe_packages` (
  `id` bigint(20) UNSIGNED NOT NULL,
  `name` varchar(255) NOT NULL,
  `price` varchar(255) NOT NULL,
  `time` varchar(255) NOT NULL,
  `speed` varchar(255) NOT NULL,
  `created_at` timestamp NULL DEFAULT NULL,
  `updated_at` timestamp NULL DEFAULT NULL,
  `deleted_at` timestamp NULL DEFAULT NULL
) ENGINE=InnoDB DEFAULT CHARSET=utf8mb4 COLLATE=utf8mb4_unicode_ci;

-- --------------------------------------------------------

--
-- Table structure for table `regions`
--

CREATE TABLE `regions` (
  `id` bigint(20) UNSIGNED NOT NULL,
  `name` varchar(255) NOT NULL,
  `created_at` timestamp NULL DEFAULT NULL,
  `updated_at` timestamp NULL DEFAULT NULL
) ENGINE=InnoDB DEFAULT CHARSET=utf8mb4 COLLATE=utf8mb4_unicode_ci;

--
-- Dumping data for table `regions`
--

INSERT INTO `regions` (`id`, `name`, `created_at`, `updated_at`) VALUES
(2, 'Rauka', '2023-11-30 16:55:07', '2023-11-30 16:55:07');

-- --------------------------------------------------------

--
-- Table structure for table `sessions`
--

CREATE TABLE `sessions` (
  `id` varchar(255) NOT NULL,
  `user_id` bigint(20) UNSIGNED DEFAULT NULL,
  `ip_address` varchar(45) DEFAULT NULL,
  `user_agent` text DEFAULT NULL,
  `payload` text NOT NULL,
  `last_activity` int(11) NOT NULL
) ENGINE=InnoDB DEFAULT CHARSET=utf8mb4 COLLATE=utf8mb4_unicode_ci;

-- --------------------------------------------------------

--
-- Table structure for table `settings`
--

CREATE TABLE `settings` (
  `id` bigint(20) UNSIGNED NOT NULL,
  `mikrotik_user` varchar(255) NOT NULL,
  `mikrotik_password` varchar(255) DEFAULT NULL,
  `mikrotik_host` varchar(255) NOT NULL,
  `mikrotik_port` int(255) NOT NULL,
  `mpesa_consumerkey` varchar(255) NOT NULL,
  `mpesa_consumersecret` varchar(255) NOT NULL,
  `mpesa_passkey` varchar(255) NOT NULL,
  `mpesa_initiator_password` varchar(500) DEFAULT NULL,
  `mpesa_shortcode` varchar(255) NOT NULL,
  `mpesa_initiator_username` varchar(500) DEFAULT NULL,
  `sms_username` varchar(255) NOT NULL,
  `sms_shortcode` varchar(500) DEFAULT NULL,
  `sms_apikey` varchar(500) DEFAULT NULL,
  `status` varchar(255) NOT NULL DEFAULT '1',
  `created_at` timestamp NULL DEFAULT NULL,
  `updated_at` timestamp NULL DEFAULT NULL,
  `deleted_at` timestamp NULL DEFAULT NULL
) ENGINE=InnoDB DEFAULT CHARSET=utf8mb4 COLLATE=utf8mb4_unicode_ci;

--
-- Dumping data for table `settings`
--

INSERT INTO `settings` (`id`, `mikrotik_user`, `mikrotik_password`, `mikrotik_host`, `mikrotik_port`, `mpesa_consumerkey`, `mpesa_consumersecret`, `mpesa_passkey`, `mpesa_initiator_password`, `mpesa_shortcode`, `mpesa_initiator_username`, `sms_username`, `sms_shortcode`, `sms_apikey`, `status`, `created_at`, `updated_at`, `deleted_at`) VALUES
(1, 'Radius', 'Radius@123', '102.0.5.26', 8728, 'QWERTYUIOPIUYTRDFGHJKLJHGF', 'QWERTYUIOUYTREWQ', 'WERTYUIDFGJHKLJHGFDFS', '12345', '6758768', 'swiftnet', 'Swiftnet_sms', 'sdfghjkljhgfdsa', 'b8f9eb2ace010d1a35dfdcc41795b26d384b02c3f02e8b65ee0efb110e980c1c', '1', '2023-10-18 19:13:49', '2023-12-06 15:15:32', NULL);

-- --------------------------------------------------------

--
-- Table structure for table `subscriptions`
--

CREATE TABLE `subscriptions` (
  `id` bigint(20) UNSIGNED NOT NULL,
  `username` varchar(255) NOT NULL,
  `amount` varchar(255) DEFAULT NULL,
  `package` varchar(255) DEFAULT NULL,
  `status` varchar(255) NOT NULL DEFAULT '0',
  `password` varchar(255) NOT NULL,
  `user_id` bigint(20) UNSIGNED NOT NULL,
  `start_date` varchar(200) DEFAULT NULL,
  `end_date` varchar(116) DEFAULT NULL,
  `created_at` timestamp NULL DEFAULT NULL,
  `updated_at` timestamp NULL DEFAULT NULL,
  `deleted_at` timestamp NULL DEFAULT NULL
) ENGINE=InnoDB DEFAULT CHARSET=utf8mb4 COLLATE=utf8mb4_unicode_ci;

--
-- Dumping data for table `subscriptions`
--

INSERT INTO `subscriptions` (`id`, `username`, `amount`, `package`, `status`, `password`, `user_id`, `start_date`, `end_date`, `created_at`, `updated_at`, `deleted_at`) VALUES
(1138, '0726002404', '1500', '35', '1', '$2y$10$qCYdLIKfYu.YlTvJym7FO..c.NoEbZmhzHRecDppuQly5Q.paDW0.', 4413, '2023-12-03 08:30:32', '2024-01-03 08:30:32', '2023-12-03 05:30:32', '2023-12-03 05:30:32', NULL),
(1139, '0791429723', '1500', '35', '1', '$2y$10$kHV3zfBccjESkVk5Lolr.OvB2XH6TSUFeR1L4KPV3tJEljJk6aCp6', 4414, '2023-12-03 08:30:32', '2024-01-03 08:30:32', '2023-12-03 05:30:32', '2023-12-03 05:30:32', NULL),
(1140, '070000000', '1500', '35', '1', '$2y$10$7xTaBDD.kTt5jXukwjnTJuoEeUVSc.CU7dKE88XMsv2GTwkASyqkq', 4415, '2023-12-03 08:30:32', '2024-01-03 08:30:32', '2023-12-03 05:30:32', '2023-12-03 05:30:32', NULL),
(1141, '0728879773', '1500', '35', '1', '$2y$10$I9GtEu/f0PZkKDLxnZhiQuKlUDVH.SbgWgVzh0HXeaEzS9n9d1.kK', 4416, '2023-12-03 08:30:32', '2024-01-03 08:30:32', '2023-12-03 05:30:32', '2023-12-03 05:30:32', NULL),
(1142, '0712133724', '2000', '37', '1', '$2y$10$sFcHvE6t4ZJDIU3R/q9e..Up/mlVoyU/I8o2ofrRTcqBO3PiRxm4W', 4417, '2023-12-03 08:30:33', '2024-01-03 08:30:33', '2023-12-03 05:30:33', '2023-12-03 05:30:33', NULL),
(1143, '0723926268', '2000', '37', '1', '$2y$10$V.Q4qrptzarSw2gMuO.GDup203yWbtDHKDCJKftC1D5pd1QpxSjwy', 4418, '2023-12-03 08:30:33', '2024-01-03 08:30:33', '2023-12-03 05:30:33', '2023-12-03 05:30:33', NULL),
(1144, '0728 620848', '2500', '38', '1', '$2y$10$ehh/Apm9jhHhfRgK5R1cnuhUIdJsgCgI3viLwG7zYW3uVEqFGvm4u', 4419, '2023-12-03 08:30:33', '2024-01-03 08:30:33', '2023-12-03 05:30:33', '2023-12-03 05:30:33', NULL),
(1145, '0790948362', '1500', '35', '1', '$2y$10$mJkx3E/L7LUvqBKiEoM7n.8WcOVFoxyOaxp2PSBKCqHU1Rx.cfTfK', 4420, '2023-12-03 08:30:33', '2024-01-03 08:30:33', '2023-12-03 05:30:33', '2023-12-03 05:30:33', NULL),
(1146, '0721364610', '1500', '35', '1', '$2y$10$Ma79pB.wLaHzmKcP905tfuHxG9DfXrWtXLmRfL.cO3iYeV4nbZLEO', 4421, '2023-12-03 08:30:34', '2024-01-03 08:30:34', '2023-12-03 05:30:34', '2023-12-03 05:30:34', NULL),
(1147, '0721201125', '1500', '35', '1', '$2y$10$..3Zr5tD1bxbRC2pmeaD7OzhRYQSHxCMWmS/zuvG3/u0jmuzCtJ82', 4422, '2023-12-03 08:30:34', '2024-01-03 08:30:34', '2023-12-03 05:30:34', '2023-12-03 05:30:34', NULL),
(1148, '0718694794', '4000', '42', '1', '$2y$10$wlIuQMkMPQlCzZnR0hORbe3hg3NbXAObnpXEfn3Qwhwe2Y.UzETyq', 4423, '2023-12-03 08:30:34', '2024-01-03 08:30:34', '2023-12-03 05:30:34', '2023-12-03 05:30:34', NULL),
(1149, '0723558771', '2000', '37', '1', '$2y$10$exmHViTdKu7RUu5a0JFbsOHZ7ideKwtvAEH4T9/aDXY3sseHRO4oy', 4424, '2023-12-03 08:30:34', '2024-01-03 08:30:34', '2023-12-03 05:30:34', '2023-12-03 05:30:34', NULL),
(1150, '0701587285', '1500', '35', '1', '$2y$10$tE8hE6P7DMCpNnfr9ufhnekx2NWZ0f8rDnPm.OY0HrLQA9hpPdPD.', 4425, '2023-12-03 08:30:34', '2024-01-03 08:30:34', '2023-12-03 05:30:34', '2023-12-03 05:30:34', NULL),
(1151, '0720631028', '1500', '35', '1', '$2y$10$Nd1XhFjTdw0nWwQ2pmWVquBbRZq9vqbKm2wZZCuHGZQ04WUcKGPCC', 4426, '2023-12-03 08:30:35', '2024-01-03 08:30:35', '2023-12-03 05:30:35', '2023-12-03 05:30:35', NULL),
(1152, '0702294089', '1500', '35', '1', '$2y$10$qT9iGBC0wcpYdxdExmZFdeO/G9bfcTeD1DGxkMvcCavltT4PSLnUa', 4427, '2023-12-03 08:30:35', '2024-01-03 08:30:35', '2023-12-03 05:30:35', '2023-12-03 05:30:35', NULL),
(1153, '0769 232796', '1500', '35', '1', '$2y$10$/BKiVpcucdMl4V3rBbvD0uGGpjOu76MogQ6wFIDaPtanmkVMtBM06', 4428, '2023-12-03 08:30:35', '2024-01-03 08:30:35', '2023-12-03 05:30:35', '2023-12-03 05:30:35', NULL),
(1154, '0707605204', '1500', '35', '1', '$2y$10$BKfMaFG69sXSb/L2pL8UtendMNIIwOv5NPHOjVvLsDIRGs9MjAJpW', 4429, '2023-12-03 08:30:35', '2024-01-03 08:30:35', '2023-12-03 05:30:35', '2023-12-03 05:30:35', NULL),
(1155, '0701329317', '1500', '35', '1', '$2y$10$se0lxR/qgUXbyiUFfRERd.4LG5yAxOWNBihqYtioCQK5Qtlg6wyXa', 4430, '2023-12-03 08:30:36', '2024-01-03 08:30:36', '2023-12-03 05:30:36', '2023-12-03 05:30:36', NULL),
(1156, '0720175485', '2000', '37', '1', '$2y$10$m2RhxcuDYTJHDHJzBT900utnmbBjxOGRgdU9ngDKp/5zay0otqHhe', 4431, '2023-12-03 08:30:36', '2024-01-03 08:30:36', '2023-12-03 05:30:36', '2023-12-03 05:30:36', NULL),
(1157, '0784551112', '1500', '35', '1', '$2y$10$2tMf1PEV.pu.pd/pvMiEO.eo13aQIolJ5YpsuvAJZs5f8yuHssozy', 4432, '2023-12-03 08:30:36', '2024-01-03 08:30:36', '2023-12-03 05:30:36', '2023-12-03 05:30:36', NULL),
(1158, '0746862228', '1500', '35', '1', '$2y$10$AzqtjI/amhaACB9quGG5DO8qRDUDm1mKlSGUsHRnleBpY2NNbRP/W', 4433, '2023-12-03 08:30:36', '2024-01-03 08:30:36', '2023-12-03 05:30:36', '2023-12-03 05:30:36', NULL),
(1159, '0718581756', '2000', '37', '1', '$2y$10$556Qv4xA9KvOXj0C6k.3oupGyC6f4LIR9V8bgTgQUVdAp/tP7pUQ6', 4434, '2023-12-03 08:30:37', '2024-01-03 08:30:37', '2023-12-03 05:30:37', '2023-12-03 05:30:37', NULL),
(1160, '0707322448', '1500', '35', '1', '$2y$10$mOtDn24JGhGlzptGtV/tc.jTe8K7TJZVAXNq7gwMSNJqLyQ3QKUfi', 4435, '2023-12-03 08:30:37', '2024-01-03 08:30:37', '2023-12-03 05:30:37', '2023-12-03 05:30:37', NULL),
(1161, '0796184474', '2000', '37', '1', '$2y$10$pCmd8vqnXUWtaE9qyPuQAu9zSSyzZfPpcvVY8AhxT3hq//Tq56Ybi', 4436, '2023-12-03 08:30:37', '2024-01-03 08:30:37', '2023-12-03 05:30:37', '2023-12-03 05:30:37', NULL),
(1162, '0716 337774', '3500', '41', '1', '$2y$10$Z/2jiESXUp7kFz9UAEzb9u4Ef1ANZK7bSopfo9qDx42vNuvmI1CCC', 4437, '2023-12-03 08:30:37', '2024-01-03 08:30:37', '2023-12-03 05:30:37', '2023-12-03 05:30:37', NULL),
(1163, '0794 717531', '1500', '35', '1', '$2y$10$Tg2PQuhzScfz2JQJ3hHTEOV5ot3XxcjRMqMnMDPsK/IIhXE9ghGEa', 4438, '2023-12-03 08:30:38', '2024-01-03 08:30:38', '2023-12-03 05:30:38', '2023-12-03 05:30:38', NULL),
(1164, '0794 918272', '2000', '37', '1', '$2y$10$nH/t18OHI3JE089N6K1szeadmfbeBGjtrm5tD14pXShHCrf/xgfbS', 4439, '2023-12-03 08:30:38', '2024-01-03 08:30:38', '2023-12-03 05:30:38', '2023-12-03 05:30:38', NULL),
(1165, '0110128902', '1500', '35', '1', '$2y$10$mITsW1mrjq4fcW/Wk/4dC.lwROfN82dDo6XgFgM8p8GoA46WKqfxq', 4440, '2023-12-03 08:30:38', '2024-01-03 08:30:38', '2023-12-03 05:30:38', '2023-12-03 05:30:38', NULL),
(1166, '00718 610816', '1500', '35', '1', '$2y$10$0qiujxe2I0YsMzJ7OIeDUOxxO0MW3KUQ63l2iRIaiZZ1o8OlDUhbS', 4441, '2023-12-03 08:30:38', '2024-01-03 08:30:38', '2023-12-03 05:30:38', '2023-12-03 05:30:38', NULL),
(1167, '0722 536925', '1500', '35', '1', '$2y$10$/1490taG.DRAoVJzUZJ7Feeyi7jzaZkW3Nr4fpA78OefMay8QAxNq', 4442, '2023-12-03 08:30:39', '2024-01-03 08:30:39', '2023-12-03 05:30:39', '2023-12-03 05:30:39', NULL),
(1168, '0729611399', '2000', '37', '1', '$2y$10$kslqf7IhPNyUI3NBzRNvSOFEPB6iQI/DPrwHTRD3j37k9cdty1hfy', 4443, '2023-12-03 08:30:39', '2024-01-03 08:30:39', '2023-12-03 05:30:39', '2023-12-03 05:30:39', NULL),
(1169, '0723 352226', '1500', '35', '1', '$2y$10$cdGqEipGNoPtz3Mwj5ijH.vLM5MkQ2DLs7OQxQ1cF4wLeTMM4UTHG', 4444, '2023-12-03 08:30:39', '2024-01-03 08:30:39', '2023-12-03 05:30:39', '2023-12-03 05:30:39', NULL),
(1170, '0743 365749', '1500', '35', '1', '$2y$10$ALiXDh8IbZw9BGPDSs5uRuHl8SSzCtWo.dDLyl.gg0w2fNZ8A..si', 4445, '2023-12-03 08:30:39', '2024-01-03 08:30:39', '2023-12-03 05:30:39', '2023-12-03 05:30:39', NULL),
(1171, '0758 450007', '1500', '35', '1', '$2y$10$DRdYLhrjXZ1Iw/ehDm2zvuwOWosx7Hqoc5kBJHTCjOZfEUU/DL/oG', 4446, '2023-12-03 08:30:40', '2024-01-03 08:30:40', '2023-12-03 05:30:40', '2023-12-03 05:30:40', NULL),
(1172, '0724607108', '2000', '37', '1', '$2y$10$vCvjq9CCve1VCtZt7AK6ROdrnP.smScf1Yh7SUPm2C45M7JV3YYv2', 4447, '2023-12-03 08:30:40', '2024-01-03 08:30:40', '2023-12-03 05:30:40', '2023-12-03 05:30:40', NULL),
(1173, '0712770060', '1500', '35', '1', '$2y$10$H60AK4mV4ZsneD2SM9a4JuB7FUayA0ckqDGib9qsh2DeqY6U6CUQa', 4448, '2023-12-03 08:30:40', '2024-01-03 08:30:40', '2023-12-03 05:30:40', '2023-12-03 05:30:40', NULL),
(1174, '0701595904', '1500', '35', '1', '$2y$10$FfKgDdvEzlFNVIe9n.Tn0usujZzPtqcLgpf0zMXMWxn9uJp7dMLdm', 4449, '2023-12-03 08:30:40', '2024-01-03 08:30:40', '2023-12-03 05:30:40', '2023-12-03 05:30:40', NULL),
(1175, '0702627978', '2500', '38', '1', '$2y$10$FbDK0NZN7l996na8l2A1wOJYNzcrPvVm7pQ0vufrHXEmwDPt4CsSC', 4450, '2023-12-03 08:30:40', '2024-01-03 08:30:40', '2023-12-03 05:30:40', '2023-12-03 05:30:40', NULL),
(1176, '0722 347922', '1500', '35', '1', '$2y$10$qijU2EJqAvsatgKhZg/so.AlWGbyzxZm4MEqnSTBx7IGUJH9eFYp.', 4451, '2023-12-03 08:30:41', '2024-01-03 08:30:41', '2023-12-03 05:30:41', '2023-12-03 05:30:41', NULL),
(1177, '00710 680270', '1500', '35', '1', '$2y$10$fdu5DidRZ2ZDo42dNtL9qO7Pen8FCAvnUUo3WcpzRBSkmTS0Rz81i', 4452, '2023-12-03 08:30:41', '2024-01-03 08:30:41', '2023-12-03 05:30:41', '2023-12-03 05:30:41', NULL),
(1178, '0746356238', '1500', '35', '1', '$2y$10$pHJ7SNu1GzkHdm19.9WE7.pAJ1bCybDj2dVdfFUeH1yvV8KlWI/ku', 4453, '2023-12-03 08:30:41', '2024-01-03 08:30:41', '2023-12-03 05:30:41', '2023-12-03 05:30:41', NULL),
(1179, '07000111100', '1500', '35', '1', '$2y$10$L1BX4MFbvlwGpCE/i0Eve.06S6KT7Yfnpx/4VwUW0DVRfTx2FFZk.', 4454, '2023-12-03 08:30:41', '2024-01-03 08:30:41', '2023-12-03 05:30:41', '2023-12-03 05:30:41', NULL),
(1180, '0796053618', '2000', '37', '1', '$2y$10$ZGKvo08BhKPseByfJ/39Aun.Z1YZh4IpN852HA5ILa1cikQ2Z/dCS', 4455, '2023-12-03 08:30:41', '2024-01-03 08:30:41', '2023-12-03 05:30:41', '2023-12-03 05:30:41', NULL),
(1181, '0746021430', '1500', '35', '1', '$2y$10$H3nTpSE4S1A66jvQi2chhOHKs2fs0zYMZfd6BiGqFAcFxvQuVnzFC', 4456, '2023-12-03 08:30:42', '2024-01-03 08:30:42', '2023-12-03 05:30:42', '2023-12-03 05:30:42', NULL),
(1182, '0710653477', '1500', '35', '1', '$2y$10$shWtbbOglQAagRCYVkUosOeB6yWg2qdD0d4NcwZb4gQkVSGnwvQAa', 4457, '2023-12-03 08:30:42', '2024-01-03 08:30:42', '2023-12-03 05:30:42', '2023-12-03 05:30:42', NULL),
(1183, '0720886514', '3000', '40', '1', '$2y$10$0QUDH74w3foyymUfRjpbYOq/cffxcL3Yu/njg1YYSTXBQdR/DxB/q', 4458, '2023-12-03 08:30:43', '2024-01-03 08:30:43', '2023-12-03 05:30:43', '2023-12-03 05:30:43', NULL),
(1184, '0718 054463', '1500', '35', '1', '$2y$10$2z5hb1puZfi2lQLrZGa5kOwBOO4hIz65RrvSncjtWj7YwVqznzG0G', 4459, '2023-12-03 08:30:43', '2024-01-03 08:30:43', '2023-12-03 05:30:43', '2023-12-03 05:30:43', NULL),
(1185, '0702 944128', '1500', '35', '1', '$2y$10$IRRc6guEgHtuye0KvWNGQeNKu37As3o1WjlhlIze9OhIjzf7DGyUi', 4460, '2023-12-03 08:30:43', '2024-01-03 08:30:43', '2023-12-03 05:30:43', '2023-12-03 05:30:43', NULL),
(1186, '0723383852', '2000', '37', '1', '$2y$10$EHmuVzYZceRRHiARK0QiF.3Reow8DQ.9kC5lMo/.2puspcxVdskUq', 4461, '2023-12-03 08:30:43', '2024-01-03 08:30:43', '2023-12-03 05:30:43', '2023-12-03 05:30:43', NULL),
(1187, '0712719824', '2000', '37', '1', '$2y$10$Qc.7T41G05KkhUulHyaNHOkINabPU8Lp5jY.Cq9yc0Cbsa4kUM.9S', 4462, '2023-12-03 08:30:44', '2024-01-03 08:30:44', '2023-12-03 05:30:44', '2023-12-03 05:30:44', NULL),
(1188, '0725177216', '1500', '35', '1', '$2y$10$3Y/O6essGpZeQyJeiOyTW.8mGSwpp3xNtEpmNnv1sruNwxg1WdbH6', 4463, '2023-12-03 08:30:44', '2024-01-03 08:30:44', '2023-12-03 05:30:44', '2023-12-03 05:30:44', NULL),
(1189, '0797 649940', '1500', '35', '1', '$2y$10$V5RNzQKw2yvq13Nrc8ECXuaRZr7QiURRen2Uy.0BHdmOOABi7PLJW', 4464, '2023-12-03 08:30:44', '2024-01-03 08:30:44', '2023-12-03 05:30:44', '2023-12-03 05:30:44', NULL),
(1190, '0712 208766', '2000', '37', '1', '$2y$10$cqBGEW.K1S/Gdi90NyI7KuA6Sy24ZDcO8YDz0lMV5zlB0fBiKodre', 4465, '2023-12-03 08:30:44', '2024-01-03 08:30:44', '2023-12-03 05:30:44', '2023-12-03 05:30:44', NULL),
(1191, '0746 505177', '2000', '37', '1', '$2y$10$Zqz6fZMolzZNFjhbBUSyFOAOKWw0DrLM.8jVsqccrVMJM034qm0x.', 4466, '2023-12-03 08:30:45', '2024-01-03 08:30:45', '2023-12-03 05:30:45', '2023-12-03 05:30:45', NULL),
(1192, '0721 244292', '1500', '35', '1', '$2y$10$9UTb54Xni4nEO1mlT1Z7K.kOYqm5imci4g3LfX9eBPus/2YYKSYYi', 4467, '2023-12-03 08:30:45', '2024-01-03 08:30:45', '2023-12-03 05:30:45', '2023-12-03 05:30:45', NULL),
(1193, '0727 415332', '1500', '35', '1', '$2y$10$gF5jLGNtOqol/0qttrcHU.mwHvs97YBUpM3qko1xzYxc174aulypq', 4468, '2023-12-03 08:30:45', '2024-01-03 08:30:45', '2023-12-03 05:30:45', '2023-12-03 05:30:45', NULL),
(1194, '0722168991', '2000', '37', '1', '$2y$10$bSjAS7Ez4hVTT9fNmP604.Y6e1d2ulGAKdJXIAEPfCbsBxkhZm7eO', 4469, '2023-12-03 08:30:45', '2024-01-03 08:30:45', '2023-12-03 05:30:45', '2023-12-03 05:30:45', NULL),
(1195, '0743 218997', '1500', '35', '1', '$2y$10$DXi1R8p5BjrnA2kKaGhjkuOboerPdjQehLGvG8npYaxkMxL15Fw/S', 4470, '2023-12-03 08:30:46', '2024-01-03 08:30:46', '2023-12-03 05:30:46', '2023-12-03 05:30:46', NULL),
(1196, '0724141887', '2000', '37', '1', '$2y$10$jfGIPaGwXIoenK.0SseHvOZuRSYattCAoecJvn4qPSlc7/jzXAQwm', 4471, '2023-12-03 08:30:46', '2024-01-03 08:30:46', '2023-12-03 05:30:46', '2023-12-03 05:30:46', NULL),
(1197, '0722817584', '1500', '35', '1', '$2y$10$Ir8iHMWNWJhmW4V441bnu.9WAamndEw7JlFQUcUWCzbxVKsqYmun2', 4472, '2023-12-03 08:30:46', '2024-01-03 08:30:46', '2023-12-03 05:30:46', '2023-12-03 05:30:46', NULL),
(1198, '0115590066', '2500', '38', '1', '$2y$10$J0WIE67ZBTLHVS5aFNJcB.tq.hkaBewpaT8FcTmjI39/7i9fZYSnm', 4473, '2023-12-03 08:30:46', '2024-01-03 08:30:46', '2023-12-03 05:30:46', '2023-12-03 05:30:46', NULL),
(1199, '0726141323', '1500', '35', '1', '$2y$10$Cu1jT04M2JvF88GqjXtlPuCEShT2LEQtw1z6pm9Npei/RUXlbd6vS', 4474, '2023-12-03 08:30:46', '2024-01-03 08:30:46', '2023-12-03 05:30:46', '2023-12-03 05:30:46', NULL),
(1200, '0724058055', '1500', '35', '1', '$2y$10$/IdLMHgso6LX1JawBTTM6.s7C9QMrdsJJv4i9YTlXql6E4.Rwkzh6', 4475, '2023-12-03 08:30:47', '2024-01-03 08:30:47', '2023-12-03 05:30:47', '2023-12-03 05:30:47', NULL),
(1201, '0720412977', '3000', '40', '1', '$2y$10$m3dTbwlDwaccOg.2lMh04eWOVplo13q9Z9akujvfW2wqIjSZZ9MiW', 4476, '2023-12-03 08:30:47', '2024-01-03 08:30:47', '2023-12-03 05:30:47', '2023-12-03 05:30:47', NULL),
(1202, '0721606411', '2000', '37', '1', '$2y$10$Edjx287ZgZ5VC2ZOFxy3.eaOk9j4yvvl9LDNAcnczawijeJMEziHO', 4477, '2023-12-03 08:30:47', '2024-01-03 08:30:47', '2023-12-03 05:30:47', '2023-12-03 05:30:47', NULL),
(1203, '0724800750', '1500', '35', '1', '$2y$10$jsebczivmVwxw.t7U5rVbe4/4dz.jveMqEHUYheG1Wzs8KAWSsUQC', 4478, '2023-12-03 08:30:47', '2024-01-03 08:30:47', '2023-12-03 05:30:47', '2023-12-03 05:30:47', NULL),
(1204, '0719219844', '2000', '37', '1', '$2y$10$qtVD4tpREvMQssvQtL8sdui8fgwrF7NT/PaxTfKiU0b6SUHsJ0IrC', 4479, '2023-12-03 08:30:48', '2024-01-03 08:30:48', '2023-12-03 05:30:48', '2023-12-03 05:30:48', NULL),
(1205, '0742110941', '1500', '35', '1', '$2y$10$vPrS2lCrMt7/gWO0N2s5ZuPtsTPt9WDMeL20ot7NasThU4ulRGrwm', 4480, '2023-12-03 08:30:48', '2024-01-03 08:30:48', '2023-12-03 05:30:48', '2023-12-03 05:30:48', NULL),
(1206, '0700480697', '1500', '35', '1', '$2y$10$hyp1hO7lPSaUuf97AA4wH.hyEtJm8XGcjY3UxQ2RMIrOymtSBVPy2', 4481, '2023-12-03 08:30:48', '2024-01-03 08:30:48', '2023-12-03 05:30:48', '2023-12-03 05:30:48', NULL),
(1207, '0710330672', '1500', '35', '1', '$2y$10$dLkm6qFzYjRUqm7sc3KV2eWSj/ukJfgEGSiUVymKySVRLq4oIgArq', 4482, '2023-12-03 08:30:48', '2024-01-03 08:30:48', '2023-12-03 05:30:48', '2023-12-03 05:30:48', NULL),
(1208, '0715435718', '2000', '37', '1', '$2y$10$Bo.J3lUXTizt4n.20rLDM.YYU6/9XR7q0sNGje.l9hjGlhMWvNmd6', 4483, '2023-12-03 08:30:49', '2024-01-03 08:30:49', '2023-12-03 05:30:49', '2023-12-03 05:30:49', NULL),
(1209, '0796393703', '1500', '35', '1', '$2y$10$tTMY6l7GU9i52qGwxqwR.OxCcohDVpMZDIMNe.7X1p3lMMxS/ks3u', 4484, '2023-12-03 08:30:49', '2024-01-03 08:30:49', '2023-12-03 05:30:49', '2023-12-03 05:30:49', NULL),
(1210, '0729890534', '1500', '35', '1', '$2y$10$OKULIo8QFv2VlMS4NctNp.mqe5aqGOx0N0wCGBNj9/9a7lE9o5rTW', 4485, '2023-12-03 08:30:49', '2024-01-03 08:30:49', '2023-12-03 05:30:49', '2023-12-03 05:30:49', NULL),
(1211, '0790499019', '1500', '35', '1', '$2y$10$x2TOM7FHMuVqP2idRpx74unAWM0A7WnooEqPXc1/D1aYqpVLSSu/a', 4486, '2023-12-03 08:30:49', '2024-01-03 08:30:49', '2023-12-03 05:30:49', '2023-12-03 05:30:49', NULL),
(1212, '0795726377', '1500', '35', '1', '$2y$10$q7G7uogx5gHilINI1g5yb.1QMBIfAoy8UBth8.7hlNaLPvFFmXTVO', 4487, '2023-12-03 08:30:50', '2024-01-03 08:30:50', '2023-12-03 05:30:50', '2023-12-03 05:30:50', NULL),
(1213, '0748293576', '2000', '37', '1', '$2y$10$7On2rScbvt8l2GNhQfyrD.hALIMETaUzA8uJNYiSkFG5WJXzD5wN.', 4488, '2023-12-03 08:30:50', '2024-01-03 08:30:50', '2023-12-03 05:30:50', '2023-12-03 05:30:50', NULL),
(1214, '0735351977', '2000', '37', '1', '$2y$10$jdV//gdxS7jdoBcqoqOUbuhvqnYQqMghTcmMeI.i715ruSSne9wDe', 4489, '2023-12-03 08:30:50', '2024-01-03 08:30:50', '2023-12-03 05:30:50', '2023-12-03 05:30:50', NULL),
(1215, '0722469793', '2500', '38', '1', '$2y$10$Py/acOYc8njmS0A0tQtTGOBtfrbqem35FrHWyTTE.j9gucd8rxGQ.', 4490, '2023-12-03 08:30:50', '2024-01-03 08:30:50', '2023-12-03 05:30:50', '2023-12-03 05:30:50', NULL),
(1216, '0705091940', '1500', '35', '1', '$2y$10$7DKxU0kg7ZQ5XuO9Tx/lcugEh4bekdBCzXwbUKJlLzXyRln5JR.q6', 4491, '2023-12-03 08:30:50', '2024-01-03 08:30:50', '2023-12-03 05:30:50', '2023-12-03 05:30:50', NULL),
(1217, '0706606603', '1500', '35', '1', '$2y$10$15lyUHUPyEQGWR9bLbnj7OaA3hhyGfB9z6UbCepLFUxiUkjrFJ0ia', 4492, '2023-12-03 08:30:51', '2024-01-03 08:30:51', '2023-12-03 05:30:51', '2023-12-03 05:30:51', NULL),
(1218, '0720308846', '1500', '35', '1', '$2y$10$FYkM1uoFpH4bieljEok83uR.rw9ADmpNX2e/zTKz7yU9jQ8ERUPA6', 4493, '2023-12-03 08:30:51', '2024-01-03 08:30:51', '2023-12-03 05:30:51', '2023-12-03 05:30:51', NULL),
(1219, '0715559865', '1500', '35', '1', '$2y$10$sTNJQsW1j0TgWRqB8cT6ZumA5dIJFkzrteuxSkJ2yWfDq3b4wHb/a', 4494, '2023-12-03 08:30:51', '2024-01-03 08:30:51', '2023-12-03 05:30:51', '2023-12-03 05:30:51', NULL),
(1220, '0718084850', '2000', '37', '1', '$2y$10$8.626b9o7p70CNcKkYQXS.r/QcdsnDtqfCPxy7aplk4UYCK7XJZuC', 4495, '2023-12-03 08:30:51', '2024-01-03 08:30:51', '2023-12-03 05:30:51', '2023-12-03 05:30:51', NULL),
(1221, '0793582309', '1500', '35', '1', '$2y$10$kWPB7nhJ/ftELX3ET3cBSex9DWyyVqSfebUFJgGvTqrJq.n81lkeO', 4496, '2023-12-03 08:30:52', '2024-01-03 08:30:52', '2023-12-03 05:30:52', '2023-12-03 05:30:52', NULL),
(1222, '0724709970', '1500', '35', '1', '$2y$10$P09rGCKhcUSVgn0SqrdkGOmq9sGwlZEMziHpEZFTYUGRT.1mKHw9u', 4497, '2023-12-03 08:30:52', '2024-01-03 08:30:52', '2023-12-03 05:30:52', '2023-12-03 05:30:52', NULL),
(1223, '0706160448', '2000', '37', '1', '$2y$10$cgKXyUdWWoD6IITB01G3FO07HpO4QEyuE.AEYLXg3PYCHs/bV5me.', 4498, '2023-12-03 08:30:52', '2024-01-03 08:30:52', '2023-12-03 05:30:52', '2023-12-03 05:30:52', NULL),
(1224, '0791625873', '1500', '35', '1', '$2y$10$DpoAXBUKwKpRz1R2z3JcT.5RKh2fkooRONYrPcQjLmmAaAXZCnxcW', 4499, '2023-12-03 08:30:52', '2024-01-03 08:30:52', '2023-12-03 05:30:52', '2023-12-03 05:30:52', NULL),
(1225, '0756156763', '1500', '35', '1', '$2y$10$rquMis5HjoiPIeFIlt0k/OiVhYGBL0rh1PWBWDRXYT4l4ZZEiBk12', 4500, '2023-12-03 08:30:52', '2024-01-03 08:30:52', '2023-12-03 05:30:52', '2023-12-03 05:30:52', NULL),
(1226, '0706037083', '1500', '35', '1', '$2y$10$xvhZhxnlwc3iyAEn6TPpJ.IrkwpRCx.Vd5OGMfwgpDV5g12K7xtIy', 4501, '2023-12-03 08:30:53', '2024-01-03 08:30:53', '2023-12-03 05:30:53', '2023-12-03 05:30:53', NULL),
(1227, '0722903300', '1500', '35', '1', '$2y$10$KBLaNvAWy4vnEyAPRNrvzOazp9Fyk1jBCpdjfj5T5iDMqOQxvzi8C', 4502, '2023-12-03 08:30:53', '2024-01-03 08:30:53', '2023-12-03 05:30:53', '2023-12-03 05:30:53', NULL),
(1228, '0728439766', '1500', '35', '1', '$2y$10$4fc7j/ERfhBlbCFhOcqPuuZfiyT95WtAfV48yUtwj0t1OxqJ94Gbq', 4503, '2023-12-03 08:30:53', '2024-01-03 08:30:53', '2023-12-03 05:30:53', '2023-12-03 05:30:53', NULL),
(1229, '0720209716', '1500', '35', '1', '$2y$10$6ck21iy1l.9eLHO.uzgKPeNmTA0hx6sajopRgp6pz8ED3FOhEM1B2', 4504, '2023-12-03 08:30:53', '2024-01-03 08:30:53', '2023-12-03 05:30:53', '2023-12-03 05:30:53', NULL),
(1230, '0726377096', '1500', '35', '1', '$2y$10$XuoO4SVYDufKTp6bCw4LJ.q0grmk0O7h9X1GYTdgup7RETU7HxXE.', 4505, '2023-12-03 08:30:54', '2024-01-03 08:30:54', '2023-12-03 05:30:54', '2023-12-03 05:30:54', NULL),
(1231, '0714848063', '1500', '35', '1', '$2y$10$5YV/GW/HHlM3xCPr.CeYAey6bk1VRbvg5C0vF6LevG9rYcDOvxpHO', 4506, '2023-12-03 08:30:54', '2024-01-03 08:30:54', '2023-12-03 05:30:54', '2023-12-03 05:30:54', NULL),
(1232, '0746717317', '1500', '35', '1', '$2y$10$9AR8W7XDIPWLVkkHP8mvguxQm8guLYR9HOCoPHI6P2yKqeodgpj1C', 4507, '2023-12-03 08:30:54', '2024-01-03 08:30:54', '2023-12-03 05:30:54', '2023-12-03 05:30:54', NULL),
(1233, '0706201880', '2500', '38', '1', '$2y$10$QNSKXTxUftSquJ0n/A7np.hlQOrCjl9n/lY.JfPkYu4AJbdsnycV.', 4508, '2023-12-03 08:30:54', '2024-01-03 08:30:54', '2023-12-03 05:30:54', '2023-12-03 05:30:54', NULL),
(1234, '0712669701', '1500', '35', '1', '$2y$10$oIHqNe2VPqo29EUZh9Y7te8dUKv.3JjmzlCkbTlU47qOVB7HPHtp.', 4509, '2023-12-03 08:30:54', '2024-01-03 08:30:54', '2023-12-03 05:30:54', '2023-12-03 05:30:54', NULL),
(1235, '0723208377', '2000', '37', '1', '$2y$10$2C6aTs8qFGusxAcabiDTwOOK2x/IKgrwgK39BFKwNwjCAS5arH.fa', 4510, '2023-12-03 08:30:55', '2024-01-03 08:30:55', '2023-12-03 05:30:55', '2023-12-03 05:30:55', NULL),
(1236, '0721710822', '1500', '35', '1', '$2y$10$/djqzehAphCuWC3KOox.TuJFtgyTiwNcIP1EFue8YBgpDMUxkmiYm', 4511, '2023-12-03 08:30:55', '2024-01-03 08:30:55', '2023-12-03 05:30:55', '2023-12-03 05:30:55', NULL),
(1237, '0713899991', '1500', '35', '1', '$2y$10$kGSRnUtRLmCPHAYKhatZZu.inh37GXA/kfheEn.vG.czdblc2yodS', 4512, '2023-12-03 08:30:55', '2024-01-03 08:30:55', '2023-12-03 05:30:55', '2023-12-03 05:30:55', NULL),
(1238, '0115002091', '1500', '35', '1', '$2y$10$5SmRC1rf.BvE.2kOqXDfMed5xJiU8E4rfYngMK0snyq4JBoH60GWW', 4513, '2023-12-03 08:30:55', '2024-01-03 08:30:55', '2023-12-03 05:30:55', '2023-12-03 05:30:55', NULL),
(1239, '0797741075', '1500', '35', '1', '$2y$10$Ay735afZA5d9cSPLAezM4ODMKJWq4tt82PemxjebCmx8aEDrOPTCy', 4514, '2023-12-03 08:30:56', '2024-01-03 08:30:56', '2023-12-03 05:30:56', '2023-12-03 05:30:56', NULL),
(1240, '0728003641', '1500', '35', '1', '$2y$10$.bOCD3iSCUCA.QtUjstUj.56xRgQJoT93RmpH7Z1L5gzFFISvn8Ym', 4515, '2023-12-03 08:30:56', '2024-01-03 08:30:56', '2023-12-03 05:30:56', '2023-12-03 05:30:56', NULL),
(1241, '0707861751', '3000', '40', '1', '$2y$10$TrGs0YYxp/EUxTgii.YBqewiJf1X7vDugrvCgFGZOxzENGetkfmke', 4516, '2023-12-03 08:30:56', '2024-01-03 08:30:56', '2023-12-03 05:30:56', '2023-12-03 05:30:56', NULL),
(1242, '0707144306', '4000', '42', '1', '$2y$10$QEA1d1rmDEk41BicKYGXRexlOGPcznnDH2PV9IqScorwJMZNDY9Ta', 4517, '2023-12-03 08:30:56', '2024-01-03 08:30:56', '2023-12-03 05:30:56', '2023-12-03 05:30:56', NULL),
(1243, '0746477235', '2000', '37', '1', '$2y$10$Itpts3zL0jJu8g1S5XnDguNo326zoMx0LrLVPOy/i6EggDI.H5BL6', 4518, '2023-12-03 08:30:57', '2024-01-03 08:30:57', '2023-12-03 05:30:57', '2023-12-03 05:30:57', NULL),
(1244, '0721792437', '1500', '35', '1', '$2y$10$f9lyjDKp.9OFwLz1yQW6U.TGiPyAPczlE8GIjDhxvK.k7A0jvD2mi', 4519, '2023-12-03 08:30:57', '2024-01-03 08:30:57', '2023-12-03 05:30:57', '2023-12-03 05:30:57', NULL),
(1245, '0723945997', '2500', '38', '1', '$2y$10$S8oikL6ETgC2Lx.i3RdbNO38RSElFTCl4KkouddgbySMwSnwoF06O', 4520, '2023-12-03 08:30:57', '2024-01-03 08:30:57', '2023-12-03 05:30:57', '2023-12-03 05:30:57', NULL),
(1246, '0728936185', '1500', '35', '1', '$2y$10$Bp2cMONCDHWfhHfTCbggz.lgPWhLDofpiwCKMbHfojAs7cA4Epgoe', 4521, '2023-12-03 08:30:57', '2024-01-03 08:30:57', '2023-12-03 05:30:57', '2023-12-03 05:30:57', NULL),
(1247, '0718856314', '1500', '35', '1', '$2y$10$IjUxlKkZgnQZILwDny.f8umyQ7TlELlREH2u1UKiwwyDqAdAAtumC', 4522, '2023-12-03 08:30:58', '2024-01-03 08:30:58', '2023-12-03 05:30:58', '2023-12-03 05:30:58', NULL),
(1248, '0723103042', '2000', '37', '1', '$2y$10$8kCN4D60sLYnrNcgSog7lul0OGn3.PXpYsmZNnWlB8uEjFwBNzBz.', 4523, '2023-12-03 08:30:58', '2024-01-03 08:30:58', '2023-12-03 05:30:58', '2023-12-03 05:30:58', NULL),
(1249, '0745812850', '1500', '35', '1', '$2y$10$pWGKUIW6qt0xd5HpBGEDQu8L2eNMdDE9HerbI1cRHvnlQ4mkRechu', 4524, '2023-12-03 08:30:58', '2024-01-03 08:30:58', '2023-12-03 05:30:58', '2023-12-03 05:30:58', NULL),
(1250, '0790812770', '1500', '35', '1', '$2y$10$LUBfgBefHp4x/akyPA9hHu8eW1saI0/tGfeb/nUYoUrs9tXByGX0y', 4525, '2023-12-03 08:30:58', '2024-01-03 08:30:58', '2023-12-03 05:30:58', '2023-12-03 05:30:58', NULL),
(1251, '0796339700', '1500', '35', '1', '$2y$10$.vOQHuvi750QxNrIDbw.qerj2s8pxxqHpvqW/X4iJ009om23WM82i', 4526, '2023-12-03 08:30:59', '2024-01-03 08:30:59', '2023-12-03 05:30:59', '2023-12-03 05:30:59', NULL),
(1252, '0708115601', '1500', '35', '1', '$2y$10$y6YPXeF8V7tLGAqKLQXu7.kW9ATXfkSYELuNnvHOH1RmaCIjMXUqm', 4527, '2023-12-03 08:30:59', '2024-01-03 08:30:59', '2023-12-03 05:30:59', '2023-12-03 05:30:59', NULL),
(1253, '0723174788', '2000', '37', '1', '$2y$10$QHF1d8CdKAJtMgx/PhtojeBXo4UJMisrh4LPARv9czLyoGxzxc25i', 4528, '2023-12-03 08:30:59', '2024-01-03 08:30:59', '2023-12-03 05:30:59', '2023-12-03 05:30:59', NULL),
(1254, '0742300746', '1500', '35', '1', '$2y$10$7TbvSSlnc/1mQtvhvPNYMuMMPTZR7q7SxI/B2naxmKVZrXy5VkJU.', 4529, '2023-12-03 08:30:59', '2024-01-03 08:30:59', '2023-12-03 05:30:59', '2023-12-03 05:30:59', NULL),
(1255, '0721805867', '1500', '35', '1', '$2y$10$cvZGtdKIF/xSaidUu2xHluPOq4ghDYzWdJUuaRks1VkMH8GibSPzG', 4530, '2023-12-03 08:31:00', '2024-01-03 08:31:00', '2023-12-03 05:31:00', '2023-12-03 05:31:00', NULL),
(1256, '0728855850', '1500', '35', '1', '$2y$10$R3E3wNLx5y7X8uiWzYE3deAIKCbeU8d4PMdGJJu6CteMsddmLFdaC', 4531, '2023-12-03 08:31:00', '2024-01-03 08:31:00', '2023-12-03 05:31:00', '2023-12-03 05:31:00', NULL),
(1257, '0799048606', '1500', '35', '1', '$2y$10$E0a4.2t65J1hTNEjtoP4xeFpeUwsQ1ZgrWp0M4StV7hvUWmwDZ/5m', 4532, '2023-12-03 08:31:00', '2024-01-03 08:31:00', '2023-12-03 05:31:00', '2023-12-03 05:31:00', NULL),
(1258, '0729674033', '1500', '35', '1', '$2y$10$3XNNZJDuf3NnKJqeDAh.3.7Kfexrr80IR0XARpBLj.rW5ulrs8ZDu', 4533, '2023-12-03 08:31:00', '2024-01-03 08:31:00', '2023-12-03 05:31:00', '2023-12-03 05:31:00', NULL),
(1259, '0707440034', '1500', '35', '1', '$2y$10$AB5fEZ58jwvkQ7pxa5DhxO.jBIYjl4XLm6vL/4tc9E751svUEs5Ya', 4534, '2023-12-03 08:31:01', '2024-01-03 08:31:01', '2023-12-03 05:31:01', '2023-12-03 05:31:01', NULL),
(1260, '0798069840', '1500', '35', '1', '$2y$10$mrq3j5Z7cbIH0aHEN36Rg.J7NOVIXjOafboRJ5v8hBXCBUAczlb6S', 4535, '2023-12-03 08:31:01', '2024-01-03 08:31:01', '2023-12-03 05:31:01', '2023-12-03 05:31:01', NULL),
(1261, '0723852543', '2000', '37', '1', '$2y$10$iQ9uqFi6qN./Ndc4msZiVuEXSrg8h4WY9ZtiTsH7JXSOVZ.7NZPNq', 4536, '2023-12-03 08:31:01', '2024-01-03 08:31:01', '2023-12-03 05:31:01', '2023-12-03 05:31:01', NULL),
(1262, '0722526799', '2500', '38', '1', '$2y$10$3MopyKmVnq2deGetB.M5C.iP9wBbY7.hMid3Xa1ImjYdihc/mlKMa', 4537, '2023-12-03 08:31:01', '2024-01-03 08:31:01', '2023-12-03 05:31:01', '2023-12-03 05:31:01', NULL),
(1263, '0725783726', '1500', '35', '1', '$2y$10$RmMx02/bi2wlUZrMYvJSpuYTQDM/ZAMnDhpPl4XwK0wKC9eImF9/2', 4538, '2023-12-03 08:31:02', '2024-01-03 08:31:02', '2023-12-03 05:31:02', '2023-12-03 05:31:02', NULL),
(1264, '0711501414', '1500', '35', '1', '$2y$10$35VKoouZmNqsQaOFq9U7UetapCW60sCfbWE4lqygJCw32r/0KB1Ky', 4539, '2023-12-03 08:31:02', '2024-01-03 08:31:02', '2023-12-03 05:31:02', '2023-12-03 05:31:02', NULL),
(1265, '0706359552', '2000', '37', '1', '$2y$10$lDDz2h/CWcypHe97I3za4OFrBqUydJgGyr5b0vri5hS1wKBlLwjqC', 4540, '2023-12-03 08:31:02', '2024-01-03 08:31:02', '2023-12-03 05:31:02', '2023-12-03 05:31:02', NULL),
(1266, '0724619142', '1500', '35', '1', '$2y$10$/Neblnte0Ej2xxrZCxBgcu9VoewKowu/d2yeN79I47vZQ.vVQx2oi', 4541, '2023-12-03 08:31:02', '2024-01-03 08:31:02', '2023-12-03 05:31:02', '2023-12-03 05:31:02', NULL),
(1267, '0723638663', '1500', '35', '1', '$2y$10$slmtBrWqWc3bUc15jd/eceH3rmK1zv8JpYF3BkonS3umD0MOF2/ea', 4542, '2023-12-03 08:31:03', '2024-01-03 08:31:03', '2023-12-03 05:31:03', '2023-12-03 05:31:03', NULL),
(1268, '0727564875', '1500', '35', '1', '$2y$10$iWX1Oi52WryytonlQzPrIOm1c7C.AU.czSTqGXh8ExBy9aGX77PU2', 4543, '2023-12-03 08:31:03', '2024-01-03 08:31:03', '2023-12-03 05:31:03', '2023-12-03 05:31:03', NULL),
(1269, '0722650556', '1500', '35', '1', '$2y$10$kBqf/U2K1..umMX9C6YK4euI0BWhQS/Lqveyk5Q0/lcBsSdgQcUlK', 4544, '2023-12-03 08:31:03', '2024-01-03 08:31:03', '2023-12-03 05:31:03', '2023-12-03 05:31:03', NULL),
(1270, '0726496973', '1500', '35', '1', '$2y$10$UNSDcY7/9Nrhn/5pDD4xMujTvfU8R1JtPHSDN1s5w8FRsGppro0kK', 4545, '2023-12-03 08:31:03', '2024-01-03 08:31:03', '2023-12-03 05:31:03', '2023-12-03 05:31:03', NULL),
(1271, '0795845939', '2000', '37', '1', '$2y$10$el3K0IDLn4Wq467QZGp19uih9pvSQG2B1MIsN6BiCPc5kW5i50mey', 4546, '2023-12-03 08:31:03', '2024-01-03 08:31:03', '2023-12-03 05:31:03', '2023-12-03 05:31:03', NULL),
(1272, '0720712708', '1500', '35', '1', '$2y$10$h3Nmma8j0f3vaP8ItRvis.nSSbrhuj5OHWgKas5KIUVlA4GaZT2EG', 4547, '2023-12-03 08:31:04', '2024-01-03 08:31:04', '2023-12-03 05:31:04', '2023-12-03 05:31:04', NULL),
(1273, '0707974654', '1500', '35', '1', '$2y$10$1uc6STGOTxS4/kussv7QH.itostWXaBE0kfB3KsKx4HNWKhNq4WvS', 4548, '2023-12-03 08:31:04', '2024-01-03 08:31:04', '2023-12-03 05:31:04', '2023-12-03 05:31:04', NULL),
(1274, '0722320253', '2000', '37', '1', '$2y$10$bW/uy5KajKlgcZcEsddBNuoFzJ3/dzEVKTCcHTypo6.RetzuMaZ3m', 4549, '2023-12-03 08:31:04', '2024-01-03 08:31:04', '2023-12-03 05:31:04', '2023-12-03 05:31:04', NULL),
(1275, '0722771392', '1500', '35', '1', '$2y$10$hW6.Kzdmnlwg6fu9d3Lfo.zaE6WogTrOx891hYIVL.rgMqjiIKnnW', 4550, '2023-12-03 08:31:04', '2024-01-03 08:31:04', '2023-12-03 05:31:04', '2023-12-03 05:31:04', NULL),
(1276, '0708354982', '2000', '37', '1', '$2y$10$cnk1hs1J7CcOSPAWvJtMD.1AktJCdnYsbRbmqiJI0sSOqzikdi/C2', 4551, '2023-12-03 08:31:04', '2024-01-03 08:31:04', '2023-12-03 05:31:04', '2023-12-03 05:31:04', NULL),
(1277, '0701091843', '1500', '35', '1', '$2y$10$m4yZkQAPvLyVPt2jJSjKrOS7AkdTV7n26bVw3UwWG.h5ylIR/lABy', 4552, '2023-12-03 08:31:05', '2024-01-03 08:31:05', '2023-12-03 05:31:05', '2023-12-03 05:31:05', NULL),
(1278, '0746568037', '1500', '35', '1', '$2y$10$3NP9Nw3MNdNH.fzb9GCKUeoySONzLriegEkn/lGUhttwiD2psGh8a', 4553, '2023-12-03 08:31:05', '2024-01-03 08:31:05', '2023-12-03 05:31:05', '2023-12-03 05:31:05', NULL),
(1279, '0711465517', '1500', '35', '1', '$2y$10$49AvkIeJjYGdujFSPYrrsuL5rC8nzrxllMOz7EUQLnQnY6lNOS4xe', 4554, '2023-12-03 08:31:05', '2024-01-03 08:31:05', '2023-12-03 05:31:05', '2023-12-03 05:31:05', NULL),
(1280, '0722241133', '1500', '35', '1', '$2y$10$8iSXCHlwj2aLp.DisW6fTusTVReNrgJCjD0o6QMdJw5KmcrsJ/Zje', 4555, '2023-12-03 08:31:05', '2024-01-03 08:31:05', '2023-12-03 05:31:05', '2023-12-03 05:31:05', NULL),
(1281, '0722148006', '2500', '38', '1', '$2y$10$VhUPJcTs.T5YQ9e/zBwEiOYgDyUUw5tmOF7/nySe4DL0EeTUT7W52', 4556, '2023-12-03 08:31:05', '2024-01-03 08:31:05', '2023-12-03 05:31:05', '2023-12-03 05:31:05', NULL),
(1282, '0718376195', '1500', '35', '1', '$2y$10$ed/L4ZXiDu7BmtOAuuO4F.yJ9MpYjwLnpHVtj8ljUt6Gg7DsF833W', 4557, '2023-12-03 08:31:06', '2024-01-03 08:31:06', '2023-12-03 05:31:06', '2023-12-03 05:31:06', NULL),
(1283, '079126078', '1500', '35', '1', '$2y$10$7w6TnkcGXz3MljP0HwluiuunM.eVhP6EvkSJhJGKSnhsj1m9hB9te', 4558, '2023-12-03 08:31:06', '2024-01-03 08:31:06', '2023-12-03 05:31:06', '2023-12-03 05:31:06', NULL),
(1284, '0745075879', '1500', '35', '1', '$2y$10$dMa3l4hTSE5prT8FXZ.YoOjaJUmi/0BMol35eD5vNsoQO16JeT/TG', 4559, '2023-12-03 08:31:06', '2024-01-03 08:31:06', '2023-12-03 05:31:06', '2023-12-03 05:31:06', NULL),
(1285, '0723543300', '3000', '40', '1', '$2y$10$xW18MqeNNDTh0B/5FBOg6ejXc2kvgIy15X8PIBfpJJ2T3/pVVv2fC', 4560, '2023-12-03 08:31:06', '2024-01-03 08:31:06', '2023-12-03 05:31:06', '2023-12-03 05:31:06', NULL),
(1286, '0725998179', '1500', '35', '1', '$2y$10$5xKdohCCfIRv9YGVA2JNWeeca/NMt7m8z00Qk/NoGyQrf2p6YFa3q', 4561, '2023-12-03 08:31:07', '2024-01-03 08:31:07', '2023-12-03 05:31:07', '2023-12-03 05:31:07', NULL),
(1287, '0758140035', '1500', '35', '1', '$2y$10$54juzJ19IrBRl6H963KaGuqD22S.mfC5UoqJ9S.l/MFae4dkj57Ue', 4562, '2023-12-03 08:31:07', '2024-01-03 08:31:07', '2023-12-03 05:31:07', '2023-12-03 05:31:07', NULL),
(1288, '0708646066', '2000', '37', '1', '$2y$10$IkstiZFF2DxM20UTbCRxQOrx/NM2RaMJq9JoWI9TA0grrX0KIo5By', 4563, '2023-12-03 08:31:07', '2024-01-03 08:31:07', '2023-12-03 05:31:07', '2023-12-03 05:31:07', NULL),
(1289, '0796199790', '1500', '35', '1', '$2y$10$4veYKokvbhEtFmEmIAtC4etsaLrSOsxF/7OqQ1X6EsTf.b5xco59.', 4564, '2023-12-03 08:31:07', '2024-01-03 08:31:07', '2023-12-03 05:31:07', '2023-12-03 05:31:07', NULL),
(1290, '0723359815', '3500', '41', '1', '$2y$10$FB8RCnWEY6gDc3j014eiTOX7gNiOou/4Z2cqfHRDt2owTnnGwucle', 4565, '2023-12-03 08:31:07', '2024-01-03 08:31:07', '2023-12-03 05:31:07', '2023-12-03 05:31:07', NULL),
(1291, '0727269058', '2500', '38', '1', '$2y$10$KksLZEZYB12TYtfg6wW3AOkLWqiSr/vcAMa28ZJqv6T5P8GcQSM3y', 4566, '2023-12-03 08:31:08', '2024-01-03 08:31:08', '2023-12-03 05:31:08', '2023-12-03 05:31:08', NULL),
(1292, '0723445493', '2000', '37', '1', '$2y$10$3ACmj.Yh7pTkZUOubEfhOuSxONmxEeSkzoeixFl1CxoDoZGGPcmie', 4567, '2023-12-03 08:31:08', '2024-01-03 08:31:08', '2023-12-03 05:31:08', '2023-12-03 05:31:08', NULL),
(1293, '0721243221', '1500', '35', '1', '$2y$10$vtv3rfx7w87xHeJSh9lvs.nvG9duaCSCwZhmrn4BdMbnP93nC/F6a', 4568, '2023-12-03 08:31:08', '2024-01-03 08:31:08', '2023-12-03 05:31:08', '2023-12-03 05:31:08', NULL),
(1294, '0758492465', '1500', '35', '1', '$2y$10$CqVzLI1Z1UkMHKmjaf/tbOkfBATK7AO./SeXaF2LFNvlHYQZluLgK', 4569, '2023-12-03 08:31:08', '2024-01-03 08:31:08', '2023-12-03 05:31:08', '2023-12-03 05:31:08', NULL),
(1295, '0722232277', '2000', '37', '1', '$2y$10$f5UgNMcGvI.LkEvithfPEeSPf7DiykFBGqamjIA.U6.0FeirnwKVm', 4570, '2023-12-03 08:31:08', '2024-01-03 08:31:08', '2023-12-03 05:31:08', '2023-12-03 05:31:08', NULL),
(1296, '0722587465', '1500', '35', '1', '$2y$10$mjyXlbsMMX5/8DNGT3zuCO0c0.lwqoCUKbSktv5sQsyxKQx5zWfbm', 4571, '2023-12-03 08:31:09', '2024-01-03 08:31:09', '2023-12-03 05:31:09', '2023-12-03 05:31:09', NULL),
(1297, '0720976777', '1500', '35', '1', '$2y$10$EovgbXc77DtKGwn.Jc3ET.VGS66cNhhnL9Aqd1a4GYqVkcPIEdh4.', 4572, '2023-12-03 08:31:09', '2024-01-03 08:31:09', '2023-12-03 05:31:09', '2023-12-03 05:31:09', NULL),
(1298, '0792690846', '2000', '37', '1', '$2y$10$k7Ru882e00RCaw.xw.Vc8uTUY7HPFsTQunyWqONEBxeFbnRK5lNzG', 4573, '2023-12-03 08:31:09', '2024-01-03 08:31:09', '2023-12-03 05:31:09', '2023-12-03 05:31:09', NULL),
(1299, '0726140006', '1500', '35', '1', '$2y$10$z7WoHQMKbAzcQjIFvWYeWO2x1Bg25qzcP6hnxGl5BfY4H7FgLSuZa', 4574, '2023-12-03 08:31:09', '2024-01-03 08:31:09', '2023-12-03 05:31:09', '2023-12-03 05:31:09', NULL),
(1300, '0723867513', '1500', '35', '1', '$2y$10$GZiyyVX4ajf0lFqHlYAo1Ou6.B0Nb0ok/K.1aYs0EQGl2CoXmdO4e', 4575, '2023-12-03 08:31:10', '2024-01-03 08:31:10', '2023-12-03 05:31:10', '2023-12-03 05:31:10', NULL),
(1301, '0790371666', '1500', '35', '1', '$2y$10$Isx5tNbCvshtPNtxOHy7Eegvfohh0zBRmvH5VMgPKtu83PBEYIdFW', 4576, '2023-12-03 08:31:10', '2024-01-03 08:31:10', '2023-12-03 05:31:10', '2023-12-03 05:31:10', NULL),
(1302, '0724944596', '1500', '35', '1', '$2y$10$CCy67KCvWCzStQJviq5StOTuZ0b3WszLRECU7eDqSoUkUHQs//MVO', 4577, '2023-12-03 08:31:10', '2024-01-03 08:31:10', '2023-12-03 05:31:10', '2023-12-03 05:31:10', NULL),
(1303, '0721339494', '2000', '37', '1', '$2y$10$iNo/i7Ae8q6E236WHJpiBuOxheP1NLnRD6mV18KIY3o48Mq3Vb.nG', 4578, '2023-12-03 08:31:10', '2024-01-03 08:31:10', '2023-12-03 05:31:10', '2023-12-03 05:31:10', NULL),
(1304, '0704834326', '1500', '35', '1', '$2y$10$3I/hauCw5lunC1NjKM1ik.DodJ4b.D2jz5XzNUWASbtOnLkXg9/x6', 4579, '2023-12-03 08:31:11', '2024-01-03 08:31:11', '2023-12-03 05:31:11', '2023-12-03 05:31:11', NULL),
(1305, '0721881588', '2000', '37', '1', '$2y$10$J3SjV8GVJvVtcGV6eOMJzecLqvoCIF6lmezvA4gk4IyJUqWWDkAiC', 4580, '2023-12-03 08:31:11', '2024-01-03 08:31:11', '2023-12-03 05:31:11', '2023-12-03 05:31:11', NULL),
(1306, '0716754122', '1500', '35', '1', '$2y$10$X.YxIiHLF2xKpgwdfKX3geZpIzVc.rm60vmSvt/jxHjsuIi.wGOXi', 4581, '2023-12-03 08:31:11', '2024-01-03 08:31:11', '2023-12-03 05:31:11', '2023-12-03 05:31:11', NULL),
(1307, '0', '1500', '35', '1', '$2y$10$A.9BlperSx/VEGXOHuCNJOVSAF8Nulb9GKiMMxklYPdOa4DAxoFQO', 4582, '2023-12-03 08:31:11', '2024-01-03 08:31:11', '2023-12-03 05:31:11', '2023-12-03 05:31:11', NULL),
(1308, '0726815853', '3000', '40', '1', '$2y$10$IXFnpBkbJ4nS7ULQ2w7dyeIuSNBy8QJ9YFGDOz7.60hEdcLZl/11G', 4583, '2023-12-03 08:31:11', '2024-01-03 08:31:11', '2023-12-03 05:31:11', '2023-12-03 05:31:11', NULL),
(1309, '0725663708', '1500', '35', '1', '$2y$10$rvkqxC74dUCTZvBYVVOiN.zB3Ld/D4zWKh41BPauf8JOkoOlq2RJq', 4584, '2023-12-03 08:31:12', '2024-01-03 08:31:12', '2023-12-03 05:31:12', '2023-12-03 05:31:12', NULL),
(1310, '0790474664', '1500', '35', '1', '$2y$10$ujPj4NVar4ty9yunCM.Nke6hJnIyfreN/vASC8o7JpgCX12TP9e1K', 4585, '2023-12-03 08:31:12', '2024-01-03 08:31:12', '2023-12-03 05:31:12', '2023-12-03 05:31:12', NULL),
(1311, '0792645528', '1500', '35', '1', '$2y$10$clA6q1aHtsr0xFvxS0vcYeh5ApbPhmfl4uxhUHEmaBYXaDNa/06T6', 4586, '2023-12-03 08:31:12', '2024-01-03 08:31:12', '2023-12-03 05:31:12', '2023-12-03 05:31:12', NULL),
(1312, '0797003430', '1500', '35', '1', '$2y$10$fj6FQmWybDKqzJucCDHgUu4iZoVdA5rm/KZNawh.2ixLPbRhzuYKe', 4587, '2023-12-03 08:31:12', '2024-01-03 08:31:12', '2023-12-03 05:31:12', '2023-12-03 05:31:12', NULL),
(1313, '0702390891', '1500', '35', '1', '$2y$10$zl4Tm29L.7mZplZBYhkxJeUrrWVpScRMDUdFFJUJZCvGjiY0Lp0YK', 4588, '2023-12-03 08:31:13', '2024-01-03 08:31:13', '2023-12-03 05:31:13', '2023-12-03 05:31:13', NULL),
(1314, '0721971339', '2000', '37', '1', '$2y$10$YtH.uOUxJCFSd4puE1xSGOG7teSXn0TonFq7lEMZpHxxBYlNxaAde', 4589, '2023-12-03 08:31:13', '2024-01-03 08:31:13', '2023-12-03 05:31:13', '2023-12-03 05:31:13', NULL),
(1315, '0721891194', '2000', '37', '1', '$2y$10$/7I8l3qo1lBc6Ex6Wfrj5OrMhOEhrrh2NFlJ6Lcui6zKy34FLGtr6', 4590, '2023-12-03 08:31:13', '2024-01-03 08:31:13', '2023-12-03 05:31:13', '2023-12-03 05:31:13', NULL),
(1316, '0719373277', '2000', '37', '1', '$2y$10$WNQ/Bps.XF1hI7UQBpFxCOuGVR87Afx51.Tnrs57UK7OzdxlRK.JW', 4591, '2023-12-03 08:31:13', '2024-01-03 08:31:13', '2023-12-03 05:31:13', '2023-12-03 05:31:13', NULL),
(1317, '0727871541', '1500', '35', '1', '$2y$10$4Z7tjFanG7JzfdLzH1BWp.ozQomIW2339EDDL8qAzC/3j2uCpJZvm', 4592, '2023-12-03 08:31:13', '2024-01-03 08:31:13', '2023-12-03 05:31:13', '2023-12-03 05:31:13', NULL),
(1318, '0721156494', '2000', '37', '1', '$2y$10$aix1QSfTMwmKUVmpkd.3yOCh2Qfunh7.RjRjhvZwK5z53LiJiyi3e', 4593, '2023-12-03 08:31:14', '2024-01-03 08:31:14', '2023-12-03 05:31:14', '2023-12-03 05:31:14', NULL),
(1319, '0720483052', '2000', '37', '1', '$2y$10$GeR7TvwRsCIasf2O0ybe1eGRn/1K.Ak3tRMOu29e/m3kLUPJWnJOC', 4594, '2023-12-03 08:31:14', '2024-01-03 08:31:14', '2023-12-03 05:31:14', '2023-12-03 05:31:14', NULL),
(1320, '0796915437', '1500', '35', '1', '$2y$10$VtuzrC/STWCcswvzXIYDw.yJyuHgdYPnfK1TZxsEwdRJ3qYUkE4ri', 4595, '2023-12-03 08:31:14', '2024-01-03 08:31:14', '2023-12-03 05:31:14', '2023-12-03 05:31:14', NULL),
(1321, '0743354699', '1500', '35', '1', '$2y$10$dGOTmUfqdZ0rVmVj9Uur7uxJ0QDGW2PPuHAmKhmVpVZhY/fXwNnke', 4596, '2023-12-03 08:31:14', '2024-01-03 08:31:14', '2023-12-03 05:31:14', '2023-12-03 05:31:14', NULL),
(1322, '0745853024', '2500', '38', '1', '$2y$10$6oj066cDD4DgTxTqpTl2p.IRekkFTBi1CuTuQpHEOSwCHNSjBkcv6', 4597, '2023-12-03 08:31:15', '2024-01-03 08:31:15', '2023-12-03 05:31:15', '2023-12-03 05:31:15', NULL),
(1323, '0720901388', '2000', '37', '1', '$2y$10$Nb2KrdWoBoW64eTVqDE55..PrDqGk/YBmxrRULzkaesJwnykXPNBe', 4598, '2023-12-03 08:31:15', '2024-01-03 08:31:15', '2023-12-03 05:31:15', '2023-12-03 05:31:15', NULL),
(1324, '0745065538', '2000', '37', '1', '$2y$10$jyAInWoUSLLdHI5Kmxsm9.d5UAND8VmqGjDAEOS3WgcCI1LXJuOOK', 4599, '2023-12-03 08:31:15', '2024-01-03 08:31:15', '2023-12-03 05:31:15', '2023-12-03 05:31:15', NULL),
(1325, '0707639199', '2000', '37', '1', '$2y$10$ZUwVn52G6zSVd0cAK2AtA.K5W84koXkU52unkfJYnvnYRjWpZEp.i', 4600, '2023-12-03 08:31:15', '2024-01-03 08:31:15', '2023-12-03 05:31:15', '2023-12-03 05:31:15', NULL),
(1326, '0717870346', '2500', '38', '1', '$2y$10$eki7p328pU7uz1xuZag2IeFyXav2JO9vheK4jfAd/I9kEdFajdi/a', 4601, '2023-12-03 08:31:16', '2024-01-03 08:31:16', '2023-12-03 05:31:16', '2023-12-03 05:31:16', NULL),
(1327, '0716976224', '2000', '37', '1', '$2y$10$KVVDI1MV4vmOMiQURZzHdu3RePN0fnd81Es4I.GMHWJCzOMP2ZqXK', 4602, '2023-12-03 08:31:16', '2024-01-03 08:31:16', '2023-12-03 05:31:16', '2023-12-03 05:31:16', NULL),
(1328, '0720215279', '2000', '37', '1', '$2y$10$KSLciNaiNj/zeIZ9zsAnhup1oQavjQEPLzfvWyV6LBY8Gkoql9u72', 4603, '2023-12-03 08:31:16', '2024-01-03 08:31:16', '2023-12-03 05:31:16', '2023-12-03 05:31:16', NULL),
(1329, '0717684100', '1500', '35', '1', '$2y$10$aygruDTEIU8ITPb2MVyij.c2QXqbfxXU4/GOl1qJd4.vN/96QM7B6', 4604, '2023-12-03 08:31:16', '2024-01-03 08:31:16', '2023-12-03 05:31:16', '2023-12-03 05:31:16', NULL),
(1330, '0700686108', '1500', '35', '1', '$2y$10$2JwjnehNagjDgTh2Hvzu6O7z4GGyxv4WfPdfMwGfNCkJiMGZ7sn72', 4605, '2023-12-03 08:31:16', '2024-01-03 08:31:16', '2023-12-03 05:31:16', '2023-12-03 05:31:16', NULL),
(1331, '0797237110', '2000', '37', '1', '$2y$10$dA/ygH3AeP7Su9zDbryTF.acOFFF9ZtTKCDtXzx2nl6W0RN3O6Eoi', 4606, '2023-12-03 08:31:17', '2024-01-03 08:31:17', '2023-12-03 05:31:17', '2023-12-03 05:31:17', NULL),
(1332, '0725092159', '1500', '35', '1', '$2y$10$OuJa46sX2MIti5WbqsnRK.sMvH0m/lvTd8Am4rvJRjO4kxjIOpzJy', 4607, '2023-12-03 08:31:17', '2024-01-03 08:31:17', '2023-12-03 05:31:17', '2023-12-03 05:31:17', NULL),
(1333, '0743471520', '2000', '37', '1', '$2y$10$HVYzluEim9PRK21dK99bm.FpYZCFRe7kH4AiWChauMsolyqtkYZyG', 4608, '2023-12-03 08:31:17', '2024-01-03 08:31:17', '2023-12-03 05:31:17', '2023-12-03 05:31:17', NULL),
(1334, '0719382286', '1500', '35', '1', '$2y$10$jbsvC9xwQAR.XXLRZ6F4lOPEVmQbOJHfINRVmdpfwptyYMD/MjYU.', 4609, '2023-12-03 08:31:17', '2024-01-03 08:31:17', '2023-12-03 05:31:17', '2023-12-03 05:31:17', NULL),
(1335, '0114863019', '2000', '37', '1', '$2y$10$mZrHn9y.HcjC6XCxhNXXmu84zDYR5NnnClcTXNzXHra7EDajJszyG', 4610, '2023-12-03 08:31:18', '2024-01-03 08:31:18', '2023-12-03 05:31:18', '2023-12-03 05:31:18', NULL),
(1336, '0705581071', '1500', '35', '1', '$2y$10$JI0S7g3a.B/oHzvWV9XRkeeToJcyJIEmvZa.6shECApYxEO57QIFG', 4611, '2023-12-03 08:31:18', '2024-01-03 08:31:18', '2023-12-03 05:31:18', '2023-12-03 05:31:18', NULL),
(1337, '0728831611', '2000', '37', '1', '$2y$10$d7deYGDcPnqT.3UddKfPjOxLvJCsN.J.4PVj5mFhbdYx1vXTIK5um', 4612, '2023-12-03 08:31:18', '2024-01-03 08:31:18', '2023-12-03 05:31:18', '2023-12-03 05:31:18', NULL),
(1338, '0718658112', '1500', '35', '1', '$2y$10$hsEseI1IfefXWYpvbss.BOK8BdO2UFYAJEd3n9pTxUG1nM4z4bNw.', 4613, '2023-12-03 08:31:18', '2024-01-03 08:31:18', '2023-12-03 05:31:18', '2023-12-03 05:31:18', NULL),
(1339, '0720027726', '2000', '37', '1', '$2y$10$pXLYkKfyWBHR6kDfMFBW/uMXUEEA.ASlF56yax88aTk8mCueYBqoW', 4614, '2023-12-03 08:31:19', '2024-01-03 08:31:19', '2023-12-03 05:31:19', '2023-12-03 05:31:19', NULL),
(1340, '0758836937', '2000', '37', '1', '$2y$10$9aWged5UQ.WSiWwsu1MtY.hSl8phaX1tBjWknLI1aXaGrDoPcdOQG', 4615, '2023-12-03 08:31:19', '2024-01-03 08:31:19', '2023-12-03 05:31:19', '2023-12-03 05:31:19', NULL),
(1341, '0713120251', '2000', '37', '1', '$2y$10$m88ln3F3ti35bBavgjtJfOIz6paYdzAThdZ7DRklhvnQx8LmBq0Vm', 4616, '2023-12-03 08:31:19', '2024-01-03 08:31:19', '2023-12-03 05:31:19', '2023-12-03 05:31:19', NULL),
(1342, '0748712858', '2000', '37', '1', '$2y$10$7EVphJqqKTwmvBIZ4snE4ugne.7QwPUF5p6txTlJc/tYH3fW1tucm', 4617, '2023-12-03 08:31:19', '2024-01-03 08:31:19', '2023-12-03 05:31:19', '2023-12-03 05:31:19', NULL),
(1343, '0721448269', '2000', '37', '1', '$2y$10$amTvj2L7qzIn2JBSc1HkxOqBIvCFSK3CkaZX2iviL2j00VfSpsQ.i', 4618, '2023-12-03 08:31:20', '2024-01-03 08:31:20', '2023-12-03 05:31:20', '2023-12-03 05:31:20', NULL),
(1344, '0721612034', '2000', '37', '1', '$2y$10$z95GahnnmKA.BNPctPnoxOCwLI/RS4jfrQGYz.lRLaPCPB4ea7HNq', 4619, '2023-12-03 08:31:20', '2024-01-03 08:31:20', '2023-12-03 05:31:20', '2023-12-03 05:31:20', NULL),
(1345, '0722873744', '2000', '37', '1', '$2y$10$XVS9m8/QmiCBdWM.GDI9zO.X6yPyVFiaQsLlHakJfxYcLnWkvDbv6', 4620, '2023-12-03 08:31:20', '2024-01-03 08:31:20', '2023-12-03 05:31:20', '2023-12-03 05:31:20', NULL),
(1346, '0720551845', '2000', '37', '1', '$2y$10$J09ZZkWNhccjdu7rN3oV2e3wVCCC8uMhcKcwEqYb5KYY5/3Syqnp6', 4621, '2023-12-03 08:31:20', '2024-01-03 08:31:20', '2023-12-03 05:31:20', '2023-12-03 05:31:20', NULL),
(1347, '0703402130', '2000', '37', '1', '$2y$10$qc00HCIbMU14t4UPd.qfteoGsGhpDml.Duegi57dGytUDeJR8dgUS', 4622, '2023-12-03 08:31:20', '2024-01-03 08:31:20', '2023-12-03 05:31:20', '2023-12-03 05:31:20', NULL),
(1348, '0706069866', '2000', '37', '1', '$2y$10$P0iAwlD9sN8VUhMaZpMlWeQ.rkXZ4pLk/dKUvgSOR42cFxVEUOqfK', 4623, '2023-12-03 08:31:21', '2024-01-03 08:31:21', '2023-12-03 05:31:21', '2023-12-03 05:31:21', NULL),
(1349, '0724202309', '2000', '37', '1', '$2y$10$9/vcsbzD/9LmGVmgvbs72eUQv2ap3s1Zwfll49XDEF1pZ9rOMuPtS', 4624, '2023-12-03 08:31:21', '2024-01-03 08:31:21', '2023-12-03 05:31:21', '2023-12-03 05:31:21', NULL),
(1350, '0723988461', '2000', '37', '1', '$2y$10$ZFk4D.l9/duy9n2/7CBB1u/H0Y0DjjaTtxTXRzvNHJ4KKoXjXp/Ae', 4625, '2023-12-03 08:31:21', '2024-01-03 08:31:21', '2023-12-03 05:31:21', '2023-12-03 05:31:21', NULL),
(1351, '0725019157', '2000', '37', '1', '$2y$10$eOp9xOEJmqwWifc6GzFvmueS1wyz3.ubDVb6wmqP27453zvj3OM2G', 4626, '2023-12-03 08:31:21', '2024-01-03 08:31:21', '2023-12-03 05:31:21', '2023-12-03 05:31:21', NULL),
(1352, '0703486317', '3000', '40', '1', '$2y$10$WVMSUBGNPSL9gSiyZowHrOdFJHDUMXrnmg0nMZfm9bL4jHdUmIccC', 4627, '2023-12-03 08:31:21', '2024-01-03 08:31:21', '2023-12-03 05:31:21', '2023-12-03 05:31:21', NULL),
(1353, '0113261332', '2000', '37', '1', '$2y$10$FYE2HTj/hyh8I5ntLwYDYunITrIs4Ig8HH7iURqgKjDtvVcH4uUFu', 4628, '2023-12-03 08:31:22', '2024-01-03 08:31:22', '2023-12-03 05:31:22', '2023-12-03 05:31:22', NULL),
(1354, '0722841157', '2000', '37', '1', '$2y$10$AfqMeItGh.4YWUY0cuneCOTfYB2OjwmmAYl0jkyb0kX0foEm7t/v2', 4629, '2023-12-03 08:31:22', '2024-01-03 08:31:22', '2023-12-03 05:31:22', '2023-12-03 05:31:22', NULL),
(1355, '0717251081', '2000', '37', '1', '$2y$10$OvAH5vs5KA0AJV1mvAk1hO/7nlg60OUbV2QJCYJnmomTUw/EQ2Gc.', 4630, '2023-12-03 08:31:22', '2024-01-03 08:31:22', '2023-12-03 05:31:22', '2023-12-03 05:31:22', NULL),
(1356, '0706394729', '2500', '38', '1', '$2y$10$Zr43O2Vx1AHQB.MQPFQuzeA58YVihEKAc2U2Pwg8QzdAmhql2EKPa', 4631, '2023-12-03 08:31:23', '2024-01-03 08:31:23', '2023-12-03 05:31:23', '2023-12-03 05:31:23', NULL),
(1357, '0112235829', '2000', '37', '1', '$2y$10$.uaRN9PB4sSVdwBA9fkZ6.S3wITvXDigVD3nCbyj2Rh9Bi.NdaUD.', 4632, '2023-12-03 08:31:23', '2024-01-03 08:31:23', '2023-12-03 05:31:23', '2023-12-03 05:31:23', NULL),
(1358, '0722897546', '2000', '37', '1', '$2y$10$ndzLybTv2FwSX2qwyDXYOegXAYz37GS2yn5JYSu6i9MJx4toii2OG', 4633, '2023-12-03 08:31:23', '2024-01-03 08:31:23', '2023-12-03 05:31:23', '2023-12-03 05:31:23', NULL),
(1359, '0725469110', '2000', '37', '1', '$2y$10$dI9aAjnERuBA6xcihtLijOPxJnLnkBdlJ.05v50s6SMHHjSvQqiYK', 4634, '2023-12-03 08:31:23', '2024-01-03 08:31:23', '2023-12-03 05:31:23', '2023-12-03 05:31:23', NULL),
(1360, '0791859880', '2000', '37', '1', '$2y$10$4qv6mvjLs6RAnLCkI4yXuO8YFWL1fklj1hKFMPWOZgaLxCZVo3YTq', 4635, '2023-12-03 08:31:23', '2024-01-03 08:31:23', '2023-12-03 05:31:23', '2023-12-03 05:31:23', NULL),
(1361, '0741306185', '2000', '37', '1', '$2y$10$iqinFpdOPo3g4E/Tsu0z7.9nZl04YUszXIRQOdKoJrekXa99WKbZa', 4636, '2023-12-03 08:31:24', '2024-01-03 08:31:24', '2023-12-03 05:31:24', '2023-12-03 05:31:24', NULL),
(1362, '0745545147', '2000', '37', '1', '$2y$10$w4fvRdxli0CnFsYY9NNJGeT4czP.VDDLQzChdveyBuyH7S82A4ddy', 4637, '2023-12-03 08:31:24', '2024-01-03 08:31:24', '2023-12-03 05:31:24', '2023-12-03 05:31:24', NULL),
(1363, '0714349555', '2000', '37', '1', '$2y$10$M6HSOxH/heZagVwt5Eo3z.0QIsO.fFaGF0ZC0E78U5YKxwVT1fIZO', 4638, '2023-12-03 08:31:24', '2024-01-03 08:31:24', '2023-12-03 05:31:24', '2023-12-03 05:31:24', NULL),
(1364, '0725530807', '3000', '40', '1', '$2y$10$Bz456GnWZaT/KCr6vK/AMOZoPjtlHiKpqLJRMCSEgeFP1pvP8.qaO', 4639, '2023-12-03 08:31:24', '2024-01-03 08:31:24', '2023-12-03 05:31:24', '2023-12-03 05:31:24', NULL),
(1365, '0724104789', '2000', '37', '1', '$2y$10$UzaMq/KCWMwpDfq0ELT2lOHpq4SZjudIOTQCjZ4Iinl7OelRUgn8G', 4640, '2023-12-03 08:31:24', '2024-01-03 08:31:24', '2023-12-03 05:31:24', '2023-12-03 05:31:24', NULL),
(1366, '0708081836', '2000', '37', '1', '$2y$10$ifB9xmuy9HhctjvAxN.nPuayNUIXjL5FrN9eqEaTRzrGHSoJ.IPU2', 4641, '2023-12-03 08:31:25', '2024-01-03 08:31:25', '2023-12-03 05:31:25', '2023-12-03 05:31:25', NULL),
(1367, '0722139537', '2000', '37', '1', '$2y$10$UY32x4X9l1lbciqwqcPMdOT1qJWKXD7UIklhRPXFFB8jw5l3UELCu', 4642, '2023-12-03 08:31:25', '2024-01-03 08:31:25', '2023-12-03 05:31:25', '2023-12-03 05:31:25', NULL),
(1368, '0724626485', '2000', '37', '1', '$2y$10$nkWJ.BSRL4/pjepuFxWICe25cHYL90mIxPrHkDBH9TJb1RZW3LDQu', 4643, '2023-12-03 08:31:25', '2024-01-03 08:31:25', '2023-12-03 05:31:25', '2023-12-03 05:31:25', NULL),
(1369, '094444444', '2000', '37', '0', '$2y$10$mC3bs55Mt3X5XD4tVCX2oejV4NFANfCFnA43lXaOGfM7X51wt50mS', 4644, '2023-12-01 13:30:07', '2024-01-01 13:30:07', '2023-12-03 10:05:46', '2023-12-03 11:24:43', NULL),
(1370, '094444444', '2000', '37', '0', '$2y$10$mC3bs55Mt3X5XD4tVCX2oejV4NFANfCFnA43lXaOGfM7X51wt50mS', 4644, '2023-12-01 13:30:07', '2024-01-01 13:30:07', '2023-12-03 10:25:50', '2023-12-03 11:24:43', NULL),
(1374, '094444444', '2000', '37', '0', '$2y$10$HYap4yDviuXVEiQCdPTn6.LaouJCw04/2LQVyn7LHEnLDQHwTf7da', 4644, '2023-12-03 14:24:11', '2024-01-03 14:24:11', '2023-12-03 11:24:11', '2023-12-03 11:24:43', NULL),
(1375, '0711675033', '2000', '37', '1', '1234', 4647, '2023-12-06 18:24:28', '2024-01-06 18:24:28', '2023-12-06 15:24:28', '2023-12-06 15:24:28', NULL);

-- --------------------------------------------------------

--
-- Table structure for table `teams`
--

CREATE TABLE `teams` (
  `id` bigint(20) UNSIGNED NOT NULL,
  `user_id` bigint(20) UNSIGNED NOT NULL,
  `name` varchar(255) NOT NULL,
  `personal_team` tinyint(1) NOT NULL,
  `created_at` timestamp NULL DEFAULT NULL,
  `updated_at` timestamp NULL DEFAULT NULL,
  `deleted_at` timestamp NULL DEFAULT NULL
) ENGINE=InnoDB DEFAULT CHARSET=utf8mb4 COLLATE=utf8mb4_unicode_ci;

-- --------------------------------------------------------

--
-- Table structure for table `team_user`
--

CREATE TABLE `team_user` (
  `id` bigint(20) UNSIGNED NOT NULL,
  `team_id` bigint(20) UNSIGNED NOT NULL,
  `user_id` bigint(20) UNSIGNED NOT NULL,
  `role` varchar(255) DEFAULT NULL,
  `created_at` timestamp NULL DEFAULT NULL,
  `updated_at` timestamp NULL DEFAULT NULL,
  `deleted_at` timestamp NULL DEFAULT NULL
) ENGINE=InnoDB DEFAULT CHARSET=utf8mb4 COLLATE=utf8mb4_unicode_ci;

-- --------------------------------------------------------

--
-- Table structure for table `tickets`
--

CREATE TABLE `tickets` (
  `id` bigint(20) UNSIGNED NOT NULL,
  `user_id` varchar(255) DEFAULT NULL,
  `subject` varchar(255) DEFAULT NULL,
  `message` varchar(255) DEFAULT NULL,
  `region` varchar(255) DEFAULT NULL,
  `status` varchar(255) NOT NULL DEFAULT '0',
  `created_at` timestamp NULL DEFAULT NULL,
  `updated_at` timestamp NULL DEFAULT NULL
) ENGINE=InnoDB DEFAULT CHARSET=utf8mb4 COLLATE=utf8mb4_unicode_ci;

--
-- Dumping data for table `tickets`
--

INSERT INTO `tickets` (`id`, `user_id`, `subject`, `message`, `region`, `status`, `created_at`, `updated_at`) VALUES
(3, '4605', 'No nternet', 'I don;t have internet', NULL, '1', '2023-12-03 09:29:52', '2023-12-03 09:39:20'),
(4, '4647', 'No internet', 'No Net please', NULL, '0', '2023-12-06 15:44:04', '2023-12-06 15:44:04'),
(5, '4647', 'No internet', 'No Net please', NULL, '0', '2023-12-06 15:45:11', '2023-12-06 15:45:11'),
(6, '4647', 'Test', 'erertert', NULL, '0', '2023-12-06 15:48:54', '2023-12-06 15:48:54'),
(7, '4647', 'Test', 'erertert', NULL, '1', '2023-12-06 15:50:34', '2023-12-06 15:51:05');

-- --------------------------------------------------------

--
-- Table structure for table `trials`
--

CREATE TABLE `trials` (
  `id` bigint(20) UNSIGNED NOT NULL,
  `username` varchar(255) NOT NULL,
  `address` varchar(255) NOT NULL,
  `mac` varchar(255) NOT NULL,
  `created_at` timestamp NULL DEFAULT NULL,
  `updated_at` timestamp NULL DEFAULT NULL,
  `deleted_at` timestamp NULL DEFAULT NULL
) ENGINE=InnoDB DEFAULT CHARSET=utf8mb4 COLLATE=utf8mb4_unicode_ci;

-- --------------------------------------------------------

--
-- Table structure for table `users`
--

CREATE TABLE `users` (
  `id` bigint(20) UNSIGNED NOT NULL,
  `name` varchar(255) NOT NULL,
  `ip_address` varchar(255) DEFAULT NULL,
  `email` varchar(255) NOT NULL,
  `phone` varchar(255) NOT NULL,
  `mac_address` varchar(255) DEFAULT NULL,
  `role` varchar(255) NOT NULL,
  `status` varchar(500) DEFAULT NULL,
  `email_verified_at` timestamp NULL DEFAULT NULL,
  `password` varchar(255) NOT NULL,
  `remember_token` varchar(100) DEFAULT NULL,
  `created_at` timestamp NULL DEFAULT NULL,
  `updated_at` timestamp NULL DEFAULT NULL,
  `deleted_at` timestamp NULL DEFAULT NULL,
  `location` varchar(255) DEFAULT NULL,
  `region` varchar(255) DEFAULT NULL
) ENGINE=InnoDB DEFAULT CHARSET=utf8mb4 COLLATE=utf8mb4_unicode_ci;

--
-- Dumping data for table `users`
--

INSERT INTO `users` (`id`, `name`, `ip_address`, `email`, `phone`, `mac_address`, `role`, `status`, `email_verified_at`, `password`, `remember_token`, `created_at`, `updated_at`, `deleted_at`, `location`, `region`) VALUES
(1, 'dennis ke', '127.0.0.1', 'admin@admin.com', '00921941300', NULL, '1', NULL, NULL, '$2y$10$37E9nfawGXW82r65GNZRZekXXGl7yG6c3FIjcjcb6SxVWrXE0zl/.', NULL, '2023-10-16 16:11:36', '2023-10-16 16:11:36', NULL, NULL, '2'),
(4413, 'Ruth', NULL, '726002404@email.com', '0726002404', NULL, '2', NULL, NULL, '$2y$10$daEIyhql7XpS124Ioe6EQ.BO/S66fE02V2M.yUpQvNcLtQs8lOv5G', NULL, '2023-12-03 05:30:32', '2023-12-03 05:30:32', NULL, 'Jamala', '2'),
(4414, 'Alex', NULL, '791429723@email.com', '0791429723', NULL, '2', NULL, NULL, '$2y$10$..lXroL5b5qBBVYq9MT5KuJMT/OBl1FVHUzPeVAqpwD/NXV6BKR3.', NULL, '2023-12-03 05:30:32', '2023-12-03 05:30:32', NULL, 'Seasons ', '2'),
(4415, 'Nesh', NULL, '70000000@email.com', '070000000', NULL, '2', NULL, NULL, '$2y$10$P68QHLXyztSCXadd70fm/e6zLEV5OdjKieMEtJMLgTqZF4rgESXsy', NULL, '2023-12-03 05:30:32', '2023-12-03 05:30:32', NULL, 'Nolyne', '2'),
(4416, 'Ruth', NULL, '728879773@email.com', '0728879773', NULL, '2', NULL, NULL, '$2y$10$aZ7Mh4RYhXvwkVBezKSz2eAA14VI46FujLZE5xoTQaldmNt2W0huO', NULL, '2023-12-03 05:30:32', '2023-12-03 05:30:32', NULL, 'Royaltiez', '2'),
(4417, 'Lemmy', NULL, '712133724@email.com', '0712133724', NULL, '2', NULL, NULL, '$2y$10$wl6ADxX8RhBbUCGCyRUjnezP.7DU8S3oN1FbAqTeNPu8vxk/TDt0W', NULL, '2023-12-03 05:30:33', '2023-12-03 05:30:33', NULL, 'Past Levan', '2'),
(4418, 'Julius Mburu', NULL, '723926268@email.com', '0723926268', NULL, '2', NULL, NULL, '$2y$10$R.PkYF6b/g.7GuTsvEdwtu2V8wtex5/203sV8Blx2LeDEQeNPGmY.', NULL, '2023-12-03 05:30:33', '2023-12-03 05:30:33', NULL, 'Dr\'sGarden', '2'),
(4419, 'Njoro Venice', NULL, '728 620848@email.com', '0728 620848', NULL, '2', NULL, NULL, '$2y$10$l1PYg0HiHlATKRFUro69XOIY4Y3qoKgIGacE5fMEaQAiii9TULyUO', NULL, '2023-12-03 05:30:33', '2023-12-03 05:30:33', NULL, 'Venice', '2'),
(4420, 'Christine', NULL, '790948362@email.com', '0790948362', NULL, '2', NULL, NULL, '$2y$10$VDnWC8DQFPr../zWT8JtQuCOn1nYhFmtNJuKaSyQsMAHGm.o/mG7i', NULL, '2023-12-03 05:30:33', '2023-12-03 05:30:33', NULL, 'Hanoi', '2'),
(4421, 'Peter Githaiga', NULL, '721364610@email.com', '0721364610', NULL, '2', NULL, NULL, '$2y$10$7A7JJBa88k1DEKuYf5kZwudkcVdbGexf.ObRwXT4cuTCTE0Y5HR0u', NULL, '2023-12-03 05:30:33', '2023-12-03 05:30:33', NULL, 'Junkie', '2'),
(4422, 'Milkah', NULL, '721201125@email.com', '0721201125', NULL, '2', NULL, NULL, '$2y$10$08eFAPKRhQp4KFDe6qVWL.nLPYjgh1Rf1sNbubBkDbG9jeBozkcKq', NULL, '2023-12-03 05:30:34', '2023-12-03 05:30:34', NULL, 'Junkie', '2'),
(4423, 'Moses Ngugi', NULL, '718694794@email.com', '0718694794', NULL, '2', NULL, NULL, '$2y$10$3MBj4EyXWgS/L6Z8HiWWNOE.0qY5mOjeRxrbEpOd/kmg/3zJwM8cq', NULL, '2023-12-03 05:30:34', '2023-12-03 05:30:34', NULL, 'far toll', '2'),
(4424, 'Nelius Wairimu', NULL, '723558771@email.com', '0723558771', NULL, '2', NULL, NULL, '$2y$10$opddxXL8vWoEQlwS06G1v.CR5GVfzvEpJNMStocBuIqgqU.p.YF/m', NULL, '2023-12-03 05:30:34', '2023-12-03 05:30:34', NULL, 'Dorric', '2'),
(4425, 'Antony', NULL, '701587285@email.com', '0701587285', NULL, '2', NULL, NULL, '$2y$10$3j0icK1KtuijTqUbDKd1LedIOVWbAElRdQr8sHNcf91/rkrQf2P06', NULL, '2023-12-03 05:30:34', '2023-12-03 05:30:34', NULL, 'seasons ', '2'),
(4426, 'Jack Aunties', NULL, '720631028@email.com', '0720631028', NULL, '2', NULL, NULL, '$2y$10$K6Vdxk0Qb3Eo1Vq6QNhkHuPy2ptYAW.aN2yv4PdH5LapVDaoRvqGO', NULL, '2023-12-03 05:30:35', '2023-12-03 05:30:35', NULL, 'Tango', '2'),
(4427, 'JN Gakuhi', NULL, '702294089@email.com', '0702294089', NULL, '2', NULL, NULL, '$2y$10$2E9WGJAOSkOeGYNlGmkZiua8/y2Ln.BOX8IAKjcZIC4n5O6QUmfbK', NULL, '2023-12-03 05:30:35', '2023-12-03 05:30:35', NULL, 'Tyren', '2'),
(4428, 'kariuki', NULL, '769 232796@email.com', '0769 232796', NULL, '2', NULL, NULL, '$2y$10$/zcyTHsOw2yd/bUhG9QmuejqZ0JV7/f9.VFTqF3x7KdIEXt52Txhi', NULL, '2023-12-03 05:30:35', '2023-12-03 05:30:35', NULL, 'Near Levan', '2'),
(4429, 'Monica', NULL, '707605204@email.com', '0707605204', NULL, '2', NULL, NULL, '$2y$10$DkgsjQW05yRjK5yfGaSQnuvWA7uKy4KUu8B9bWbrfEihRAD2ZekHO', NULL, '2023-12-03 05:30:35', '2023-12-03 05:30:35', NULL, 'Abbnz 2', '2'),
(4430, 'Calvo Nice', NULL, '701329317@email.com', '0701329317', NULL, '2', NULL, NULL, '$2y$10$kDp6WhdimQLhXpFiSPtzd.hhrdmLD.tzBg/dq9hlH31aveYkZ0s5O', NULL, '2023-12-03 05:30:36', '2023-12-03 05:30:36', NULL, 'Kahothia', '2'),
(4431, 'Wilson Githinji Mwai', NULL, '720175485@email.com', '0720175485', NULL, '2', NULL, NULL, '$2y$10$feFBdjLFj7M3hq/XinlFl.T7Xp8IlZoTjHRCuzkZXP5UaRug4Ck4a', NULL, '2023-12-03 05:30:36', '2023-12-03 05:30:36', NULL, 'Judah', '2'),
(4432, 'Wawathua ', NULL, '784551112@email.com', '0784551112', NULL, '2', NULL, NULL, '$2y$10$lAR75k31YEaDD255EybX6Ox4I96ijwD.2XMktFvDDVmFD9GGw62Xe', NULL, '2023-12-03 05:30:36', '2023-12-03 05:30:36', NULL, 'Junkie', '2'),
(4433, 'Naomi', NULL, '746862228@email.com', '0746862228', NULL, '2', NULL, NULL, '$2y$10$aUiWdA/M6cblx/hGLD90UeL5osK45//ylFK6WzszBdAPro1c1jzyW', NULL, '2023-12-03 05:30:36', '2023-12-03 05:30:36', NULL, 'Kwa Chief', '2'),
(4434, 'Antony Jojo', NULL, '718581756@email.com', '0718581756', NULL, '2', NULL, NULL, '$2y$10$sjlo7DxRmrnTCIQd/2KoeOICbnlwMaQvJyAV/BAqREx0O9vEm/Gfa', NULL, '2023-12-03 05:30:36', '2023-12-03 05:30:36', NULL, 'Prarie School', '2'),
(4435, 'gichane ', NULL, '707322448@email.com', '0707322448', NULL, '2', NULL, NULL, '$2y$10$Hpc.uiAP40DRYgNm.upzu.o9IAg9wRj/q2AVkSVnFwOZkEX38WkZm', NULL, '2023-12-03 05:30:37', '2023-12-03 05:30:37', NULL, 'kimbo', '2'),
(4436, 'Carol', NULL, '796184474@email.com', '0796184474', NULL, '2', NULL, NULL, '$2y$10$pHIUqhaJvRcxsUKUQh/a2.fQLtoc4p1hSQYXzozIWSlV0XMU1Ed4S', NULL, '2023-12-03 05:30:37', '2023-12-03 05:30:37', NULL, 'Near tyren', '2'),
(4437, 'Yanoo ', NULL, '716 337774@email.com', '0716 337774', NULL, '2', NULL, NULL, '$2y$10$5HmJMLwyh6Cv.Ef1XT5NxOOn0R19YrUQLWrc21NYcfP4ha4Mdpx4.', NULL, '2023-12-03 05:30:37', '2023-12-03 05:30:37', NULL, 'Nolyne ', '2'),
(4438, '3 sisters ', NULL, '794 717531@email.com', '0794 717531', NULL, '2', NULL, NULL, '$2y$10$X2fV/tindDiUPiCAYXigd.SpSMfwFrlX1C3cBCpHEKebEMdYvuFdW', NULL, '2023-12-03 05:30:37', '2023-12-03 05:30:37', NULL, '3 sisters ', '2'),
(4439, 'antony ', NULL, '794 918272@email.com', '0794 918272', NULL, '2', NULL, NULL, '$2y$10$fawZf2jTFtskuvdvSvM2gei158rmLd0npaybjZSoSzotomYhkcgMW', NULL, '2023-12-03 05:30:38', '2023-12-03 05:30:38', NULL, 'Jamala', '2'),
(4440, 'Cerestine', NULL, '110128902@email.com', '0110128902', NULL, '2', NULL, NULL, '$2y$10$RSa10J.Zo0Z55ibWrRB..en0Rlh88aNRNOUhuiAeXLKDbMIPL6CCS', NULL, '2023-12-03 05:30:38', '2023-12-03 05:30:38', NULL, 'Jamala', '2'),
(4441, 'Nyamathira ', NULL, '0718 610816@email.com', '00718 610816', NULL, '2', NULL, NULL, '$2y$10$On8B6jE/wNIbc8bwkRf4GeTljIolYcKlM7R.NQmC5M7cpQH34hNzG', NULL, '2023-12-03 05:30:38', '2023-12-03 05:30:38', NULL, 'E-nest ', '2'),
(4442, 'Alice', NULL, '722 536925@email.com', '0722 536925', NULL, '2', NULL, NULL, '$2y$10$rFYo.KTEiCRASHxielesueda9jOrtrQ6L3wmOKgJiBtu/hAHXskCa', NULL, '2023-12-03 05:30:39', '2023-12-03 05:30:39', NULL, 'Junkie', '2'),
(4443, 'Samson Mwanika', NULL, '729611399@email.com', '0729611399', NULL, '2', NULL, NULL, '$2y$10$lPHYQ6qnvr3iMuP18qDk.eKE79rLuwUQfgcv/71BnPEj/CUF2ixfe', NULL, '2023-12-03 05:30:39', '2023-12-03 05:30:39', NULL, 'Diana Rose School', '2'),
(4444, 'Gikonyo', NULL, '723 352226@email.com', '0723 352226', NULL, '2', NULL, NULL, '$2y$10$/3RGkRorltr/toyvcfMD2OQEr7NoDm.bdXMc9zhSN3qkVlHtqRxZ6', NULL, '2023-12-03 05:30:39', '2023-12-03 05:30:39', NULL, 'E-nest ', '2'),
(4445, 'antony ', NULL, '743 365749@email.com', '0743 365749', NULL, '2', NULL, NULL, '$2y$10$rgcgFn5TLGuGtAxAnrhNbuCfpkBQWIAHWo5XngGySov.DzdMtW1SG', NULL, '2023-12-03 05:30:39', '2023-12-03 05:30:39', NULL, 'Nolyne', '2'),
(4446, 'Phungu', NULL, '758 450007@email.com', '0758 450007', NULL, '2', NULL, NULL, '$2y$10$zzGyRTKqdkBF4jM.FX236eLqsoHJaEkKN.celD6nmQzam7F8p5vna', NULL, '2023-12-03 05:30:39', '2023-12-03 05:30:39', NULL, 'Aqua Village', '2'),
(4447, 'Christopher', NULL, '724607108@email.com', '0724607108', NULL, '2', NULL, NULL, '$2y$10$25ePNW6vlpUTWdzthS64meH4B7HOru3BFfhPaIupLS8LkUcQyHTDm', NULL, '2023-12-03 05:30:40', '2023-12-03 05:30:40', NULL, 'Redhouse', '2'),
(4448, 'Scoffield', NULL, '712770060@email.com', '0712770060', NULL, '2', NULL, NULL, '$2y$10$5poSz8rzOGBkulWFAGrpM.quJ1NP1iT6kjcGuZAlCGtMaeAJ2opMq', NULL, '2023-12-03 05:30:40', '2023-12-03 05:30:40', NULL, 'Junkie', '2'),
(4449, 'Simon', NULL, '701595904@email.com', '0701595904', NULL, '2', NULL, NULL, '$2y$10$r3Crz0BbvDO/2BVjbHUaCu.iCSuwJuSIVU.aR/IXzZK3gRUs0J2mW', NULL, '2023-12-03 05:30:40', '2023-12-03 05:30:40', NULL, 'Aqua Village', '2'),
(4450, 'Sam Nails', NULL, '702627978@email.com', '0702627978', NULL, '2', NULL, NULL, '$2y$10$5hMWZnAieHaCEYgNu6Y/Qu4G/BEDW6M8/zzQrTeBNoY9FgFqdZbam', NULL, '2023-12-03 05:30:40', '2023-12-03 05:30:40', NULL, 'kimbo Exit', '2'),
(4451, 'Bonface', NULL, '722 347922@email.com', '0722 347922', NULL, '2', NULL, NULL, '$2y$10$ZvNOBgNhB6D35aoZJ8XPt.hYGfjDpiMuBGf7ch2iQlbWexa3uTRTK', NULL, '2023-12-03 05:30:41', '2023-12-03 05:30:41', NULL, 'Aqua Village ', '2'),
(4452, 'Wambui', NULL, '0710 680270@email.com', '00710 680270', NULL, '2', NULL, NULL, '$2y$10$LzOyH3cZYvG0NZXU6d8L2eMvraBUP3ylaejRHoz/MkkxPmM/4Q9Qi', NULL, '2023-12-03 05:30:41', '2023-12-03 05:30:41', NULL, 'Richmood', '2'),
(4453, 'Denis Charles', NULL, '746356238@email.com', '0746356238', NULL, '2', NULL, NULL, '$2y$10$604HN6u2jaas.sGYghvZQ.gW0IgPgMobyTtVWZtBf4qxi7U2LjBx.', NULL, '2023-12-03 05:30:41', '2023-12-03 05:30:41', NULL, 'Kahodhia', '2'),
(4454, 'No name', NULL, '7000111100@email.com', '07000111100', NULL, '2', NULL, NULL, '$2y$10$gK0ZYoZi88vlEURzgFJ5bu2Q5oBOd9gE0ID5d4MQJDLAmW3FOJ8oO', NULL, '2023-12-03 05:30:41', '2023-12-03 05:30:41', NULL, NULL, '2'),
(4455, 'Ivan', NULL, '796053618@email.com', '0796053618', NULL, '2', NULL, NULL, '$2y$10$W2Lxrr1pLPHznTrJ0czMg.YQNi738jYbFJb8.nKB.2v2Dlicf8vAe', NULL, '2023-12-03 05:30:41', '2023-12-03 05:30:41', NULL, 'Homeland', '2'),
(4456, 'Vanessa', NULL, '746021430@email.com', '0746021430', NULL, '2', NULL, NULL, '$2y$10$pmIBeUj1Zm1TBoOVIF2RRet6P.XgNuchmdvrL5aTJ5IkS.lCCdLrG', NULL, '2023-12-03 05:30:42', '2023-12-03 05:30:42', NULL, 'Emmeli', '2'),
(4457, 'Joseph', NULL, '710653477@email.com', '0710653477', NULL, '2', NULL, NULL, '$2y$10$Sf7Na6V1tu7R1oUXL3MFqe1arp30FbGvkuEp8VJnAsJsqoayuaeQS', NULL, '2023-12-03 05:30:42', '2023-12-03 05:30:42', NULL, 'E-nest', '2'),
(4458, 'Clubunits', NULL, '720886514@email.com', '0720886514', NULL, '2', NULL, NULL, '$2y$10$eIGiQELbFFkS0AYXx4d2HuSkATfP6JxBlCy2Y/dlLgd5SeFhZy2fG', NULL, '2023-12-03 05:30:42', '2023-12-03 05:30:42', NULL, 'Clubunits', '2'),
(4459, 'Judy', NULL, '718 054463@email.com', '0718 054463', NULL, '2', NULL, NULL, '$2y$10$3r2GszqddFmx/yes.oAmuO9b0LwXLa9K/8FvHWJ0Er6jnFyluvkm.', NULL, '2023-12-03 05:30:43', '2023-12-03 05:30:43', NULL, 'past seasons ', '2'),
(4460, 'Fidelis Kitaka', NULL, '702 944128@email.com', '0702 944128', NULL, '2', NULL, NULL, '$2y$10$6kNckBd0xamxZ8belYoGjeE5vmljWjsqIUF8gOQVSKWfJa0tUnLTG', NULL, '2023-12-03 05:30:43', '2023-12-03 05:30:43', NULL, 'Tangoo', '2'),
(4461, 'Sharon Koru', NULL, '723383852@email.com', '0723383852', NULL, '2', NULL, NULL, '$2y$10$eC4atxRvoNiJ7iJWBWI.c.SXiN9cQoIWsjzeYwQIiCdeSsogE8Bcq', NULL, '2023-12-03 05:30:43', '2023-12-03 05:30:43', NULL, 'Matangi', '2'),
(4462, 'Brian Mugambi', NULL, '712719824@email.com', '0712719824', NULL, '2', NULL, NULL, '$2y$10$iK9/DgGMGmVYJfqjuvbut.bLX11JX8DSq40yfowP5j986cabhgPZ.', NULL, '2023-12-03 05:30:43', '2023-12-03 05:30:43', NULL, 'Richmood', '2'),
(4463, 'Joseph', NULL, '725177216@email.com', '0725177216', NULL, '2', NULL, NULL, '$2y$10$LlFa7gN1UWHmX5GxJrONy.RTMs1/27sf9qShTFN991ftajNF75pdi', NULL, '2023-12-03 05:30:44', '2023-12-03 05:30:44', NULL, 'Pazuri', '2'),
(4464, 'Kimaa', NULL, '797 649940@email.com', '0797 649940', NULL, '2', NULL, NULL, '$2y$10$MS8g3//eK6Tb6InJZ2WdmuwScNIV3Dziu6xFVEYhMQKAZQU20hkT6', NULL, '2023-12-03 05:30:44', '2023-12-03 05:30:44', NULL, 'Kimbo', '2'),
(4465, 'Samuel ', NULL, '712 208766@email.com', '0712 208766', NULL, '2', NULL, NULL, '$2y$10$My4t0mPUK.BY32jcuzMzoeZuly.rACVgUeOgBpGjfyw7aDZr.udIa', NULL, '2023-12-03 05:30:44', '2023-12-03 05:30:44', NULL, 'Dorric', '2'),
(4466, 'Kangethe ', NULL, '746 505177@email.com', '0746 505177', NULL, '2', NULL, NULL, '$2y$10$SCMLvjLT9Pgd8cYcu4snme0i2jlPPD6zUmUOjrrFgaBAHHuBRCc6m', NULL, '2023-12-03 05:30:45', '2023-12-03 05:30:45', NULL, 'Kwa nguruwe', '2'),
(4467, 'Ken', NULL, '721 244292@email.com', '0721 244292', NULL, '2', NULL, NULL, '$2y$10$OH4y9BwsRSOrp1UCQgNMqeUYfxkiLyMITwpCrHW03FioVtEPl3OHa', NULL, '2023-12-03 05:30:45', '2023-12-03 05:30:45', NULL, 'Moonlight', '2'),
(4468, 'Kenneth', NULL, '727 415332@email.com', '0727 415332', NULL, '2', NULL, NULL, '$2y$10$vjuWv29xlhZnyilCpW21jOE38L74FVuU8nX5jiV6j.aH6tCZDghri', NULL, '2023-12-03 05:30:45', '2023-12-03 05:30:45', NULL, 'GalaxyMoney', '2'),
(4469, 'Jennifer Kawira', NULL, '722168991@email.com', '0722168991', NULL, '2', NULL, NULL, '$2y$10$3NxK1kuNFULbqOx2U3FBC.TBYQ3UUqlyOqR/LND.YQ3/382Ym9P/W', NULL, '2023-12-03 05:30:45', '2023-12-03 05:30:45', NULL, 'Springs Lane', '2'),
(4470, 'Felix', NULL, '743 218997@email.com', '0743 218997', NULL, '2', NULL, NULL, '$2y$10$pJBvkJFf9yt3A2kXH3cKSOuDYU2MNte4WKWFR8JKDHnr65qgzh/22', NULL, '2023-12-03 05:30:45', '2023-12-03 05:30:45', NULL, 'Edmark', '2'),
(4471, 'Samuel Kimani', NULL, '724141887@email.com', '0724141887', NULL, '2', NULL, NULL, '$2y$10$wglAw1mgOXXCtR7yqMVsRuEQeDB9j3Iy3qT6nBSoO3gsZMIdwg4Ia', NULL, '2023-12-03 05:30:46', '2023-12-03 05:30:46', NULL, 'Samaria', '2'),
(4472, 'Mbuthia', NULL, '722817584@email.com', '0722817584', NULL, '2', NULL, NULL, '$2y$10$56tUW6mTZhFsO4YP7LVxq./5p7Ctp49qOIX60zsDQfbg9T6hqk6BW', NULL, '2023-12-03 05:30:46', '2023-12-03 05:30:46', NULL, 'Springs', '2'),
(4473, 'Raymond Ombosa', NULL, '115590066@email.com', '0115590066', NULL, '2', NULL, NULL, '$2y$10$UA4VeLKk3xKOkb7rQMNc7e3jNQ/PEjs3dCvBZksDxrVH2EZY9m13i', NULL, '2023-12-03 05:30:46', '2023-12-03 05:30:46', NULL, 'brain b Junky', '2'),
(4474, 'David', NULL, '726141323@email.com', '0726141323', NULL, '2', NULL, NULL, '$2y$10$O9lIRFfAM9/sYv6s1vT8du5137KfnQYwcXs6Y8vpE46WqW60tR3s.', NULL, '2023-12-03 05:30:46', '2023-12-03 05:30:46', NULL, 'toll whitehouse', '2'),
(4475, 'Clare', NULL, '724058055@email.com', '0724058055', NULL, '2', NULL, NULL, '$2y$10$Ejtjae29MVWIABA.SMujLea69mhfDuqdMGBFEtH9cJUKfqPirysUi', NULL, '2023-12-03 05:30:47', '2023-12-03 05:30:47', NULL, 'Muislamu', '2'),
(4476, 'Eleanor Muthoni', NULL, '720412977@email.com', '0720412977', NULL, '2', NULL, NULL, '$2y$10$pDoDTADIDjvIr64.3pnwoePDlHFpJxmccOKa..uKUsdpQu4yKtgJO', NULL, '2023-12-03 05:30:47', '2023-12-03 05:30:47', NULL, 'Mango lane Junky', '2'),
(4477, 'Jackson Mwangi', NULL, '721606411@email.com', '0721606411', NULL, '2', NULL, NULL, '$2y$10$rGiL1GyUkm6advBSAi8.w.06J6Gmz3Zg2Zz5eiYoE89PRR.YJ43zO', NULL, '2023-12-03 05:30:47', '2023-12-03 05:30:47', NULL, 'Opposite  Rogoi Toll', '2'),
(4478, 'Grace', NULL, '724800750@email.com', '0724800750', NULL, '2', NULL, NULL, '$2y$10$RtbKT9phPUr8ic4T/wee7Opq.vEASzW4hBcj51MumqFkhkeVZ1daS', NULL, '2023-12-03 05:30:47', '2023-12-03 05:30:47', NULL, 'Homeland', '2'),
(4479, 'Vivian', NULL, '719219844@email.com', '0719219844', NULL, '2', NULL, NULL, '$2y$10$jlgmitQQPJcR1ugQbR0OsO3w4S0WFVBWEl0jDUp7Uw0eDxZ6kUW8i', NULL, '2023-12-03 05:30:47', '2023-12-03 05:30:47', NULL, 'Carribean', '2'),
(4480, 'Terrence', NULL, '742110941@email.com', '0742110941', NULL, '2', NULL, NULL, '$2y$10$U.M/qVxONlX2QNUA0PdtROzIzBAYYyjwNVo1NRQOoV8p9Y7IKavgC', NULL, '2023-12-03 05:30:48', '2023-12-03 05:30:48', NULL, 'Carribean', '2'),
(4481, 'Joseph', NULL, '700480697@email.com', '0700480697', NULL, '2', NULL, NULL, '$2y$10$bqlkLUdITefuT1ZJAxq7R.HgYu7qGJmx2d1m5EuEk2dm0I6/eJVLm', NULL, '2023-12-03 05:30:48', '2023-12-03 05:30:48', NULL, 'Junkie', '2'),
(4482, 'Shem', NULL, '710330672@email.com', '0710330672', NULL, '2', NULL, NULL, '$2y$10$FWaXaiskrg8fksHGTTUjquZVgJ5/OTMGZH3cR843NUtBwk4G3ZmmO', NULL, '2023-12-03 05:30:48', '2023-12-03 05:30:48', NULL, 'Honesty', '2'),
(4483, 'Peter Brian', NULL, '715435718@email.com', '0715435718', NULL, '2', NULL, NULL, '$2y$10$1z57wxjePs8AJJ8C1cohKO4CaXb2ZL0aQm4L8H3Qe9zeqqr8SDbMm', NULL, '2023-12-03 05:30:48', '2023-12-03 05:30:48', NULL, 'Jamala', '2'),
(4484, 'Tyren', NULL, '796393703@email.com', '0796393703', NULL, '2', NULL, NULL, '$2y$10$DFAH.v4KwkdXghZT9vL9huQjAOjc2fXCgLEcW0BJsddAhQeQ7b3wu', NULL, '2023-12-03 05:30:49', '2023-12-03 05:30:49', NULL, NULL, '2'),
(4485, 'Triza', NULL, '729890534@email.com', '0729890534', NULL, '2', NULL, NULL, '$2y$10$lZS7i9Efs7Pcq9Pw1kSS9ucmTjVEqgDhOWqxjWw564CEVHPbxtrxm', NULL, '2023-12-03 05:30:49', '2023-12-03 05:30:49', NULL, 'J.r Kimbo', '2'),
(4486, 'Geoffery Gitau', NULL, '790499019@email.com', '0790499019', NULL, '2', NULL, NULL, '$2y$10$Q243SFnM8XWh91CLQgRT1.n19gsB7kXBSnectvgaQw.ESSsa.bLjm', NULL, '2023-12-03 05:30:49', '2023-12-03 05:30:49', NULL, 'Aqua Village', '2'),
(4487, 'Ragu', NULL, '795726377@email.com', '0795726377', NULL, '2', NULL, NULL, '$2y$10$/7XlmQjgbt9AlN3xp5bOH.3ecE1plFK4GbFKXQY/f7JPzO29Dk37.', NULL, '2023-12-03 05:30:49', '2023-12-03 05:30:49', NULL, 'Matangi', '2'),
(4488, 'Marion', NULL, '748293576@email.com', '0748293576', NULL, '2', NULL, NULL, '$2y$10$RMWlGX74/XeSVM9OdB0Ay.dZjtYp8VrbtIq6thmXBi5xsWAjASH6m', NULL, '2023-12-03 05:30:50', '2023-12-03 05:30:50', NULL, 'Kahothia', '2'),
(4489, 'Grace', NULL, '735351977@email.com', '0735351977', NULL, '2', NULL, NULL, '$2y$10$mgWB78uyUnV9LamMF/vQi.QYhPIKhpvsMy0x.Kwu/TvlhV2ubRFSe', NULL, '2023-12-03 05:30:50', '2023-12-03 05:30:50', NULL, 'Harmony Estate', '2'),
(4490, 'AIPCA', NULL, '722469793@email.com', '0722469793', NULL, '2', NULL, NULL, '$2y$10$oxATLrHJfchlvGTUhTkPreZUXOZXDrGw7ekwBbVvbXWnWW0rjEVEa', NULL, '2023-12-03 05:30:50', '2023-12-03 05:30:50', NULL, 'Matangi', '2'),
(4491, 'Simon', NULL, '705091940@email.com', '0705091940', NULL, '2', NULL, NULL, '$2y$10$sWT6TP8qOUyQ6dTN3rsNJeQEFtvF3.xRVbP3mOnPPtNBa0Z2oWx2y', NULL, '2023-12-03 05:30:50', '2023-12-03 05:30:50', NULL, 'Edmark', '2'),
(4492, 'Joy', NULL, '706606603@email.com', '0706606603', NULL, '2', NULL, NULL, '$2y$10$Qd8y4d6mGwEzYoMIkBQ3Ce7hbcM.ujsRGNVz0igR9/Fzlzn26sqIO', NULL, '2023-12-03 05:30:51', '2023-12-03 05:30:51', NULL, 'comfort toll', '2'),
(4493, 'Stano wa Kigocho', NULL, '720308846@email.com', '0720308846', NULL, '2', NULL, NULL, '$2y$10$r4i4jZswD9szsyWSdNVJhOHFmJ4Dd8HDgsLmIXMHqf8sdzi/2s6A.', NULL, '2023-12-03 05:30:51', '2023-12-03 05:30:51', NULL, 'Matangi', '2'),
(4494, 'Brian kabuchwa/ Njaramba', NULL, '715559865@email.com', '0715559865', NULL, '2', NULL, NULL, '$2y$10$gw8nbArbT76.owCubq95U.3DD/mmn2B.1m7W5ho4yuSq.vMxqvEiq', NULL, '2023-12-03 05:30:51', '2023-12-03 05:30:51', NULL, 'Malbary Nest', '2'),
(4495, 'Joseph Waigwa', NULL, '718084850@email.com', '0718084850', NULL, '2', NULL, NULL, '$2y$10$OtDRx3M8YstgHsqdXrXD4OpjYN74U9dFZ3K6RJwIeO6gm6RInRyrW', NULL, '2023-12-03 05:30:51', '2023-12-03 05:30:51', NULL, 'Angel Heights ', '2'),
(4496, 'Silvia', NULL, '793582309@email.com', '0793582309', NULL, '2', NULL, NULL, '$2y$10$J/IhjZmbDdd4XLSXwB9OQepbv2I86BXrNY7AVAzN8VEwv0.IOqH5O', NULL, '2023-12-03 05:30:51', '2023-12-03 05:30:51', NULL, 'Matangi', '2'),
(4497, 'Nicholas/ Agnes', NULL, '724709970@email.com', '0724709970', NULL, '2', NULL, NULL, '$2y$10$26w5JImWRvDhE106bbTfJegpvbZidtEGoO4lmoBeN1W1QafYIqeYq', NULL, '2023-12-03 05:30:52', '2023-12-03 05:30:52', NULL, 'Matangi', '2'),
(4498, 'Church', NULL, '706160448@email.com', '0706160448', NULL, '2', NULL, NULL, '$2y$10$R5DNzDUa5nSfyhTQz1Kvw.U3taxVDFxMChHfrV0qCGZO/miX/Hnnu', NULL, '2023-12-03 05:30:52', '2023-12-03 05:30:52', NULL, 'Homeland ', '2'),
(4499, 'Nyambura', NULL, '791625873@email.com', '0791625873', NULL, '2', NULL, NULL, '$2y$10$40oI4s6N4ZtnQ99QoSGrBuEOa3yiX47VbQ4svMK0Xrlaj1ov5AJXC', NULL, '2023-12-03 05:30:52', '2023-12-03 05:30:52', NULL, 'Gift Plaza', '2'),
(4500, 'Elijah', NULL, '756156763@email.com', '0756156763', NULL, '2', NULL, NULL, '$2y$10$PuB3PG/IS59P3dUV0X0Q2OeiY6h6FVfpe/wG4nJ6rYpRRvIJpMFIe', NULL, '2023-12-03 05:30:52', '2023-12-03 05:30:52', NULL, 'Mwangaza Court', '2'),
(4501, 'Joshua', NULL, '706037083@email.com', '0706037083', NULL, '2', NULL, NULL, '$2y$10$T7ZfKnfRlZvmkmxTlz6NWOaIOjLVZsKddycccEl1VmN7IfjHNi8ey', NULL, '2023-12-03 05:30:53', '2023-12-03 05:30:53', NULL, 'Jamala', '2'),
(4502, 'John Waweru', NULL, '722903300@email.com', '0722903300', NULL, '2', NULL, NULL, '$2y$10$/Ecd8pHdOthXpym4OVXIx.k8dDeUnNtKvOWtuYVPHNI1.f/uA31Je', NULL, '2023-12-03 05:30:53', '2023-12-03 05:30:53', NULL, 'Opposite Jacanto', '2'),
(4503, 'Jackson Mwangi', NULL, '728439766@email.com', '0728439766', NULL, '2', NULL, NULL, '$2y$10$gs/r40WHcI7MI/iVWnwIUORAaIY.Wb.eYPIJnwClgFSrBPilNYkjO', NULL, '2023-12-03 05:30:53', '2023-12-03 05:30:53', NULL, 'ReyNah', '2'),
(4504, 'Martin', NULL, '720209716@email.com', '0720209716', NULL, '2', NULL, NULL, '$2y$10$QeuJ3k.dU/a7moHEtX3ZXOoi3sv9Hs1cZKN7R.g7nLf5CwCFzQCwa', NULL, '2023-12-03 05:30:53', '2023-12-03 05:30:53', NULL, 'Nyali Court', '2'),
(4505, 'Joseph Mugo', NULL, '726377096@email.com', '0726377096', NULL, '2', NULL, NULL, '$2y$10$xHszMz4ybL.f1HoJZu2mgupiG.hyQ74qqM/mu1RhELGb2VYb/69u.', NULL, '2023-12-03 05:30:53', '2023-12-03 05:30:53', NULL, 'Royal Court', '2'),
(4506, 'Maureen Wambui', NULL, '714848063@email.com', '0714848063', NULL, '2', NULL, NULL, '$2y$10$ECngx8hTYH58QhMRgKfJHedhWh2DwKKvYOrG0UuFikefmpYd5AqVq', NULL, '2023-12-03 05:30:54', '2023-12-03 05:30:54', NULL, 'Happy Valley Estate', '2'),
(4507, 'Joe Muriithi ', NULL, '746717317@email.com', '0746717317', NULL, '2', NULL, NULL, '$2y$10$RuNQsmlisWVFZv4Xqfo5M.FEoRbeG9rsfgPodx65HzfvhG7pPRwbC', NULL, '2023-12-03 05:30:54', '2023-12-03 05:30:54', NULL, 'Richmood', '2'),
(4508, 'Ian Dominic ', NULL, '706201880@email.com', '0706201880', NULL, '2', NULL, NULL, '$2y$10$YvWygYEtpDChQL85MlZwJONBvIVybnUY59VLpxv4Y4raKEM9g0CWu', NULL, '2023-12-03 05:30:54', '2023-12-03 05:30:54', NULL, '3 sisters ', '2'),
(4509, 'Peter Gach', NULL, '712669701@email.com', '0712669701', NULL, '2', NULL, NULL, '$2y$10$45UdKaObozO/B/GFL/tbvOIYEpsIqdYZbXsN9qqxTYgnY/7qs0uzS', NULL, '2023-12-03 05:30:54', '2023-12-03 05:30:54', NULL, 'Gilgal Heights ', '2'),
(4510, 'Robert Munene', NULL, '723208377@email.com', '0723208377', NULL, '2', NULL, NULL, '$2y$10$f7pC9STgt854afDRLqdy3eYLY5Y46F7sLyqQzs8spB5xrZTtjFtHi', NULL, '2023-12-03 05:30:55', '2023-12-03 05:30:55', NULL, 'Prairie', '2'),
(4511, 'Patric Ngunyi', NULL, '721710822@email.com', '0721710822', NULL, '2', NULL, NULL, '$2y$10$bTYs2K1dkvxA2/Fy7lLVKu6/Fh46NJ8lmlh6F.YhEfsF9X9J8gWE6', NULL, '2023-12-03 05:30:55', '2023-12-03 05:30:55', NULL, 'Rurii', '2'),
(4512, 'Denis Kiragu ', NULL, '713899991@email.com', '0713899991', NULL, '2', NULL, NULL, '$2y$10$XzBHheYC7/63mJ45h/iIFOMylYJCgcG8gqG.KuXlVhiAcnsztcKdm', NULL, '2023-12-03 05:30:55', '2023-12-03 05:30:55', NULL, '3 Sisters ', '2'),
(4513, 'Peninah Wairimu ', NULL, '115002091@email.com', '0115002091', NULL, '2', NULL, NULL, '$2y$10$RAqXoECxskPLc/SCNOA7NO.S16HRZnQYlWs9OKLGPGhK.Ki2RaDf.', NULL, '2023-12-03 05:30:55', '2023-12-03 05:30:55', NULL, 'Humily and Honesty', '2'),
(4514, 'Brevin Vincent ', NULL, '797741075@email.com', '0797741075', NULL, '2', NULL, NULL, '$2y$10$E5fUuZcIeYSkn/uOuTKiyezZAUYkvPMbvJOyt1IX5SAClVx/0w1Qe', NULL, '2023-12-03 05:30:56', '2023-12-03 05:30:56', NULL, 'Edmark Singles', '2'),
(4515, ' Evalyne Irungu', NULL, '728003641@email.com', '0728003641', NULL, '2', NULL, NULL, '$2y$10$1WDdvRjn0LdCOmJk2MYh..y7vRRSKwuHIVFAPJr2oh.Y.WHi0mpBW', NULL, '2023-12-03 05:30:56', '2023-12-03 05:30:56', NULL, 'Near PCEA Siloam ', '2'),
(4516, 'Malbary Nest Ap', NULL, '707861751@email.com', '0707861751', NULL, '2', NULL, NULL, '$2y$10$xZcnKoqBHeiuwkmSpGWu8ucjnIKX9YCmDFRym3nNRfMm8w0pOjHyi', NULL, '2023-12-03 05:30:56', '2023-12-03 05:30:56', NULL, 'Near Malbary nest ', '2'),
(4517, 'Samuel ', NULL, '707144306@email.com', '0707144306', NULL, '2', NULL, NULL, '$2y$10$GFlCbVlmZlFFLDMuFRsLxe9JDRmFsSkVZEzA1ZoAzC4CqyE6um1ku', NULL, '2023-12-03 05:30:56', '2023-12-03 05:30:56', NULL, 'Ebenezzer Flat', '2'),
(4518, 'Michek Gichohi Okemwa', NULL, '746477235@email.com', '0746477235', NULL, '2', NULL, NULL, '$2y$10$Mc35kKqAaFHa0mRkpkwhX.ji7T5wUVvsAleH5MBNThGqSvVidb.Py', NULL, '2023-12-03 05:30:57', '2023-12-03 05:30:57', NULL, 'Near Mona Park', '2'),
(4519, 'Alex Mose', NULL, '721792437@email.com', '0721792437', NULL, '2', NULL, NULL, '$2y$10$8CLdJiL28MizGuyK8g7CSuh4LNhl4Tyyu74bStxabmhQTDOr/vzai', NULL, '2023-12-03 05:30:57', '2023-12-03 05:30:57', NULL, 'Near brainbench', '2'),
(4520, 'Esther Komu', NULL, '723945997@email.com', '0723945997', NULL, '2', NULL, NULL, '$2y$10$u15pPY2ifLdJcDJ.mmu/nesWUjBkuJ1wmtk1zHiRBqgzoRLdKq7g.', NULL, '2023-12-03 05:30:57', '2023-12-03 05:30:57', NULL, 'Magomano PCEA', '2'),
(4521, 'Joyce', NULL, '728936185@email.com', '0728936185', NULL, '2', NULL, NULL, '$2y$10$RKH2K7sZIWehKjgWEy4ESuoCm9D0gBnjB9qF19/77KhGI1oNFtyma', NULL, '2023-12-03 05:30:57', '2023-12-03 05:30:57', NULL, 'Kimbo/ kwa Mathy', '2'),
(4522, 'Ann ', NULL, '718856314@email.com', '0718856314', NULL, '2', NULL, NULL, '$2y$10$30.HLpSF1r1dRbVSzWt0E.Np68LlRNka1Bdc74bjSog7bw4tBDEOa', NULL, '2023-12-03 05:30:57', '2023-12-03 05:30:57', NULL, 'Nolyne ', '2'),
(4523, 'Peter Elisha ', NULL, '723103042@email.com', '0723103042', NULL, '2', NULL, NULL, '$2y$10$YJF89Ra9fikgLtm1yrGeU.8HRSvIP6CaJw6BbAuPrgrR/.EbaGv06', NULL, '2023-12-03 05:30:58', '2023-12-03 05:30:58', NULL, 'Biashara ', '2'),
(4524, 'Zakayo  Kabui', NULL, '745812850@email.com', '0745812850', NULL, '2', NULL, NULL, '$2y$10$t6XO8QAXbwoScF.2BnFcq.Xc5vIWNmHH129WE9GO1Cc/GumlnIQEq', NULL, '2023-12-03 05:30:58', '2023-12-03 05:30:58', NULL, '3 Sisters ', '2'),
(4525, 'Daniel Njoroge ', NULL, '790812770@email.com', '0790812770', NULL, '2', NULL, NULL, '$2y$10$O56C9Qc.0mwcfP1EUB0SYOxUXgz7Sye0JFA2xpELT4AnzCrinhgUW', NULL, '2023-12-03 05:30:58', '2023-12-03 05:30:58', NULL, 'Edmark Ebennezzer ', '2'),
(4526, 'Violoa ', NULL, '796339700@email.com', '0796339700', NULL, '2', NULL, NULL, '$2y$10$QxFD5/0GCQiUQCAJZb1Q5.RzI3Im8RVu0bDQ3Cxphnrln/x7Q0sw2', NULL, '2023-12-03 05:30:58', '2023-12-03 05:30:58', NULL, 'Nolyne ', '2'),
(4527, 'Febby Nyanchama', NULL, '708115601@email.com', '0708115601', NULL, '2', NULL, NULL, '$2y$10$CPV6mBO8DWUY.Yo4kfdireEStehOzGIjy6ReBIVwxmVNx3G7sHmTm', NULL, '2023-12-03 05:30:59', '2023-12-03 05:30:59', NULL, 'Sayari -Toll', '2'),
(4528, 'Lilian Nyambura', NULL, '723174788@email.com', '0723174788', NULL, '2', NULL, NULL, '$2y$10$aIYR3bRvhvksuk4.K5kbo.mvPvBM07BZ7l7PNK5Gm1OArda.cSwKu', NULL, '2023-12-03 05:30:59', '2023-12-03 05:30:59', NULL, 'Prestige Court', '2'),
(4529, 'Ian Kamau, lucy warui', NULL, '742300746@email.com', '0742300746', NULL, '2', NULL, NULL, '$2y$10$fFMYiyX8MtsMGxQIzayXR.MK.UeeH.bR.FF/Qw0MZzD7mdeBiTrS2', NULL, '2023-12-03 05:30:59', '2023-12-03 05:30:59', NULL, 'Hanoi', '2'),
(4530, 'Mama shiku salon', NULL, '721805867@email.com', '0721805867', NULL, '2', NULL, NULL, '$2y$10$bhFf8.WQuvZ58i3Pfm.41OXFrt3HYOUdKoZqIsGcroHNoJe36Excy', NULL, '2023-12-03 05:30:59', '2023-12-03 05:30:59', NULL, 'Junkie', '2'),
(4531, 'Harrison Muiruri', NULL, '728855850@email.com', '0728855850', NULL, '2', NULL, NULL, '$2y$10$rb8WmfkY8Ohw8FYeV5oeHObtuTxhJbkddGLgASDOyXzPz2z9lyxWi', NULL, '2023-12-03 05:31:00', '2023-12-03 05:31:00', NULL, 'Biahsara ', '2'),
(4532, 'Samwel Njoroge ', NULL, '799048606@email.com', '0799048606', NULL, '2', NULL, NULL, '$2y$10$GoRdHHBAVFDUU7AyoJ19EOqCQCi5kSyzxGWn.rqn4MV9p9UMVIBfi', NULL, '2023-12-03 05:31:00', '2023-12-03 05:31:00', NULL, 'Matangi', '2'),
(4533, 'Mary Wanjiru', NULL, '729674033@email.com', '0729674033', NULL, '2', NULL, NULL, '$2y$10$0.mJZyNHvQspTvmIiDzDAOfDzPPKR5Z4yB/dKez3pHMOv/8eL9pKq', NULL, '2023-12-03 05:31:00', '2023-12-03 05:31:00', NULL, 'Isaki', '2'),
(4534, 'Dennis Maina', NULL, '707440034@email.com', '0707440034', NULL, '2', NULL, NULL, '$2y$10$p53v5UAPFE3j6atAZqIc1.vphXA6JGtSSyZBZYMq27vxutHvB496m', NULL, '2023-12-03 05:31:00', '2023-12-03 05:31:00', NULL, 'Greenland', '2'),
(4535, 'Liz Gikanga', NULL, '798069840@email.com', '0798069840', NULL, '2', NULL, NULL, '$2y$10$q0QA1oMyl0dWzss/FbDtiOponmoABkBpRDozcuSdZvq/o/PoUiswy', NULL, '2023-12-03 05:31:01', '2023-12-03 05:31:01', NULL, 'Near PCEA Siloam ', '2'),
(4536, 'Valentine Njenga', NULL, '723852543@email.com', '0723852543', NULL, '2', NULL, NULL, '$2y$10$9lnsCHkQWdp4RWYfe33UAeWDASP/lkobnCz4vpBBCnXwRIRg85HW.', NULL, '2023-12-03 05:31:01', '2023-12-03 05:31:01', NULL, 'Homeland ', '2'),
(4537, 'Brian Imani', NULL, '722526799@email.com', '0722526799', NULL, '2', NULL, NULL, '$2y$10$mlbu/8euEXCTIdjbExhb/eixKRyB.2pfCNeRblD/yXSVRJMQsma1e', NULL, '2023-12-03 05:31:01', '2023-12-03 05:31:01', NULL, 'Nolyne ', '2'),
(4538, 'Christine Nkatha', NULL, '725783726@email.com', '0725783726', NULL, '2', NULL, NULL, '$2y$10$ynI2ZeayaSlOc9KKtpvG.OwP9D./x7SInDr6/CcAnvGwLEYp9xifi', NULL, '2023-12-03 05:31:02', '2023-12-03 05:31:02', NULL, 'Sayari Toll', '2'),
(4539, 'Joahn Kiraithie', NULL, '711501414@email.com', '0711501414', NULL, '2', NULL, NULL, '$2y$10$CQx97bhARlk6BKUklrB3v.wbdtDy78RopWvnxXG3IStlsVEf7UNTO', NULL, '2023-12-03 05:31:02', '2023-12-03 05:31:02', NULL, 'Matangi behind AP', '2'),
(4540, 'John Wambugu', NULL, '706359552@email.com', '0706359552', NULL, '2', NULL, NULL, '$2y$10$S1xZZEeUSCCYwg7Whx.j5uMdncTwQ.p163s/r9JuAEoOteksMk1pu', NULL, '2023-12-03 05:31:02', '2023-12-03 05:31:02', NULL, 'Haifa Aprt Kwa Chief', '2'),
(4541, 'Ann Ndichu', NULL, '724619142@email.com', '0724619142', NULL, '2', NULL, NULL, '$2y$10$WZwkSYGeAf41wVJlBxUrzuH7BgptBtXdHPE2DJ3aBhwe9MrVsPjDW', NULL, '2023-12-03 05:31:02', '2023-12-03 05:31:02', NULL, 'Riverside ', '2'),
(4542, 'Lydia Kagumba ', NULL, '723638663@email.com', '0723638663', NULL, '2', NULL, NULL, '$2y$10$om.ez//Lw5oOG6AeLsaOeO0UAxdnayhtW2PAuUqTUCpzzhJleaqaG', NULL, '2023-12-03 05:31:02', '2023-12-03 05:31:02', NULL, 'Thome Estate ', '2'),
(4543, 'Agnes Wanjiru Kihara', NULL, '727564875@email.com', '0727564875', NULL, '2', NULL, NULL, '$2y$10$D6F8tk/R9Etce5Uorrivx.nxwgpu2jb8fAKOXjRZPPOgnb.tRIGP.', NULL, '2023-12-03 05:31:03', '2023-12-03 05:31:03', NULL, 'Opposite AP', '2'),
(4544, 'Susan', NULL, '722650556@email.com', '0722650556', NULL, '2', NULL, NULL, '$2y$10$RxoB/lAIEjYtYH1RQ5fJGeGGYBT130/VfxSOLMun3sClsxzNL/q9a', NULL, '2023-12-03 05:31:03', '2023-12-03 05:31:03', NULL, 'Opp Murera', '2'),
(4545, 'Geoffrey', NULL, '726496973@email.com', '0726496973', NULL, '2', NULL, NULL, '$2y$10$t/ObYvwYTN9jBZoJ.yuP8uSOKlI0BxPXWwkKrV4QlX7a8W6MKJ67e', NULL, '2023-12-03 05:31:03', '2023-12-03 05:31:03', NULL, 'Homeland', '2'),
(4546, 'Francis Maina', NULL, '795845939@email.com', '0795845939', NULL, '2', NULL, NULL, '$2y$10$ts6j8tobi3jfXRcA9W.zT.7RApQZlRY1TisZPOLPlI/sq32wqNvy6', NULL, '2023-12-03 05:31:03', '2023-12-03 05:31:03', NULL, 'Mt Moriah Matangi', '2'),
(4547, 'Mary Wanjiru', NULL, '720712708@email.com', '0720712708', NULL, '2', NULL, NULL, '$2y$10$0uHFQdsu9imWmf/rvD2PG.k.U/AfB37FGa1MTpzCZEq1V5fcVkcGy', NULL, '2023-12-03 05:31:04', '2023-12-03 05:31:04', NULL, 'Greenland', '2'),
(4548, 'Dennis Nyambura', NULL, '707974654@email.com', '0707974654', NULL, '2', NULL, NULL, '$2y$10$IbaRdp/6R3S2AUH1JIs5TOXbpCagxwhIamq7HyKwXV83a38a05E5W', NULL, '2023-12-03 05:31:04', '2023-12-03 05:31:04', NULL, 'Deliverance Church', '2'),
(4549, 'Joseph', NULL, '722320253@email.com', '0722320253', NULL, '2', NULL, NULL, '$2y$10$GActf2OPFJmnspTY5Tz2I.iqO223PuoVeagFWAUN1bUhX2CznO20m', NULL, '2023-12-03 05:31:04', '2023-12-03 05:31:04', NULL, 'Opp Riverside', '2'),
(4550, 'Eunice Don', NULL, '722771392@email.com', '0722771392', NULL, '2', NULL, NULL, '$2y$10$gQRxBtwbtCZu0knfK8sIdeIc1Hle.aX9TyVhqG5JGJu4ZL0/zQllu', NULL, '2023-12-03 05:31:04', '2023-12-03 05:31:04', NULL, 'Next to Hanoi', '2'),
(4551, 'Philomena Mwikali', NULL, '708354982@email.com', '0708354982', NULL, '2', NULL, NULL, '$2y$10$wRe1.DkiqFeoUhZ.UQBHf.p76zs6pocsKvVhqxJfF2qO9XQ9NzpFG', NULL, '2023-12-03 05:31:04', '2023-12-03 05:31:04', NULL, 'Kahothia', '2'),
(4552, 'Kenneth Muiruri', NULL, '701091843@email.com', '0701091843', NULL, '2', NULL, NULL, '$2y$10$CMd8lqL4zP6yK65/alYMb.ILDOek7j8HyH8vIocDqFKMjmUeL40m.', NULL, '2023-12-03 05:31:05', '2023-12-03 05:31:05', NULL, 'Junkie', '2'),
(4553, 'Gakoi Sarah', NULL, '746568037@email.com', '0746568037', NULL, '2', NULL, NULL, '$2y$10$GED9l.qSEKC8hOYn5Wxc8uMKTf2MfL2fDQylMbG.XZGLSleI1jkMa', NULL, '2023-12-03 05:31:05', '2023-12-03 05:31:05', NULL, 'Opp Coach House', '2'),
(4554, 'Stephen Chege', NULL, '711465517@email.com', '0711465517', NULL, '2', NULL, NULL, '$2y$10$ypfD6tzYThcn6kVrmDtmrObxY3.ZyyKcbzERoG18Tx0bo5EtzAb7a', NULL, '2023-12-03 05:31:05', '2023-12-03 05:31:05', NULL, 'Junckie', '2'),
(4555, 'Bonface', NULL, '722241133@email.com', '0722241133', NULL, '2', NULL, NULL, '$2y$10$/IcDmJ1pduz3peFnwxpb7OwbGLWt6ixN/UJmozWWNky9rs.cNuoXS', NULL, '2023-12-03 05:31:05', '2023-12-03 05:31:05', NULL, '0pp Ebbnzr', '2'),
(4556, 'Dancun Kaihuri', NULL, '722148006@email.com', '0722148006', NULL, '2', NULL, NULL, '$2y$10$gF7ryKAa76psIj6L2zmlkOFD5VAy6rK6aX7Px1I9H/0jNV7VdVK6W', NULL, '2023-12-03 05:31:05', '2023-12-03 05:31:05', NULL, 'Junckie', '2'),
(4557, 'Nancy ', NULL, '718376195@email.com', '0718376195', NULL, '2', NULL, NULL, '$2y$10$eqiIawovr91JZ8/ZqKsfmO5EwltEhQjgsX2US.LrEmwHucALgYtAi', NULL, '2023-12-03 05:31:06', '2023-12-03 05:31:06', NULL, 'Junckie', '2'),
(4558, 'Edwin Shikombe', NULL, '79126078@email.com', '079126078', NULL, '2', NULL, NULL, '$2y$10$J8whs.XJHpFoCL7Du4DS1.6tkHrN0WFPE7l.eBFBN1es3eboLbDqS', NULL, '2023-12-03 05:31:06', '2023-12-03 05:31:06', NULL, 'Wankan Hardware ', '2'),
(4559, 'Amos Waguchu', NULL, '745075879@email.com', '0745075879', NULL, '2', NULL, NULL, '$2y$10$yVgIzrKBX3n9fiqbO7a.LejWj66G7CqW2bA8/8/0ycp8mMYMG2thK', NULL, '2023-12-03 05:31:06', '2023-12-03 05:31:06', NULL, 'Oakman Appartment ', '2'),
(4560, 'Wilson', NULL, '723543300@email.com', '0723543300', NULL, '2', NULL, NULL, '$2y$10$ksTtgKmCGc/FO2.1cSi9quNok1bApA4ILpu6QU8FFLuzfwI4yLHEi', NULL, '2023-12-03 05:31:06', '2023-12-03 05:31:06', NULL, 'Matangi AP', '2'),
(4561, 'Lilian Chomba', NULL, '725998179@email.com', '0725998179', NULL, '2', NULL, NULL, '$2y$10$HTrW6lRWYpqofxgB4ynGG.BHF0Zk2Xzd9sOkTCv75gJ/wy0ksFVky', NULL, '2023-12-03 05:31:06', '2023-12-03 05:31:06', NULL, 'Homeland', '2'),
(4562, 'Millicent', NULL, '758140035@email.com', '0758140035', NULL, '2', NULL, NULL, '$2y$10$BF65TGZ5paJ1sI/2HX40nOBYfRH1t9n1deVMnN6moqQEpgXo.G.6S', NULL, '2023-12-03 05:31:07', '2023-12-03 05:31:07', NULL, 'Jamala Apartment', '2'),
(4563, 'Agnes Floice Atollo', NULL, '708646066@email.com', '0708646066', NULL, '2', NULL, NULL, '$2y$10$iv0KjS3xqp7Js5fm5u81E.rIZAAYI73kI.MnT5zPxJ5wXBHAhOU7G', NULL, '2023-12-03 05:31:07', '2023-12-03 05:31:07', NULL, 'E-nest', '2'),
(4564, 'Kennedy Ndung\'u', NULL, '796199790@email.com', '0796199790', NULL, '2', NULL, NULL, '$2y$10$7Ary9WmM3oTUji662LY6oOW4Q4wiYAfno6DWn14hiczIGxcdVFC1m', NULL, '2023-12-03 05:31:07', '2023-12-03 05:31:07', NULL, 'Behind Vishnu', '2'),
(4565, 'Martin Karanja Genesis suits', NULL, '723359815@email.com', '0723359815', NULL, '2', NULL, NULL, '$2y$10$5k3KeLy7LWps6TQskx.owuTgK6ZoYGKNwTJR.I24H77gXUg5Rp8Ki', NULL, '2023-12-03 05:31:07', '2023-12-03 05:31:07', NULL, 'Toll', '2'),
(4566, 'Alex Nduma', NULL, '727269058@email.com', '0727269058', NULL, '2', NULL, NULL, '$2y$10$g3QLV5RG4Rf4Nk5j7NdbnuvB1NCyz.gX31TjMenMpRK0KuxPWdEvS', NULL, '2023-12-03 05:31:07', '2023-12-03 05:31:07', NULL, 'Junkie-redhouse', '2'),
(4567, 'John Ouko', NULL, '723445493@email.com', '0723445493', NULL, '2', NULL, NULL, '$2y$10$yamGZ7ad42fXS1rLWz.m5OBnqk7iNqcIcNR.aLj9SpaE01mAqnqYu', NULL, '2023-12-03 05:31:08', '2023-12-03 05:31:08', NULL, 'Junkie Kababy Club', '2'),
(4568, 'Headmaster', NULL, '721243221@email.com', '0721243221', NULL, '2', NULL, NULL, '$2y$10$YFp3L2rMz46m4CG9geKsbORV1YaykHJA/IXHeW.QJtKZZb74KPl1G', NULL, '2023-12-03 05:31:08', '2023-12-03 05:31:08', NULL, 'Biashara ', '2'),
(4569, 'Hammersky Wanyonyi', NULL, '758492465@email.com', '0758492465', NULL, '2', NULL, NULL, '$2y$10$w.7mUDSIApzc1PrlYpH3tuLwPNrwnYfuvV2HHVp90.33THASlMdv2', NULL, '2023-12-03 05:31:08', '2023-12-03 05:31:08', NULL, 'Wan Kan', '2'),
(4570, 'George Mwangi', NULL, '722232277@email.com', '0722232277', NULL, '2', NULL, NULL, '$2y$10$2oKrCS7PbVSvEiPkZDzqy.y.RJGAgC8Xk1ZQA/oLGBfPQWlZC6/Ae', NULL, '2023-12-03 05:31:08', '2023-12-03 05:31:08', NULL, 'Biashara', '2'),
(4571, 'William Wanjama Kuria', NULL, '722587465@email.com', '0722587465', NULL, '2', NULL, NULL, '$2y$10$xrfSiZ5wmud7pGeQqykj4.mEmzrkidk.zrXkbmeV2ltpjuAOK9ssG', NULL, '2023-12-03 05:31:09', '2023-12-03 05:31:09', NULL, 'Rurii', '2'),
(4572, 'Damaris Kihara', NULL, '720976777@email.com', '0720976777', NULL, '2', NULL, NULL, '$2y$10$PeNvaGL0jhIbAQej9k9chuhXeGDOOJXtyzgZ1kwL.KzvIqaG6hkA.', NULL, '2023-12-03 05:31:09', '2023-12-03 05:31:09', NULL, 'Opposite PCEA', '2'),
(4573, 'Joel Muturi', NULL, '792690846@email.com', '0792690846', NULL, '2', NULL, NULL, '$2y$10$eytkhAW48d2u3N4M1xynQesfdTlb00.UVzLp4/AfMnwDCqgeGR2tW', NULL, '2023-12-03 05:31:09', '2023-12-03 05:31:09', NULL, 'Rurii', '2'),
(4574, 'Simeon', NULL, '726140006@email.com', '0726140006', NULL, '2', NULL, NULL, '$2y$10$NoQu3oFeRmjUKPWH1dwP8uXCDzeajGbzfEXf4RLIcRjMyofUBSwX.', NULL, '2023-12-03 05:31:09', '2023-12-03 05:31:09', NULL, 'Kwa Mundia ', '2'),
(4575, 'Isaac Njoka', NULL, '723867513@email.com', '0723867513', NULL, '2', NULL, NULL, '$2y$10$Ha31/5TuZO9kckH3YSnimeg1/hzwrd18Kd.CSJ9qRal1ql3edjXNu', NULL, '2023-12-03 05:31:09', '2023-12-03 05:31:09', NULL, 'Prairie', '2'),
(4576, 'Thome Customer', NULL, '790371666@email.com', '0790371666', NULL, '2', NULL, NULL, '$2y$10$S3jYZSLDwwnUyOzirmZffupklUaqkZSLF2BtvUNeUxirtDPp.dF.q', NULL, '2023-12-03 05:31:10', '2023-12-03 05:31:10', NULL, 'Thome', '2'),
(4577, 'Ann Nkatha', NULL, '724944596@email.com', '0724944596', NULL, '2', NULL, NULL, '$2y$10$Z4IGnyo7dkUhARIDd0YM1.iXTYH43VcL9ApVpATto/VerHQIpoedq', NULL, '2023-12-03 05:31:10', '2023-12-03 05:31:10', NULL, 'Bethel Catholic', '2'),
(4578, 'James Kanyi', NULL, '721339494@email.com', '0721339494', NULL, '2', NULL, NULL, '$2y$10$YXifKQ1FQa74a9daza9m3OakjgmSnR2P7EcD7tjMay6jO65PDAUau', NULL, '2023-12-03 05:31:10', '2023-12-03 05:31:10', NULL, 'Richmood', '2'),
(4579, 'Kelvin Mwenda', NULL, '704834326@email.com', '0704834326', NULL, '2', NULL, NULL, '$2y$10$7zoJDEUYMzMMSto3FG0TJeC0KLaLW2snGje8bTYT7vfxECc8W0E6W', NULL, '2023-12-03 05:31:10', '2023-12-03 05:31:10', NULL, 'Gwa Kairo', '2'),
(4580, 'Iddy Mwangi', NULL, '721881588@email.com', '0721881588', NULL, '2', NULL, NULL, '$2y$10$6ma8vBdKeByOu1JGLSaF1um.hh4xK2mGexWyQ71C4zyA/dS0aoumC', NULL, '2023-12-03 05:31:11', '2023-12-03 05:31:11', NULL, 'Kwa Mundia', '2'),
(4581, 'Jimmy Kamau', NULL, '716754122@email.com', '0716754122', NULL, '2', NULL, NULL, '$2y$10$MI9hgIgpz226019oeEMj3e5LRDzyCBzbnVEEYSgIWQF2dz3RZVH0W', NULL, '2023-12-03 05:31:11', '2023-12-03 05:31:11', NULL, 'Comfort Toll', '2'),
(4582, 'Mwas', NULL, '@email.com', '0', NULL, '2', NULL, NULL, '$2y$10$4swnHWxsVuzQ9VoaNYONt.gPqisUO.uM0TLyHp7.ipKKv7l6yDcPy', NULL, '2023-12-03 05:31:11', '2023-12-03 05:31:11', NULL, 'Nolyne', '2'),
(4583, 'David', NULL, '726815853@email.com', '0726815853', NULL, '2', NULL, NULL, '$2y$10$R6zB3AsoQHA0sFJue6myDOjaZ3gpgNu8n0aHPHMVhlhJZ8fivu84i', NULL, '2023-12-03 05:31:11', '2023-12-03 05:31:11', NULL, 'Junkie', '2'),
(4584, 'Johnliz ', NULL, '725663708@email.com', '0725663708', NULL, '2', NULL, NULL, '$2y$10$MJh/VS/xld0abLshueg68.sH.JdzeUjS277xdtSMttm85ihcotmoe', NULL, '2023-12-03 05:31:11', '2023-12-03 05:31:11', NULL, 'Junkie', '2'),
(4585, 'Bonface Kirimi', NULL, '790474664@email.com', '0790474664', NULL, '2', NULL, NULL, '$2y$10$fxTl0cGFc/4QQWxSIbdAkONhAbZXoZ2hgtz3huwPqnuVB4O8z7hwK', NULL, '2023-12-03 05:31:12', '2023-12-03 05:31:12', NULL, 'Wankan', '2'),
(4586, 'Bethy Samuel', NULL, '792645528@email.com', '0792645528', NULL, '2', NULL, NULL, '$2y$10$lCU/CW1Mt637GQ/qeB8ESO1dU8jKiyx9kyXcbEeN7Z8mv8usc7xa2', NULL, '2023-12-03 05:31:12', '2023-12-03 05:31:12', NULL, 'Toll', '2'),
(4587, 'Charles Mumo', NULL, '797003430@email.com', '0797003430', NULL, '2', NULL, NULL, '$2y$10$TexMczQLZh9MVpJqQ61wd.Jf4.tzLbKF4P.SY3f2V5sDwyqc8S2ZO', NULL, '2023-12-03 05:31:12', '2023-12-03 05:31:12', NULL, 'Matangi', '2'),
(4588, 'Stephen Munene', NULL, '702390891@email.com', '0702390891', NULL, '2', NULL, NULL, '$2y$10$X4GKj43EJg4CzF4qKeeOA.tXPwYqrgASb03f8c6EYoTjLJtqAjeRm', NULL, '2023-12-03 05:31:12', '2023-12-03 05:31:12', NULL, 'Edmark', '2'),
(4589, 'James Waweru', NULL, '721971339@email.com', '0721971339', NULL, '2', NULL, NULL, '$2y$10$ypGMOj0TSTDi3qbxcVP5eOFsguMFeTStNvN4akhEmnwoxt3pQYQhy', NULL, '2023-12-03 05:31:13', '2023-12-03 05:31:13', NULL, 'Kwa Mundia', '2'),
(4590, 'David Maina', NULL, '721891194@email.com', '0721891194', NULL, '2', NULL, NULL, '$2y$10$bNF2Jdm7JVrs0etRDoTXN.FnX3mS0DblODusB/X.QlbEyu0lfuA6C', NULL, '2023-12-03 05:31:13', '2023-12-03 05:31:13', NULL, 'Kwa Mundia', '2'),
(4591, 'Julia Otieno', NULL, '719373277@email.com', '0719373277', NULL, '2', NULL, NULL, '$2y$10$oECbZjhCl1CoV4vMyFN4teSJzN5rpDidQU7p.l7nglR.RRqEXKL9q', NULL, '2023-12-03 05:31:13', '2023-12-03 05:31:13', NULL, 'Zabibu', '2'),
(4592, 'Jeremiah Mwangi', NULL, '727871541@email.com', '0727871541', NULL, '2', NULL, NULL, '$2y$10$EKszV2Vyk7GkLawOoZ0tD.UENXAJlVe6bTf.e9FCcv.Jlz3OVpfsi', NULL, '2023-12-03 05:31:13', '2023-12-03 05:31:13', NULL, 'Behind Riverside', '2'),
(4593, 'Frida Kinya', NULL, '721156494@email.com', '0721156494', NULL, '2', NULL, NULL, '$2y$10$yFKVeEN8mvoPEinjnxvZsec4eflC2D5EWG.YpBykaYjc5EX8wHFhS', NULL, '2023-12-03 05:31:13', '2023-12-03 05:31:13', NULL, 'Nyali Court', '2'),
(4594, 'Vincent Muiruri', NULL, '720483052@email.com', '0720483052', NULL, '2', NULL, NULL, '$2y$10$dhIiK.kBSF/FeZY2fHzhoeMvOW1z/GrnC/0xLmcJZM/A.8c9XFHDW', NULL, '2023-12-03 05:31:14', '2023-12-03 05:31:14', NULL, 'Toll', '2'),
(4595, 'Abel Muchiri', NULL, '796915437@email.com', '0796915437', NULL, '2', NULL, NULL, '$2y$10$yX.Va8Wd/opaGS0x9V.jfO9tB/gBjNZYg616InRUaWVDJMIM8IVKq', NULL, '2023-12-03 05:31:14', '2023-12-03 05:31:14', NULL, 'Biashara', '2'),
(4596, 'Vincent Munene', NULL, '743354699@email.com', '0743354699', NULL, '2', NULL, NULL, '$2y$10$hsj90HRK4yG1c89GOFpuK.iqV9GdfKgAyMlHLvRwaJ1c3qAF08Bee', NULL, '2023-12-03 05:31:14', '2023-12-03 05:31:14', NULL, 'Jamala', '2'),
(4597, 'Jane Kimani', NULL, '745853024@email.com', '0745853024', NULL, '2', NULL, NULL, '$2y$10$2MqcVZv8tEVG005mulh1jeSm6MZ94eE7YC0xEMyRvFM3b71y8Zo8m', NULL, '2023-12-03 05:31:14', '2023-12-03 05:31:14', NULL, 'Matangi- pavillion', '2'),
(4598, 'Stephen Gichuhi', NULL, '720901388@email.com', '0720901388', NULL, '2', NULL, NULL, '$2y$10$NtMcxUcIUcqz3LNpavOq7us7/HSOBVEwW4jSck0ukG8vlIIYgRA4S', NULL, '2023-12-03 05:31:15', '2023-12-03 05:31:15', NULL, 'Biashara', '2'),
(4599, 'Joseph Chitayi', NULL, '745065538@email.com', '0745065538', NULL, '2', NULL, NULL, '$2y$10$uTVol9lI0EFkDqPAB7IuGuNDwzjkPLbNaiuhyxNokZjjRLWdONiuO', NULL, '2023-12-03 05:31:15', '2023-12-03 05:31:15', NULL, 'Near Springs Estate', '2'),
(4600, 'John Owangi', NULL, '707639199@email.com', '0707639199', NULL, '2', NULL, NULL, '$2y$10$8yV8YFBxUJZ9HcSNDAl01.R0uE/vUVxDRl/IOBUm27vyZ26Fi7XpK', NULL, '2023-12-03 05:31:15', '2023-12-03 05:31:15', NULL, 'Opp Spurmall', '2'),
(4601, 'Veronica/Roseline Njeri', NULL, '717870346@email.com', '0717870346', NULL, '2', NULL, NULL, '$2y$10$uGGKIe3Vov2HRTl7.4U1XeHgh2SzMT84HNt//0zzBTEMB16txaTla', NULL, '2023-12-03 05:31:15', '2023-12-03 05:31:15', NULL, 'Kwa Mundia', '2'),
(4602, 'John Ngaruiya', NULL, '716976224@email.com', '0716976224', NULL, '2', NULL, NULL, '$2y$10$HOsL18yxDq4va/oO677aLuhptD2cLrbwfenUnagPbTbWQXoAUgSMC', NULL, '2023-12-03 05:31:16', '2023-12-03 05:31:16', NULL, 'Ngoma Tupu', '2'),
(4603, 'Dominic Macharia ', NULL, '720215279@email.com', '0720215279', NULL, '2', NULL, NULL, '$2y$10$MjhDNZ.QbZXASOwD1Xi6B.yCMpSmDvPx1oJUeWwmzSL2hos6jeP5.', NULL, '2023-12-03 05:31:16', '2023-12-03 05:31:16', NULL, 'Ngoma Tupu', '2'),
(4604, 'Stephen Ng\'anga', NULL, '717684100@email.com', '0717684100', NULL, '2', NULL, NULL, '$2y$10$75be2xQyARlN3dVWlCD24.4fkWbclithnrDQ8t4gUBGx6vxMYMKA.', NULL, '2023-12-03 05:31:16', '2023-12-03 05:31:16', NULL, 'Rohi Aprtment', '2'),
(4605, 'Jane Njeri', NULL, '700686108@email.com', '0700686108', NULL, '2', NULL, NULL, '$2y$10$gEQcru9Y4iwUHevR2d1U..D6hnb1UOSgqV9X5THamDXnCBX1JWXd.', NULL, '2023-12-03 05:31:16', '2023-12-03 05:31:16', NULL, NULL, '2'),
(4606, 'Jane Wanjiku', NULL, '797237110@email.com', '0797237110', NULL, '2', NULL, NULL, '$2y$10$2TBJUpZkWWw5WJwk2H3kwezSHQCjQhm7H2fwDFL9OX7M4FJrRpeCu', NULL, '2023-12-03 05:31:16', '2023-12-03 05:31:16', NULL, 'Kahothia', '2'),
(4607, 'Edward Kinoti', NULL, '725092159@email.com', '0725092159', NULL, '2', NULL, NULL, '$2y$10$u3Iy.sRAnmqG3xqefHCdk.rCkB2CiLWvtBC0NiMiH8aU1./TITk8S', NULL, '2023-12-03 05:31:17', '2023-12-03 05:31:17', NULL, 'Kwa Mundia', '2'),
(4608, 'Glory Kendi Cherop', NULL, '743471520@email.com', '0743471520', NULL, '2', NULL, NULL, '$2y$10$2OuNn8gSOp0WH0tJVWUS2Oc.XgSbZoMbbOqJoXZ9rEdNj7.GxptfG', NULL, '2023-12-03 05:31:17', '2023-12-03 05:31:17', NULL, 'Richmood', '2'),
(4609, 'Moses Munene/ Watam', NULL, '719382286@email.com', '0719382286', NULL, '2', NULL, NULL, '$2y$10$gNLjpcBMB9ulZS8D3q2qFOhVPFYXa6ZZZRHx8Or9x5luXf3rlQIB.', NULL, '2023-12-03 05:31:17', '2023-12-03 05:31:17', NULL, 'Gicheha Apartment', '2'),
(4610, 'Richard Odhiambo', NULL, '114863019@email.com', '0114863019', NULL, '2', NULL, NULL, '$2y$10$CodUqBw7RHOc0wdB75zbmuVALoK5arswx9N15gwvEms0edvZVaGoW', NULL, '2023-12-03 05:31:17', '2023-12-03 05:31:17', NULL, 'Ivy House Zabibu', '2'),
(4611, 'Sachny Njoroge', NULL, '705581071@email.com', '0705581071', NULL, '2', NULL, NULL, '$2y$10$LmSR/.WxIlCGx1ovKVG4FeFTLLlBB.CgXkLkp3/BLJCzW8oPpyOxO', NULL, '2023-12-03 05:31:18', '2023-12-03 05:31:18', NULL, '3 Sisters', '2'),
(4612, 'Hanna Wanja', NULL, '728831611@email.com', '0728831611', NULL, '2', NULL, NULL, '$2y$10$8VfhVKCmZUOwONxm1zD61ucAu11giCNTk055N5CtQBtkSWV6jmbM2', NULL, '2023-12-03 05:31:18', '2023-12-03 05:31:18', NULL, 'Karura River', '2'),
(4613, 'Samuel Gichuhi', NULL, '718658112@email.com', '0718658112', NULL, '2', NULL, NULL, '$2y$10$wh01pG6ynFD1khEtqsQkfOvRqwKN/BXs68Vdam5coycKIOeuOGr0.', NULL, '2023-12-03 05:31:18', '2023-12-03 05:31:18', NULL, 'Catholic', '2'),
(4614, 'Caroline Njuguna', NULL, '720027726@email.com', '0720027726', NULL, '2', NULL, NULL, '$2y$10$y7.9kP8EjHhQSP6wD9rspeeooF30YsAZ2Gefi434bNCy1qjl7oRJu', NULL, '2023-12-03 05:31:18', '2023-12-03 05:31:18', NULL, 'Matangi', '2'),
(4615, 'Ann Kihara', NULL, '758836937@email.com', '0758836937', NULL, '2', NULL, NULL, '$2y$10$xbfFsJLmJkOQ15PC7dVFz.DgaRavLa1WHGle21OpgC0yPyGIU/ZTe', NULL, '2023-12-03 05:31:19', '2023-12-03 05:31:19', NULL, 'Sayari Toll', '2'),
(4616, 'Julius Kinyeki', NULL, '713120251@email.com', '0713120251', NULL, '2', NULL, NULL, '$2y$10$ubT7P1XGls7UhZIXjLe.TOavnc6lRB6hYCvMACu4w6O5gCKzgfs4C', NULL, '2023-12-03 05:31:19', '2023-12-03 05:31:19', NULL, 'Biashara', '2'),
(4617, 'Kelvin Syano', NULL, '748712858@email.com', '0748712858', NULL, '2', NULL, NULL, '$2y$10$OjnLOGV3DTw3ELIPsfzJ8OcVCzexGyAkRrLOHc4Cov8f/YKOgbJjG', NULL, '2023-12-03 05:31:19', '2023-12-03 05:31:19', NULL, 'Eunikim', '2'),
(4618, 'Catherine Gikaru', NULL, '721448269@email.com', '0721448269', NULL, '2', NULL, NULL, '$2y$10$iGSzSAlYGQBLDUajFuKSH.AkKuE4Rxp7mV3TDO9PWq1HUMKIsYsBC', NULL, '2023-12-03 05:31:19', '2023-12-03 05:31:19', NULL, 'Kwa Mundia', '2'),
(4619, 'Susan Karanja', NULL, '721612034@email.com', '0721612034', NULL, '2', NULL, NULL, '$2y$10$pHvmqFLHF5c26c/Nn56oOO/RzAhyLNPNB5Py9W2Q1tybCW/W0bAT6', NULL, '2023-12-03 05:31:20', '2023-12-03 05:31:20', NULL, 'Doctors Garden', '2'),
(4620, 'William Matitu', NULL, '722873744@email.com', '0722873744', NULL, '2', NULL, NULL, '$2y$10$Ae4xZ3vk6Ff4/z8gi7p/GOqG0bHgdz3JVkuNFDRfjhEWlOdv4Wg.6', NULL, '2023-12-03 05:31:20', '2023-12-03 05:31:20', NULL, 'Eunikim Catholic', '2'),
(4621, 'Patrick Kabinu', NULL, '720551845@email.com', '0720551845', NULL, '2', NULL, NULL, '$2y$10$BnrNfteWOEzM/gsQe66tkuKuvgJgAznEV/dPCZbctNpHQ3QhX36aW', NULL, '2023-12-03 05:31:20', '2023-12-03 05:31:20', NULL, 'Eunikim Catholic', '2'),
(4622, 'David Mbugua', NULL, '703402130@email.com', '0703402130', NULL, '2', NULL, NULL, '$2y$10$rq9Lh9tlOm8L6ny2v8twjuwr543ZQo7OGjps1pZoKei7eYIlifqSS', NULL, '2023-12-03 05:31:20', '2023-12-03 05:31:20', NULL, 'KAG', '2'),
(4623, 'Maurice Ongeri', NULL, '706069866@email.com', '0706069866', NULL, '2', NULL, NULL, '$2y$10$/1DCPKTlIY3l5taLC3Mkw.CU0jq5wlqM4BfaalYBosfUN9nrQuHtK', NULL, '2023-12-03 05:31:21', '2023-12-03 05:31:21', NULL, 'Edmark', '2'),
(4624, 'Loise Njoroge', NULL, '724202309@email.com', '0724202309', NULL, '2', NULL, NULL, '$2y$10$JCfEvUndfttcQ22mV8/EC.baPva2VgDrFoQSNluKdoCJA9ZEKMRRy', NULL, '2023-12-03 05:31:21', '2023-12-03 05:31:21', NULL, 'Oakman', '2'),
(4625, 'Irene Githundi', NULL, '723988461@email.com', '0723988461', NULL, '2', NULL, NULL, '$2y$10$mkL5JiiNiACx9N5PLkfGBOcUlXMwZWQHLo/fPVX.4VyXLszRaGY8K', NULL, '2023-12-03 05:31:21', '2023-12-03 05:31:21', NULL, 'Juda wonder church', '2'),
(4626, 'David Munyingi', NULL, '725019157@email.com', '0725019157', NULL, '2', NULL, NULL, '$2y$10$Yqlb2rjGG1Fylgqod97ebu2w/BhIcO8PAhpTlqYgI6S8NNcsVKJtS', NULL, '2023-12-03 05:31:21', '2023-12-03 05:31:21', NULL, 'Magomano', '2'),
(4627, 'Ethan Kamau', NULL, '703486317@email.com', '0703486317', NULL, '2', NULL, NULL, '$2y$10$AO8O0mBhnz/tA3oqZq6v4O6dLh2.niAc6aMKMDJWIgrgnFeG0H6NC', NULL, '2023-12-03 05:31:21', '2023-12-03 05:31:21', NULL, 'Juda wonder church', '2'),
(4628, 'Peter Karanja', NULL, '113261332@email.com', '0113261332', NULL, '2', NULL, NULL, '$2y$10$gdhNF0nNK2nAgy6.sAwc6eLqsjG/C8vdHctids54Bpwggo4zwslEm', NULL, '2023-12-03 05:31:22', '2023-12-03 05:31:22', NULL, 'Matangi', '2'),
(4629, 'Bernice Mugure Gitau', NULL, '722841157@email.com', '0722841157', NULL, '2', NULL, NULL, '$2y$10$uDY2QV8oF0pDI.qoKh98NOHJRlRH6z5tzT2EpRNtu5E3C1jUrnZ8W', NULL, '2023-12-03 05:31:22', '2023-12-03 05:31:22', NULL, 'Biashara', '2');
INSERT INTO `users` (`id`, `name`, `ip_address`, `email`, `phone`, `mac_address`, `role`, `status`, `email_verified_at`, `password`, `remember_token`, `created_at`, `updated_at`, `deleted_at`, `location`, `region`) VALUES
(4630, 'Jacinta Gathoni', NULL, '717251081@email.com', '0717251081', NULL, '2', NULL, NULL, '$2y$10$ToEMHJI2INryB20L5q86X.xiZC6.6A45eIMRnm/4OHRGXNi72zs5y', NULL, '2023-12-03 05:31:22', '2023-12-03 05:31:22', NULL, 'Samaria Catholic', '2'),
(4631, 'Wambui Ng\'ang\'a', NULL, '706394729@email.com', '0706394729', NULL, '2', NULL, NULL, '$2y$10$CHdKdEDU/QYMnjUGW0H9meBdkUKR42DyPGZRRNl1EmylR4h0t/aMe', NULL, '2023-12-03 05:31:22', '2023-12-03 05:31:22', NULL, 'Behind PCEA church', '2'),
(4632, 'James Matua', NULL, '112235829@email.com', '0112235829', NULL, '2', NULL, NULL, '$2y$10$R6F9muZuCliUd0oyZ7NsQOAacaNm8ANdV6fTGC.Lb/RrzC4N4fOEG', NULL, '2023-12-03 05:31:23', '2023-12-03 05:31:23', NULL, 'Ritz Zabibu', '2'),
(4633, 'John Njoroge Macharia', NULL, '722897546@email.com', '0722897546', NULL, '2', NULL, NULL, '$2y$10$NR8ZvixUOoGAPySGCBa5NeSOLOAd7SGIDFdcNn4gP9HSW1Txj8l7C', NULL, '2023-12-03 05:31:23', '2023-12-03 05:31:23', NULL, 'Juda wonder church', '2'),
(4634, 'Bonface Kariithi', NULL, '725469110@email.com', '0725469110', NULL, '2', NULL, NULL, '$2y$10$6eh0v129Uue247zjKHaTuuMdJGXA14CEOvOOcAAssxolhYwgMeEeS', NULL, '2023-12-03 05:31:23', '2023-12-03 05:31:23', NULL, 'Springs Estate', '2'),
(4635, 'No name', NULL, '791859880@email.com', '0791859880', NULL, '2', NULL, NULL, '$2y$10$RNiFYaOJSdpnm4nzinoSmuKV3DVAy4caQZ9g6IfRnV/VCVPPPoF5W', NULL, '2023-12-03 05:31:23', '2023-12-03 05:31:23', NULL, NULL, '2'),
(4636, 'Julius Mumo', NULL, '741306185@email.com', '0741306185', NULL, '2', NULL, NULL, '$2y$10$kpX0bkv0Ao9ztgimgqAu.uNlNZcpi9koK48kbzfhXgOzFklnk.T9q', NULL, '2023-12-03 05:31:23', '2023-12-03 05:31:23', NULL, 'Ivy House Zabibu', '2'),
(4637, 'Robert Njomo', NULL, '745545147@email.com', '0745545147', NULL, '2', NULL, NULL, '$2y$10$lobC4ktNs5TAluuW36W5zOkcFU95CYqIwUIuX5awCEWgfwR5kzw9O', NULL, '2023-12-03 05:31:24', '2023-12-03 05:31:24', NULL, 'Next to Greenland ', '2'),
(4638, 'Gilbert Gachau', NULL, '714349555@email.com', '0714349555', NULL, '2', NULL, NULL, '$2y$10$TbOG73xUyolYFeKTJtpRHO2y7oJniLjO1IcktMkiSdZUI98uLB4xm', NULL, '2023-12-03 05:31:24', '2023-12-03 05:31:24', NULL, 'Opposite the Coach House ', '2'),
(4639, 'Maurine Kinyaga', NULL, '725530807@email.com', '0725530807', NULL, '2', NULL, NULL, '$2y$10$hOOwcXffA99n5y6.d3CqO.kHoCRplgTq92OiiU1Ko7g.DV8FOZo.W', NULL, '2023-12-03 05:31:24', '2023-12-03 05:31:24', NULL, 'Opp Gazebo 1', '2'),
(4640, 'David Kimani', NULL, '724104789@email.com', '0724104789', NULL, '2', NULL, NULL, '$2y$10$Xrx2RsZvc2ZO0vGUYwc4NuG7jYZgVPGorWlCMgghZ9V9q.50/k5Zm', NULL, '2023-12-03 05:31:24', '2023-12-03 05:31:24', NULL, 'Diana Rose', '2'),
(4641, 'Esther Wambura', NULL, '708081836@email.com', '0708081836', NULL, '2', NULL, NULL, '$2y$10$V68WURLo3/SvARCakj4LIecZ50VPy87Fgee74sm3izDxZiaLBjflK', NULL, '2023-12-03 05:31:25', '2023-12-03 05:31:25', NULL, 'M$M Homes', '2'),
(4642, 'Adams Keitany', NULL, '722139537@email.com', '0722139537', NULL, '2', NULL, NULL, '$2y$10$RXztZCPtf.bxFQqti3OLPe5U68mMgyFrFPqeFGrfPCm7W57Wqta8y', NULL, '2023-12-03 05:31:25', '2023-12-03 05:31:25', NULL, 'Opp Dorkami', '2'),
(4643, 'Onesmus Wachira', NULL, '724626485@email.com', '0724626485', NULL, '2', NULL, NULL, '$2y$10$nH6ZWFFOrJsonrc9RYE88uvtQmxlhOjfMSKd3uKQhVbJPr4CsFQEu', NULL, '2023-12-03 05:31:25', '2023-12-03 05:31:25', NULL, 'Behind ACK Juda', '2'),
(4644, 'Test denis', NULL, 'd@gmail.com', '094444444', NULL, '2', '0', NULL, '$2y$10$HYap4yDviuXVEiQCdPTn6.LaouJCw04/2LQVyn7LHEnLDQHwTf7da', NULL, '2023-12-03 10:05:46', '2023-12-03 11:24:43', NULL, 'Wendani', NULL),
(4645, 'Tesr Bill', NULL, 'user@gmail.com', '0945525985555', NULL, '3', NULL, NULL, '1234', NULL, '2023-12-06 15:12:17', '2023-12-06 15:12:17', NULL, NULL, '2'),
(4647, 'test h', NULL, 'hotel@gmail.com1', '0711675033', NULL, '2', NULL, NULL, '$2y$10$BqZ5ZnMQHncdhXEq0PK0PupqbDfqQZAXGoXxb9T5WPU.BKaSREQmi', NULL, '2023-12-06 15:24:25', '2023-12-06 15:24:25', NULL, 'Wendani', NULL),
(4648, 'Denis test', NULL, 'dennisket992@gmail.com', '0721941386', NULL, '3', NULL, NULL, '$2y$10$1UzAu52Si4t4W38BXpBpg.DJqm.pGgmEfRWm75mOLFul/4QT.D/WO', NULL, '2023-12-06 15:37:35', '2023-12-06 15:37:35', NULL, 'Wendani', '2');

-- --------------------------------------------------------

--
-- Table structure for table `wallets`
--

CREATE TABLE `wallets` (
  `id` bigint(20) UNSIGNED NOT NULL,
  `user_id` varchar(255) NOT NULL,
  `amount` varchar(255) NOT NULL,
  `created_at` timestamp NULL DEFAULT NULL,
  `updated_at` timestamp NULL DEFAULT NULL
) ENGINE=InnoDB DEFAULT CHARSET=utf8mb4 COLLATE=utf8mb4_unicode_ci;

--
-- Dumping data for table `wallets`
--

INSERT INTO `wallets` (`id`, `user_id`, `amount`, `created_at`, `updated_at`) VALUES
(1, '4413', '0.0', '2023-12-03 05:30:32', '2023-12-03 05:30:32'),
(2, '4414', '0.0', '2023-12-03 05:30:32', '2023-12-03 05:30:32'),
(3, '4415', '0.0', '2023-12-03 05:30:32', '2023-12-03 05:30:32'),
(4, '4416', '0.0', '2023-12-03 05:30:32', '2023-12-03 05:30:32'),
(5, '4417', '0.0', '2023-12-03 05:30:33', '2023-12-03 05:30:33'),
(6, '4418', '0.0', '2023-12-03 05:30:33', '2023-12-03 05:30:33'),
(7, '4419', '0.0', '2023-12-03 05:30:33', '2023-12-03 05:30:33'),
(8, '4420', '0.0', '2023-12-03 05:30:33', '2023-12-03 05:30:33'),
(9, '4421', '0.0', '2023-12-03 05:30:34', '2023-12-03 05:30:34'),
(10, '4422', '0.0', '2023-12-03 05:30:34', '2023-12-03 05:30:34'),
(11, '4423', '0.0', '2023-12-03 05:30:34', '2023-12-03 05:30:34'),
(12, '4424', '0.0', '2023-12-03 05:30:34', '2023-12-03 05:30:34'),
(13, '4425', '0.0', '2023-12-03 05:30:34', '2023-12-03 05:30:34'),
(14, '4426', '0.0', '2023-12-03 05:30:35', '2023-12-03 05:30:35'),
(15, '4427', '0.0', '2023-12-03 05:30:35', '2023-12-03 05:30:35'),
(16, '4428', '0.0', '2023-12-03 05:30:35', '2023-12-03 05:30:35'),
(17, '4429', '0.0', '2023-12-03 05:30:35', '2023-12-03 05:30:35'),
(18, '4430', '0.0', '2023-12-03 05:30:36', '2023-12-03 05:30:36'),
(19, '4431', '0.0', '2023-12-03 05:30:36', '2023-12-03 05:30:36'),
(20, '4432', '0.0', '2023-12-03 05:30:36', '2023-12-03 05:30:36'),
(21, '4433', '0.0', '2023-12-03 05:30:36', '2023-12-03 05:30:36'),
(22, '4434', '0.0', '2023-12-03 05:30:37', '2023-12-03 05:30:37'),
(23, '4435', '0.0', '2023-12-03 05:30:37', '2023-12-03 05:30:37'),
(24, '4436', '0.0', '2023-12-03 05:30:37', '2023-12-03 05:30:37'),
(25, '4437', '0.0', '2023-12-03 05:30:37', '2023-12-03 05:30:37'),
(26, '4438', '0.0', '2023-12-03 05:30:38', '2023-12-03 05:30:38'),
(27, '4439', '0.0', '2023-12-03 05:30:38', '2023-12-03 05:30:38'),
(28, '4440', '0.0', '2023-12-03 05:30:38', '2023-12-03 05:30:38'),
(29, '4441', '0.0', '2023-12-03 05:30:38', '2023-12-03 05:30:38'),
(30, '4442', '0.0', '2023-12-03 05:30:39', '2023-12-03 05:30:39'),
(31, '4443', '0.0', '2023-12-03 05:30:39', '2023-12-03 05:30:39'),
(32, '4444', '0.0', '2023-12-03 05:30:39', '2023-12-03 05:30:39'),
(33, '4445', '0.0', '2023-12-03 05:30:39', '2023-12-03 05:30:39'),
(34, '4446', '0.0', '2023-12-03 05:30:40', '2023-12-03 05:30:40'),
(35, '4447', '0.0', '2023-12-03 05:30:40', '2023-12-03 05:30:40'),
(36, '4448', '0.0', '2023-12-03 05:30:40', '2023-12-03 05:30:40'),
(37, '4449', '0.0', '2023-12-03 05:30:40', '2023-12-03 05:30:40'),
(38, '4450', '0.0', '2023-12-03 05:30:40', '2023-12-03 05:30:40'),
(39, '4451', '0.0', '2023-12-03 05:30:41', '2023-12-03 05:30:41'),
(40, '4452', '0.0', '2023-12-03 05:30:41', '2023-12-03 05:30:41'),
(41, '4453', '0.0', '2023-12-03 05:30:41', '2023-12-03 05:30:41'),
(42, '4454', '0.0', '2023-12-03 05:30:41', '2023-12-03 05:30:41'),
(43, '4455', '0.0', '2023-12-03 05:30:41', '2023-12-03 05:30:41'),
(44, '4456', '0.0', '2023-12-03 05:30:42', '2023-12-03 05:30:42'),
(45, '4457', '0.0', '2023-12-03 05:30:42', '2023-12-03 05:30:42'),
(46, '4458', '0.0', '2023-12-03 05:30:43', '2023-12-03 05:30:43'),
(47, '4459', '0.0', '2023-12-03 05:30:43', '2023-12-03 05:30:43'),
(48, '4460', '0.0', '2023-12-03 05:30:43', '2023-12-03 05:30:43'),
(49, '4461', '0.0', '2023-12-03 05:30:43', '2023-12-03 05:30:43'),
(50, '4462', '0.0', '2023-12-03 05:30:44', '2023-12-03 05:30:44'),
(51, '4463', '0.0', '2023-12-03 05:30:44', '2023-12-03 05:30:44'),
(52, '4464', '0.0', '2023-12-03 05:30:44', '2023-12-03 05:30:44'),
(53, '4465', '0.0', '2023-12-03 05:30:44', '2023-12-03 05:30:44'),
(54, '4466', '0.0', '2023-12-03 05:30:45', '2023-12-03 05:30:45'),
(55, '4467', '0.0', '2023-12-03 05:30:45', '2023-12-03 05:30:45'),
(56, '4468', '0.0', '2023-12-03 05:30:45', '2023-12-03 05:30:45'),
(57, '4469', '0.0', '2023-12-03 05:30:45', '2023-12-03 05:30:45'),
(58, '4470', '0.0', '2023-12-03 05:30:46', '2023-12-03 05:30:46'),
(59, '4471', '0.0', '2023-12-03 05:30:46', '2023-12-03 05:30:46'),
(60, '4472', '0.0', '2023-12-03 05:30:46', '2023-12-03 05:30:46'),
(61, '4473', '0.0', '2023-12-03 05:30:46', '2023-12-03 05:30:46'),
(62, '4474', '0.0', '2023-12-03 05:30:46', '2023-12-03 05:30:46'),
(63, '4475', '0.0', '2023-12-03 05:30:47', '2023-12-03 05:30:47'),
(64, '4476', '0.0', '2023-12-03 05:30:47', '2023-12-03 05:30:47'),
(65, '4477', '0.0', '2023-12-03 05:30:47', '2023-12-03 05:30:47'),
(66, '4478', '0.0', '2023-12-03 05:30:47', '2023-12-03 05:30:47'),
(67, '4479', '0.0', '2023-12-03 05:30:48', '2023-12-03 05:30:48'),
(68, '4480', '0.0', '2023-12-03 05:30:48', '2023-12-03 05:30:48'),
(69, '4481', '0.0', '2023-12-03 05:30:48', '2023-12-03 05:30:48'),
(70, '4482', '0.0', '2023-12-03 05:30:48', '2023-12-03 05:30:48'),
(71, '4483', '0.0', '2023-12-03 05:30:49', '2023-12-03 05:30:49'),
(72, '4484', '0.0', '2023-12-03 05:30:49', '2023-12-03 05:30:49'),
(73, '4485', '0.0', '2023-12-03 05:30:49', '2023-12-03 05:30:49'),
(74, '4486', '0.0', '2023-12-03 05:30:49', '2023-12-03 05:30:49'),
(75, '4487', '0.0', '2023-12-03 05:30:50', '2023-12-03 05:30:50'),
(76, '4488', '0.0', '2023-12-03 05:30:50', '2023-12-03 05:30:50'),
(77, '4489', '0.0', '2023-12-03 05:30:50', '2023-12-03 05:30:50'),
(78, '4490', '0.0', '2023-12-03 05:30:50', '2023-12-03 05:30:50'),
(79, '4491', '0.0', '2023-12-03 05:30:50', '2023-12-03 05:30:50'),
(80, '4492', '0.0', '2023-12-03 05:30:51', '2023-12-03 05:30:51'),
(81, '4493', '0.0', '2023-12-03 05:30:51', '2023-12-03 05:30:51'),
(82, '4494', '0.0', '2023-12-03 05:30:51', '2023-12-03 05:30:51'),
(83, '4495', '0.0', '2023-12-03 05:30:51', '2023-12-03 05:30:51'),
(84, '4496', '0.0', '2023-12-03 05:30:52', '2023-12-03 05:30:52'),
(85, '4497', '0.0', '2023-12-03 05:30:52', '2023-12-03 05:30:52'),
(86, '4498', '0.0', '2023-12-03 05:30:52', '2023-12-03 05:30:52'),
(87, '4499', '0.0', '2023-12-03 05:30:52', '2023-12-03 05:30:52'),
(88, '4500', '0.0', '2023-12-03 05:30:52', '2023-12-03 05:30:52'),
(89, '4501', '0.0', '2023-12-03 05:30:53', '2023-12-03 05:30:53'),
(90, '4502', '0.0', '2023-12-03 05:30:53', '2023-12-03 05:30:53'),
(91, '4503', '0.0', '2023-12-03 05:30:53', '2023-12-03 05:30:53'),
(92, '4504', '0.0', '2023-12-03 05:30:53', '2023-12-03 05:30:53'),
(93, '4505', '0.0', '2023-12-03 05:30:54', '2023-12-03 05:30:54'),
(94, '4506', '0.0', '2023-12-03 05:30:54', '2023-12-03 05:30:54'),
(95, '4507', '0.0', '2023-12-03 05:30:54', '2023-12-03 05:30:54'),
(96, '4508', '0.0', '2023-12-03 05:30:54', '2023-12-03 05:30:54'),
(97, '4509', '0.0', '2023-12-03 05:30:55', '2023-12-03 05:30:55'),
(98, '4510', '0.0', '2023-12-03 05:30:55', '2023-12-03 05:30:55'),
(99, '4511', '0.0', '2023-12-03 05:30:55', '2023-12-03 05:30:55'),
(100, '4512', '0.0', '2023-12-03 05:30:55', '2023-12-03 05:30:55'),
(101, '4513', '0.0', '2023-12-03 05:30:55', '2023-12-03 05:30:55'),
(102, '4514', '0.0', '2023-12-03 05:30:56', '2023-12-03 05:30:56'),
(103, '4515', '0.0', '2023-12-03 05:30:56', '2023-12-03 05:30:56'),
(104, '4516', '0.0', '2023-12-03 05:30:56', '2023-12-03 05:30:56'),
(105, '4517', '0.0', '2023-12-03 05:30:56', '2023-12-03 05:30:56'),
(106, '4518', '0.0', '2023-12-03 05:30:57', '2023-12-03 05:30:57'),
(107, '4519', '0.0', '2023-12-03 05:30:57', '2023-12-03 05:30:57'),
(108, '4520', '0.0', '2023-12-03 05:30:57', '2023-12-03 05:30:57'),
(109, '4521', '0.0', '2023-12-03 05:30:57', '2023-12-03 05:30:57'),
(110, '4522', '0.0', '2023-12-03 05:30:58', '2023-12-03 05:30:58'),
(111, '4523', '0.0', '2023-12-03 05:30:58', '2023-12-03 05:30:58'),
(112, '4524', '0.0', '2023-12-03 05:30:58', '2023-12-03 05:30:58'),
(113, '4525', '0.0', '2023-12-03 05:30:58', '2023-12-03 05:30:58'),
(114, '4526', '0.0', '2023-12-03 05:30:59', '2023-12-03 05:30:59'),
(115, '4527', '0.0', '2023-12-03 05:30:59', '2023-12-03 05:30:59'),
(116, '4528', '0.0', '2023-12-03 05:30:59', '2023-12-03 05:30:59'),
(117, '4529', '0.0', '2023-12-03 05:30:59', '2023-12-03 05:30:59'),
(118, '4530', '0.0', '2023-12-03 05:31:00', '2023-12-03 05:31:00'),
(119, '4531', '0.0', '2023-12-03 05:31:00', '2023-12-03 05:31:00'),
(120, '4532', '0.0', '2023-12-03 05:31:00', '2023-12-03 05:31:00'),
(121, '4533', '0.0', '2023-12-03 05:31:00', '2023-12-03 05:31:00'),
(122, '4534', '0.0', '2023-12-03 05:31:01', '2023-12-03 05:31:01'),
(123, '4535', '0.0', '2023-12-03 05:31:01', '2023-12-03 05:31:01'),
(124, '4536', '0.0', '2023-12-03 05:31:01', '2023-12-03 05:31:01'),
(125, '4537', '0.0', '2023-12-03 05:31:01', '2023-12-03 05:31:01'),
(126, '4538', '0.0', '2023-12-03 05:31:02', '2023-12-03 05:31:02'),
(127, '4539', '0.0', '2023-12-03 05:31:02', '2023-12-03 05:31:02'),
(128, '4540', '0.0', '2023-12-03 05:31:02', '2023-12-03 05:31:02'),
(129, '4541', '0.0', '2023-12-03 05:31:02', '2023-12-03 05:31:02'),
(130, '4542', '0.0', '2023-12-03 05:31:03', '2023-12-03 05:31:03'),
(131, '4543', '0.0', '2023-12-03 05:31:03', '2023-12-03 05:31:03'),
(132, '4544', '0.0', '2023-12-03 05:31:03', '2023-12-03 05:31:03'),
(133, '4545', '0.0', '2023-12-03 05:31:03', '2023-12-03 05:31:03'),
(134, '4546', '0.0', '2023-12-03 05:31:03', '2023-12-03 05:31:03'),
(135, '4547', '0.0', '2023-12-03 05:31:04', '2023-12-03 05:31:04'),
(136, '4548', '0.0', '2023-12-03 05:31:04', '2023-12-03 05:31:04'),
(137, '4549', '0.0', '2023-12-03 05:31:04', '2023-12-03 05:31:04'),
(138, '4550', '0.0', '2023-12-03 05:31:04', '2023-12-03 05:31:04'),
(139, '4551', '0.0', '2023-12-03 05:31:04', '2023-12-03 05:31:04'),
(140, '4552', '0.0', '2023-12-03 05:31:05', '2023-12-03 05:31:05'),
(141, '4553', '0.0', '2023-12-03 05:31:05', '2023-12-03 05:31:05'),
(142, '4554', '0.0', '2023-12-03 05:31:05', '2023-12-03 05:31:05'),
(143, '4555', '0.0', '2023-12-03 05:31:05', '2023-12-03 05:31:05'),
(144, '4556', '0.0', '2023-12-03 05:31:05', '2023-12-03 05:31:05'),
(145, '4557', '0.0', '2023-12-03 05:31:06', '2023-12-03 05:31:06'),
(146, '4558', '0.0', '2023-12-03 05:31:06', '2023-12-03 05:31:06'),
(147, '4559', '0.0', '2023-12-03 05:31:06', '2023-12-03 05:31:06'),
(148, '4560', '0.0', '2023-12-03 05:31:06', '2023-12-03 05:31:06'),
(149, '4561', '0.0', '2023-12-03 05:31:07', '2023-12-03 05:31:07'),
(150, '4562', '0.0', '2023-12-03 05:31:07', '2023-12-03 05:31:07'),
(151, '4563', '0.0', '2023-12-03 05:31:07', '2023-12-03 05:31:07'),
(152, '4564', '0.0', '2023-12-03 05:31:07', '2023-12-03 05:31:07'),
(153, '4565', '0.0', '2023-12-03 05:31:07', '2023-12-03 05:31:07'),
(154, '4566', '0.0', '2023-12-03 05:31:08', '2023-12-03 05:31:08'),
(155, '4567', '0.0', '2023-12-03 05:31:08', '2023-12-03 05:31:08'),
(156, '4568', '0.0', '2023-12-03 05:31:08', '2023-12-03 05:31:08'),
(157, '4569', '0.0', '2023-12-03 05:31:08', '2023-12-03 05:31:08'),
(158, '4570', '0.0', '2023-12-03 05:31:09', '2023-12-03 05:31:09'),
(159, '4571', '0.0', '2023-12-03 05:31:09', '2023-12-03 05:31:09'),
(160, '4572', '0.0', '2023-12-03 05:31:09', '2023-12-03 05:31:09'),
(161, '4573', '0.0', '2023-12-03 05:31:09', '2023-12-03 05:31:09'),
(162, '4574', '0.0', '2023-12-03 05:31:09', '2023-12-03 05:31:09'),
(163, '4575', '0.0', '2023-12-03 05:31:10', '2023-12-03 05:31:10'),
(164, '4576', '0.0', '2023-12-03 05:31:10', '2023-12-03 05:31:10'),
(165, '4577', '0.0', '2023-12-03 05:31:10', '2023-12-03 05:31:10'),
(166, '4578', '0.0', '2023-12-03 05:31:10', '2023-12-03 05:31:10'),
(167, '4579', '0.0', '2023-12-03 05:31:11', '2023-12-03 05:31:11'),
(168, '4580', '0.0', '2023-12-03 05:31:11', '2023-12-03 05:31:11'),
(169, '4581', '0.0', '2023-12-03 05:31:11', '2023-12-03 05:31:11'),
(170, '4582', '0.0', '2023-12-03 05:31:11', '2023-12-03 05:31:11'),
(171, '4583', '0.0', '2023-12-03 05:31:11', '2023-12-03 05:31:11'),
(172, '4584', '0.0', '2023-12-03 05:31:12', '2023-12-03 05:31:12'),
(173, '4585', '0.0', '2023-12-03 05:31:12', '2023-12-03 05:31:12'),
(174, '4586', '0.0', '2023-12-03 05:31:12', '2023-12-03 05:31:12'),
(175, '4587', '0.0', '2023-12-03 05:31:12', '2023-12-03 05:31:12'),
(176, '4588', '0.0', '2023-12-03 05:31:13', '2023-12-03 05:31:13'),
(177, '4589', '0.0', '2023-12-03 05:31:13', '2023-12-03 05:31:13'),
(178, '4590', '0.0', '2023-12-03 05:31:13', '2023-12-03 05:31:13'),
(179, '4591', '0.0', '2023-12-03 05:31:13', '2023-12-03 05:31:13'),
(180, '4592', '0.0', '2023-12-03 05:31:13', '2023-12-03 05:31:13'),
(181, '4593', '0.0', '2023-12-03 05:31:14', '2023-12-03 05:31:14'),
(182, '4594', '0.0', '2023-12-03 05:31:14', '2023-12-03 05:31:14'),
(183, '4595', '0.0', '2023-12-03 05:31:14', '2023-12-03 05:31:14'),
(184, '4596', '0.0', '2023-12-03 05:31:14', '2023-12-03 05:31:14'),
(185, '4597', '0.0', '2023-12-03 05:31:15', '2023-12-03 05:31:15'),
(186, '4598', '0.0', '2023-12-03 05:31:15', '2023-12-03 05:31:15'),
(187, '4599', '0.0', '2023-12-03 05:31:15', '2023-12-03 05:31:15'),
(188, '4600', '0.0', '2023-12-03 05:31:15', '2023-12-03 05:31:15'),
(189, '4601', '0.0', '2023-12-03 05:31:16', '2023-12-03 05:31:16'),
(190, '4602', '0.0', '2023-12-03 05:31:16', '2023-12-03 05:31:16'),
(191, '4603', '0.0', '2023-12-03 05:31:16', '2023-12-03 05:31:16'),
(192, '4604', '0.0', '2023-12-03 05:31:16', '2023-12-03 05:31:16'),
(193, '4605', '0.0', '2023-12-03 05:31:16', '2023-12-03 05:31:16'),
(194, '4606', '0.0', '2023-12-03 05:31:17', '2023-12-03 05:31:17'),
(195, '4607', '0.0', '2023-12-03 05:31:17', '2023-12-03 05:31:17'),
(196, '4608', '0.0', '2023-12-03 05:31:17', '2023-12-03 05:31:17'),
(197, '4609', '0.0', '2023-12-03 05:31:17', '2023-12-03 05:31:17'),
(198, '4610', '0.0', '2023-12-03 05:31:18', '2023-12-03 05:31:18'),
(199, '4611', '0.0', '2023-12-03 05:31:18', '2023-12-03 05:31:18'),
(200, '4612', '0.0', '2023-12-03 05:31:18', '2023-12-03 05:31:18'),
(201, '4613', '0.0', '2023-12-03 05:31:18', '2023-12-03 05:31:18'),
(202, '4614', '0.0', '2023-12-03 05:31:19', '2023-12-03 05:31:19'),
(203, '4615', '0.0', '2023-12-03 05:31:19', '2023-12-03 05:31:19'),
(204, '4616', '0.0', '2023-12-03 05:31:19', '2023-12-03 05:31:19'),
(205, '4617', '0.0', '2023-12-03 05:31:19', '2023-12-03 05:31:19'),
(206, '4618', '0.0', '2023-12-03 05:31:20', '2023-12-03 05:31:20'),
(207, '4619', '0.0', '2023-12-03 05:31:20', '2023-12-03 05:31:20'),
(208, '4620', '0.0', '2023-12-03 05:31:20', '2023-12-03 05:31:20'),
(209, '4621', '0.0', '2023-12-03 05:31:20', '2023-12-03 05:31:20'),
(210, '4622', '0.0', '2023-12-03 05:31:20', '2023-12-03 05:31:20'),
(211, '4623', '0.0', '2023-12-03 05:31:21', '2023-12-03 05:31:21'),
(212, '4624', '0.0', '2023-12-03 05:31:21', '2023-12-03 05:31:21'),
(213, '4625', '0.0', '2023-12-03 05:31:21', '2023-12-03 05:31:21'),
(214, '4626', '0.0', '2023-12-03 05:31:21', '2023-12-03 05:31:21'),
(215, '4627', '0.0', '2023-12-03 05:31:22', '2023-12-03 05:31:22'),
(216, '4628', '0.0', '2023-12-03 05:31:22', '2023-12-03 05:31:22'),
(217, '4629', '0.0', '2023-12-03 05:31:22', '2023-12-03 05:31:22'),
(218, '4630', '0.0', '2023-12-03 05:31:22', '2023-12-03 05:31:22'),
(219, '4631', '0.0', '2023-12-03 05:31:23', '2023-12-03 05:31:23'),
(220, '4632', '0.0', '2023-12-03 05:31:23', '2023-12-03 05:31:23'),
(221, '4633', '0.0', '2023-12-03 05:31:23', '2023-12-03 05:31:23'),
(222, '4634', '0.0', '2023-12-03 05:31:23', '2023-12-03 05:31:23'),
(223, '4635', '0.0', '2023-12-03 05:31:23', '2023-12-03 05:31:23'),
(224, '4636', '0.0', '2023-12-03 05:31:24', '2023-12-03 05:31:24'),
(225, '4637', '0.0', '2023-12-03 05:31:24', '2023-12-03 05:31:24'),
(226, '4638', '0.0', '2023-12-03 05:31:24', '2023-12-03 05:31:24'),
(227, '4639', '0.0', '2023-12-03 05:31:24', '2023-12-03 05:31:24'),
(228, '4640', '0.0', '2023-12-03 05:31:24', '2023-12-03 05:31:24'),
(229, '4641', '0.0', '2023-12-03 05:31:25', '2023-12-03 05:31:25'),
(230, '4642', '0.0', '2023-12-03 05:31:25', '2023-12-03 05:31:25'),
(231, '4643', '0.0', '2023-12-03 05:31:25', '2023-12-03 05:31:25'),
(232, '4644', '0.00', NULL, NULL),
(233, '4647', '0.0', '2023-12-06 15:24:28', '2023-12-06 15:24:28');

--
-- Indexes for dumped tables
--

--
-- Indexes for table `failed_jobs`
--
ALTER TABLE `failed_jobs`
  ADD PRIMARY KEY (`id`),
  ADD UNIQUE KEY `failed_jobs_uuid_unique` (`uuid`);

--
-- Indexes for table `ips`
--
ALTER TABLE `ips`
  ADD PRIMARY KEY (`id`);

--
-- Indexes for table `logins`
--
ALTER TABLE `logins`
  ADD PRIMARY KEY (`id`);

--
-- Indexes for table `messages`
--
ALTER TABLE `messages`
  ADD PRIMARY KEY (`id`);

--
-- Indexes for table `migrations`
--
ALTER TABLE `migrations`
  ADD PRIMARY KEY (`id`);

--
-- Indexes for table `packages`
--
ALTER TABLE `packages`
  ADD PRIMARY KEY (`id`);

--
-- Indexes for table `password_resets`
--
ALTER TABLE `password_resets`
  ADD KEY `password_resets_email_index` (`email`);

--
-- Indexes for table `payments`
--
ALTER TABLE `payments`
  ADD PRIMARY KEY (`id`);

--
-- Indexes for table `payment_clicks`
--
ALTER TABLE `payment_clicks`
  ADD PRIMARY KEY (`id`);

--
-- Indexes for table `personal_access_tokens`
--
ALTER TABLE `personal_access_tokens`
  ADD PRIMARY KEY (`id`),
  ADD UNIQUE KEY `personal_access_tokens_token_unique` (`token`),
  ADD KEY `personal_access_tokens_tokenable_type_tokenable_id_index` (`tokenable_type`,`tokenable_id`);

--
-- Indexes for table `pppoe_packages`
--
ALTER TABLE `pppoe_packages`
  ADD PRIMARY KEY (`id`);

--
-- Indexes for table `regions`
--
ALTER TABLE `regions`
  ADD PRIMARY KEY (`id`);

--
-- Indexes for table `sessions`
--
ALTER TABLE `sessions`
  ADD PRIMARY KEY (`id`),
  ADD KEY `sessions_user_id_index` (`user_id`),
  ADD KEY `sessions_last_activity_index` (`last_activity`);

--
-- Indexes for table `settings`
--
ALTER TABLE `settings`
  ADD PRIMARY KEY (`id`);

--
-- Indexes for table `subscriptions`
--
ALTER TABLE `subscriptions`
  ADD PRIMARY KEY (`id`),
  ADD KEY `subscriptions_user_id_foreign` (`user_id`);

--
-- Indexes for table `teams`
--
ALTER TABLE `teams`
  ADD PRIMARY KEY (`id`),
  ADD KEY `teams_user_id_index` (`user_id`);

--
-- Indexes for table `team_user`
--
ALTER TABLE `team_user`
  ADD PRIMARY KEY (`id`),
  ADD UNIQUE KEY `team_user_team_id_user_id_unique` (`team_id`,`user_id`);

--
-- Indexes for table `tickets`
--
ALTER TABLE `tickets`
  ADD PRIMARY KEY (`id`);

--
-- Indexes for table `trials`
--
ALTER TABLE `trials`
  ADD PRIMARY KEY (`id`);

--
-- Indexes for table `users`
--
ALTER TABLE `users`
  ADD PRIMARY KEY (`id`),
  ADD UNIQUE KEY `users_email_unique` (`email`),
  ADD UNIQUE KEY `users_phone_unique` (`phone`),
  ADD UNIQUE KEY `users_mac_address_unique` (`mac_address`);

--
-- Indexes for table `wallets`
--
ALTER TABLE `wallets`
  ADD PRIMARY KEY (`id`);

--
-- AUTO_INCREMENT for dumped tables
--

--
-- AUTO_INCREMENT for table `failed_jobs`
--
ALTER TABLE `failed_jobs`
  MODIFY `id` bigint(20) UNSIGNED NOT NULL AUTO_INCREMENT;

--
-- AUTO_INCREMENT for table `ips`
--
ALTER TABLE `ips`
  MODIFY `id` bigint(20) UNSIGNED NOT NULL AUTO_INCREMENT;

--
-- AUTO_INCREMENT for table `logins`
--
ALTER TABLE `logins`
  MODIFY `id` bigint(20) UNSIGNED NOT NULL AUTO_INCREMENT;

--
-- AUTO_INCREMENT for table `messages`
--
ALTER TABLE `messages`
  MODIFY `id` bigint(20) UNSIGNED NOT NULL AUTO_INCREMENT, AUTO_INCREMENT=2;

--
-- AUTO_INCREMENT for table `migrations`
--
ALTER TABLE `migrations`
  MODIFY `id` int(10) UNSIGNED NOT NULL AUTO_INCREMENT, AUTO_INCREMENT=27;

--
-- AUTO_INCREMENT for table `packages`
--
ALTER TABLE `packages`
  MODIFY `id` bigint(20) UNSIGNED NOT NULL AUTO_INCREMENT, AUTO_INCREMENT=67;

--
-- AUTO_INCREMENT for table `payments`
--
ALTER TABLE `payments`
  MODIFY `id` bigint(20) UNSIGNED NOT NULL AUTO_INCREMENT, AUTO_INCREMENT=6;

--
-- AUTO_INCREMENT for table `payment_clicks`
--
ALTER TABLE `payment_clicks`
  MODIFY `id` bigint(20) UNSIGNED NOT NULL AUTO_INCREMENT;

--
-- AUTO_INCREMENT for table `personal_access_tokens`
--
ALTER TABLE `personal_access_tokens`
  MODIFY `id` bigint(20) UNSIGNED NOT NULL AUTO_INCREMENT;

--
-- AUTO_INCREMENT for table `pppoe_packages`
--
ALTER TABLE `pppoe_packages`
  MODIFY `id` bigint(20) UNSIGNED NOT NULL AUTO_INCREMENT;

--
-- AUTO_INCREMENT for table `regions`
--
ALTER TABLE `regions`
  MODIFY `id` bigint(20) UNSIGNED NOT NULL AUTO_INCREMENT, AUTO_INCREMENT=3;

--
-- AUTO_INCREMENT for table `settings`
--
ALTER TABLE `settings`
  MODIFY `id` bigint(20) UNSIGNED NOT NULL AUTO_INCREMENT, AUTO_INCREMENT=2;

--
-- AUTO_INCREMENT for table `subscriptions`
--
ALTER TABLE `subscriptions`
  MODIFY `id` bigint(20) UNSIGNED NOT NULL AUTO_INCREMENT, AUTO_INCREMENT=1377;

--
-- AUTO_INCREMENT for table `teams`
--
ALTER TABLE `teams`
  MODIFY `id` bigint(20) UNSIGNED NOT NULL AUTO_INCREMENT;

--
-- AUTO_INCREMENT for table `team_user`
--
ALTER TABLE `team_user`
  MODIFY `id` bigint(20) UNSIGNED NOT NULL AUTO_INCREMENT;

--
-- AUTO_INCREMENT for table `tickets`
--
ALTER TABLE `tickets`
  MODIFY `id` bigint(20) UNSIGNED NOT NULL AUTO_INCREMENT, AUTO_INCREMENT=8;

--
-- AUTO_INCREMENT for table `trials`
--
ALTER TABLE `trials`
  MODIFY `id` bigint(20) UNSIGNED NOT NULL AUTO_INCREMENT;

--
-- AUTO_INCREMENT for table `users`
--
ALTER TABLE `users`
  MODIFY `id` bigint(20) UNSIGNED NOT NULL AUTO_INCREMENT, AUTO_INCREMENT=4649;

--
-- AUTO_INCREMENT for table `wallets`
--
ALTER TABLE `wallets`
  MODIFY `id` bigint(20) UNSIGNED NOT NULL AUTO_INCREMENT, AUTO_INCREMENT=235;

--
-- Constraints for dumped tables
--

--
-- Constraints for table `subscriptions`
--
ALTER TABLE `subscriptions`
  ADD CONSTRAINT `subscriptions_user_id_foreign` FOREIGN KEY (`user_id`) REFERENCES `users` (`id`) ON DELETE CASCADE;
COMMIT;

